-- Table structure for table `llx_projet_extrafields`
--

CREATE TABLE `llx_projet_extrafields` (
  `rowid` int(11) NOT NULL AUTO_INCREMENT,
  `tms` timestamp NOT NULL DEFAULT current_timestamp() ON UPDATE current_timestamp(),
  `fk_object` int(11) NOT NULL,
  `import_key` varchar(14) DEFAULT NULL,
  `priority` mediumtext DEFAULT NULL,
  PRIMARY KEY (`rowid`),
  UNIQUE KEY `uk_projet_extrafields` (`fk_object`)
) ENGINE=InnoDB AUTO_INCREMENT=34 DEFAULT CHARSET=utf8mb3 COLLATE=utf8mb3_unicode_ci;

--
-- Dumping data for table `llx_projet_extrafields`
--

INSERT INTO `llx_projet_extrafields` VALUES (7,'2018-07-30 15:53:23',8,NULL,'5'),(9,'2018-07-31 14:27:24',9,NULL,'0'),(15,'2017-02-01 12:24:31',7,NULL,'1'),(17,'2019-10-01 11:48:36',6,NULL,'3'),(22,'2019-12-21 15:48:06',10,NULL,'0'),(24,'2019-12-21 15:52:12',12,NULL,'4'),(26,'2019-12-21 15:53:42',13,NULL,'0'),(28,'2019-12-21 16:10:21',11,NULL,'0'),(29,'2020-01-15 12:27:15',5,NULL,'0'),(30,'2020-01-15 12:40:50',3,NULL,'0'),(33,'2024-06-20 14:10:49',2,NULL,'0');

--
-- Table structure for table `llx_projet_task`
--

CREATE TABLE `llx_projet_task` (
  `rowid` int(11) NOT NULL AUTO_INCREMENT,
  `ref` varchar(50) DEFAULT NULL,
  `entity` int(11) NOT NULL DEFAULT 1,
  `fk_projet` int(11) NOT NULL,
  `fk_task_parent` int(11) NOT NULL DEFAULT 0,
  `datec` datetime DEFAULT NULL,
  `tms` timestamp NOT NULL DEFAULT current_timestamp() ON UPDATE current_timestamp(),
  `dateo` datetime DEFAULT NULL,
  `datee` datetime DEFAULT NULL,
  `datev` datetime DEFAULT NULL,
  `label` varchar(255) NOT NULL,
  `description` text DEFAULT NULL,
  `duration_effective` double DEFAULT 0,
  `planned_workload` double DEFAULT 0,
  `progress` int(11) DEFAULT 0,
  `priority` int(11) DEFAULT 0,
  `budget_amount` double(24,8) DEFAULT NULL,
  `fk_user_creat` int(11) DEFAULT NULL,
  `fk_user_valid` int(11) DEFAULT NULL,
  `fk_statut` smallint(6) NOT NULL DEFAULT 0,
  `note_private` text DEFAULT NULL,
  `note_public` text DEFAULT NULL,
  `rang` int(11) DEFAULT 0,
  `model_pdf` varchar(255) DEFAULT NULL,
  `import_key` varchar(14) DEFAULT NULL,
  `status` int(11) NOT NULL DEFAULT 1,
  PRIMARY KEY (`rowid`),
  UNIQUE KEY `uk_projet_task_ref` (`ref`,`entity`),
  KEY `idx_projet_task_fk_projet` (`fk_projet`),
  KEY `idx_projet_task_fk_user_creat` (`fk_user_creat`),
  KEY `idx_projet_task_fk_user_valid` (`fk_user_valid`),
  CONSTRAINT `fk_projet_task_fk_projet` FOREIGN KEY (`fk_projet`) REFERENCES `llx_projet` (`rowid`),
  CONSTRAINT `fk_projet_task_fk_user_creat` FOREIGN KEY (`fk_user_creat`) REFERENCES `llx_user` (`rowid`),
  CONSTRAINT `fk_projet_task_fk_user_valid` FOREIGN KEY (`fk_user_valid`) REFERENCES `llx_user` (`rowid`)
) ENGINE=InnoDB AUTO_INCREMENT=11 DEFAULT CHARSET=utf8mb3 COLLATE=utf8mb3_unicode_ci;

--
-- Dumping data for table `llx_projet_task`
--

INSERT INTO `llx_projet_task` VALUES (2,'2',1,5,0,'2012-07-11 16:23:53','2015-09-08 23:06:14','2012-07-11 12:00:00','2013-07-14 12:00:00',NULL,'Heberger site RMLL','',0,0,0,0,NULL,1,NULL,0,NULL,NULL,0,NULL,NULL,1),(3,'TK1007-0001',1,1,0,'2016-12-21 13:52:41','2018-07-30 11:35:40','2016-12-21 16:52:00',NULL,NULL,'Analyze','',9000,36000,0,0,NULL,1,NULL,0,NULL,'gdfgdfgdf',0,NULL,NULL,1),(4,'TK1007-0002',1,1,0,'2016-12-21 13:55:39','2020-06-12 17:13:30','2016-12-21 16:55:00',NULL,NULL,'Specification','',10800,18000,25,0,NULL,1,NULL,0,NULL,NULL,0,NULL,NULL,1),(5,'TK1007-0003',1,1,0,'2016-12-21 14:16:58','2018-07-30 11:35:59','2016-12-21 17:16:00',NULL,NULL,'Development','',0,0,0,0,NULL,1,NULL,0,NULL,NULL,0,NULL,NULL,1),(6,'TK1607-0004',1,6,0,'2018-07-30 15:33:27','2023-08-15 11:50:39','2018-07-30 02:00:00',NULL,NULL,'Project preparation phase A','',21720,720000,10,0,NULL,12,NULL,0,NULL,NULL,0,NULL,NULL,1),(7,'TK1607-0005',1,6,0,'2018-07-30 15:33:39','2023-02-23 20:59:16','2018-07-30 02:00:00',NULL,NULL,'Project preparation phase B','',660,1080000,5,0,NULL,12,NULL,0,NULL,NULL,0,NULL,NULL,1),(8,'TK1607-0006',1,6,0,'2018-07-30 15:33:53','2023-02-23 21:11:30','2018-07-30 02:00:00',NULL,NULL,'Project execution phase A','',7200,162000,0,0,NULL,12,NULL,0,NULL,NULL,0,NULL,NULL,1),(9,'TK1607-0007',1,6,0,'2018-07-30 15:34:09','2018-07-30 11:34:09','2018-10-27 02:00:00',NULL,NULL,'Project execution phase B','',0,2160000,0,0,NULL,12,NULL,0,NULL,NULL,0,NULL,NULL,1),(10,'TK1007-0008',1,1,0,'2018-07-30 15:36:31','2018-07-30 11:36:31','2018-07-30 02:00:00',NULL,NULL,'Tests','',0,316800,0,0,NULL,12,NULL,0,NULL,NULL,0,NULL,NULL,1);

--
-- Table structure for table `llx_projet_task_extrafields`
--

CREATE TABLE `llx_projet_task_extrafields` (
  `rowid` int(11) NOT NULL AUTO_INCREMENT,
  `tms` timestamp NOT NULL DEFAULT current_timestamp() ON UPDATE current_timestamp(),
  `fk_object` int(11) NOT NULL,
  `import_key` varchar(14) DEFAULT NULL,
  PRIMARY KEY (`rowid`),
  UNIQUE KEY `uk_projet_task_extrafields` (`fk_object`)
) ENGINE=InnoDB DEFAULT CHARSET=utf8mb3 COLLATE=utf8mb3_unicode_ci;

--
-- Dumping data for table `llx_projet_task_extrafields`
--


--
-- Table structure for table `llx_propal`
--

CREATE TABLE `llx_propal` (
  `rowid` int(11) NOT NULL AUTO_INCREMENT,
  `fk_soc` int(11) DEFAULT NULL,
  `fk_projet` int(11) DEFAULT NULL,
  `tms` timestamp NOT NULL DEFAULT current_timestamp() ON UPDATE current_timestamp(),
  `ref` varchar(30) NOT NULL,
  `entity` int(11) NOT NULL DEFAULT 1,
  `ref_ext` varchar(255) DEFAULT NULL,
  `ref_int` varchar(255) DEFAULT NULL,
  `ref_client` varchar(255) DEFAULT NULL,
  `datec` datetime DEFAULT NULL,
  `datep` date DEFAULT NULL,
  `fin_validite` datetime DEFAULT NULL,
  `date_valid` datetime DEFAULT NULL,
  `date_signature` datetime DEFAULT NULL,
  `date_cloture` datetime DEFAULT NULL,
  `fk_user_author` int(11) DEFAULT NULL,
  `fk_user_modif` int(11) DEFAULT NULL,
  `fk_user_valid` int(11) DEFAULT NULL,
  `fk_user_signature` int(11) DEFAULT NULL,
  `fk_user_cloture` int(11) DEFAULT NULL,
  `fk_statut` smallint(6) NOT NULL DEFAULT 0,
  `price` double DEFAULT 0,
  `remise_percent` double DEFAULT 0,
  `remise_absolue` double DEFAULT 0,
  `remise` double DEFAULT 0,
  `total_ht` double(24,8) DEFAULT 0.00000000,
  `total_tva` double(24,8) DEFAULT 0.00000000,
  `localtax1` double(24,8) DEFAULT 0.00000000,
  `localtax2` double(24,8) DEFAULT 0.00000000,
  `total_ttc` double(24,8) DEFAULT 0.00000000,
  `fk_account` int(11) DEFAULT NULL,
  `fk_currency` varchar(3) DEFAULT NULL,
  `fk_cond_reglement` int(11) DEFAULT NULL,
  `deposit_percent` varchar(63) DEFAULT NULL,
  `fk_mode_reglement` int(11) DEFAULT NULL,
  `note_private` text DEFAULT NULL,
  `note_public` text DEFAULT NULL,
  `model_pdf` varchar(255) DEFAULT NULL,
  `date_livraison` date DEFAULT NULL,
  `fk_shipping_method` int(11) DEFAULT NULL,
  `fk_warehouse` int(11) DEFAULT NULL,
  `fk_availability` int(11) DEFAULT NULL,
  `fk_delivery_address` int(11) DEFAULT NULL,
  `fk_input_reason` int(11) DEFAULT NULL,
  `import_key` varchar(14) DEFAULT NULL,
  `extraparams` varchar(255) DEFAULT NULL,
  `fk_incoterms` int(11) DEFAULT NULL,
  `location_incoterms` varchar(255) DEFAULT NULL,
  `fk_multicurrency` int(11) DEFAULT NULL,
  `multicurrency_code` varchar(3) DEFAULT NULL,
  `multicurrency_tx` double(24,8) DEFAULT 1.00000000,
  `multicurrency_total_ht` double(24,8) DEFAULT 0.00000000,
  `multicurrency_total_tva` double(24,8) DEFAULT 0.00000000,
  `multicurrency_total_ttc` double(24,8) DEFAULT 0.00000000,
  `last_main_doc` varchar(255) DEFAULT NULL,
  `online_sign_ip` varchar(48) DEFAULT NULL,
  `online_sign_name` varchar(64) DEFAULT NULL,
  PRIMARY KEY (`rowid`),
  UNIQUE KEY `uk_propal_ref` (`ref`,`entity`),
  KEY `idx_propal_fk_soc` (`fk_soc`),
  KEY `idx_propal_fk_user_author` (`fk_user_author`),
  KEY `idx_propal_fk_user_valid` (`fk_user_valid`),
  KEY `idx_propal_fk_user_cloture` (`fk_user_cloture`),
  KEY `idx_propal_fk_projet` (`fk_projet`),
  KEY `idx_propal_fk_account` (`fk_account`),
  KEY `idx_propal_fk_currency` (`fk_currency`),
  KEY `idx_propal_fk_warehouse` (`fk_warehouse`),
  KEY `fk_propal_fk_user_signature` (`fk_user_signature`),
  CONSTRAINT `fk_propal_fk_projet` FOREIGN KEY (`fk_projet`) REFERENCES `llx_projet` (`rowid`),
  CONSTRAINT `fk_propal_fk_soc` FOREIGN KEY (`fk_soc`) REFERENCES `llx_societe` (`rowid`),
  CONSTRAINT `fk_propal_fk_user_author` FOREIGN KEY (`fk_user_author`) REFERENCES `llx_user` (`rowid`),
  CONSTRAINT `fk_propal_fk_user_cloture` FOREIGN KEY (`fk_user_cloture`) REFERENCES `llx_user` (`rowid`),
  CONSTRAINT `fk_propal_fk_user_signature` FOREIGN KEY (`fk_user_signature`) REFERENCES `llx_user` (`rowid`),
  CONSTRAINT `fk_propal_fk_user_valid` FOREIGN KEY (`fk_user_valid`) REFERENCES `llx_user` (`rowid`)
) ENGINE=InnoDB AUTO_INCREMENT=40 DEFAULT CHARSET=utf8mb3 COLLATE=utf8mb3_unicode_ci;

--
-- Dumping data for table `llx_propal`
--

INSERT INTO `llx_propal` VALUES (1,2,NULL,'2023-08-13 15:39:14','PR1007-0001',1,NULL,NULL,'','2012-07-09 01:33:49','2023-07-09','2022-07-24 12:00:00','2022-08-08 14:24:18',NULL,NULL,1,NULL,1,NULL,NULL,1,0,NULL,NULL,0,30.00000000,3.84000000,0.00000000,0.00000000,33.84000000,NULL,NULL,1,NULL,0,'','','azur',NULL,NULL,NULL,NULL,NULL,0,NULL,NULL,NULL,NULL,NULL,NULL,1.00000000,0.00000000,0.00000000,0.00000000,NULL,NULL,NULL),(2,1,NULL,'2023-08-13 15:39:14','PR1007-0002',1,NULL,NULL,'','2012-07-10 02:11:44','2023-07-10','2022-07-25 12:00:00','2023-07-10 02:12:55','2020-07-20 15:23:12','2022-07-20 15:23:12',1,NULL,1,1,1,2,0,NULL,NULL,0,10.00000000,0.00000000,0.00000000,0.00000000,10.00000000,NULL,NULL,1,NULL,1,'','','azur',NULL,NULL,NULL,NULL,NULL,0,NULL,NULL,NULL,NULL,NULL,NULL,1.00000000,0.00000000,0.00000000,0.00000000,NULL,NULL,NULL),(3,4,NULL,'2023-08-13 15:39:14','PR1007-0003',1,NULL,NULL,'','2012-07-18 11:35:11','2023-07-18','2023-08-02 12:00:00','2023-07-18 11:36:18','2020-07-20 15:21:15','2023-07-20 15:21:15',1,NULL,1,1,1,2,0,NULL,NULL,0,10.00000000,0.00000000,0.00000000,0.00000000,10.00000000,NULL,NULL,1,NULL,0,'','','azur',NULL,NULL,NULL,NULL,NULL,0,NULL,NULL,NULL,NULL,NULL,NULL,1.00000000,0.00000000,0.00000000,0.00000000,NULL,NULL,NULL),(5,19,NULL,'2024-06-20 09:34:25','PR1302-0005',1,NULL,NULL,'','2015-02-17 15:39:56','2024-02-17','2024-03-04 12:00:00','2023-11-15 23:27:10',NULL,NULL,1,NULL,12,NULL,NULL,1,0,NULL,NULL,0,10.00000000,2.00000000,0.00000000,0.00000000,12.00000000,NULL,NULL,1,NULL,0,'','','azur',NULL,NULL,NULL,0,NULL,0,NULL,NULL,NULL,NULL,NULL,NULL,1.00000000,0.00000000,0.00000000,0.00000000,NULL,NULL,NULL),(6,19,NULL,'2024-06-20 09:34:25','PR1302-0006',1,NULL,NULL,'','2015-02-17 15:40:12','2024-02-17','2024-03-04 12:00:00',NULL,NULL,NULL,1,NULL,NULL,NULL,NULL,0,0,NULL,NULL,0,0.00000000,0.00000000,0.00000000,0.00000000,0.00000000,NULL,NULL,1,NULL,0,'','','azur',NULL,NULL,NULL,0,NULL,0,NULL,NULL,NULL,NULL,NULL,NULL,1.00000000,0.00000000,0.00000000,0.00000000,NULL,NULL,NULL),(7,19,NULL,'2024-06-20 09:34:25','PR1302-0007',1,NULL,NULL,'','2015-02-17 15:41:15','2024-02-17','2024-03-04 12:00:00','2023-01-29 21:49:33',NULL,NULL,1,NULL,12,NULL,NULL,1,0,NULL,NULL,0,400.00000000,0.00000000,0.00000000,0.00000000,400.00000000,NULL,NULL,1,NULL,0,'','','azur',NULL,NULL,NULL,0,NULL,0,NULL,NULL,NULL,NULL,NULL,NULL,1.00000000,400.00000000,0.00000000,400.00000000,NULL,NULL,NULL),(8,19,NULL,'2024-06-20 09:34:25','PR1302-0008',1,NULL,NULL,'','2015-02-17 15:43:39','2024-02-17','2024-03-04 12:00:00',NULL,NULL,NULL,1,NULL,NULL,NULL,NULL,0,0,NULL,NULL,0,0.00000000,0.00000000,0.00000000,0.00000000,0.00000000,NULL,NULL,1,NULL,0,'','','azur',NULL,NULL,NULL,0,NULL,0,NULL,NULL,NULL,NULL,NULL,NULL,1.00000000,0.00000000,0.00000000,0.00000000,NULL,NULL,NULL),(10,7,4,'2024-01-03 16:32:23','PR1909-0031',1,NULL,NULL,'','2017-11-15 23:37:08','2023-11-15','2023-11-30 12:00:00','2023-09-27 16:54:30',NULL,NULL,12,NULL,12,NULL,NULL,1,0,NULL,NULL,0,10.00000000,0.00000000,0.00000000,0.00000000,10.00000000,NULL,NULL,1,NULL,3,'','','azur',NULL,NULL,NULL,0,NULL,0,NULL,NULL,0,'',NULL,NULL,1.00000000,10.00000000,0.00000000,10.00000000,'propale/PR1909-0031/PR1909-0031.pdf',NULL,NULL),(11,1,NULL,'2024-06-20 09:34:25','PR1702-0009',1,NULL,NULL,'','2017-02-16 01:44:58','2024-05-13','2024-05-28 12:00:00','2024-02-16 01:44:58',NULL,NULL,1,NULL,1,NULL,NULL,1,0,NULL,NULL,0,60.00000000,0.00000000,0.00000000,0.00000000,60.00000000,NULL,NULL,3,NULL,3,'','','',NULL,NULL,NULL,0,NULL,0,NULL,NULL,0,'',0,'EUR',1.00000000,60.00000000,0.00000000,60.00000000,NULL,NULL,NULL),(12,7,NULL,'2023-08-13 15:39:14','PR1702-0010',1,NULL,NULL,'','2017-02-16 01:45:44','2023-06-24','2022-07-09 12:00:00','2023-02-16 01:45:44',NULL,NULL,2,NULL,2,NULL,NULL,1,0,NULL,NULL,0,832.00000000,0.00000000,0.00000000,0.00000000,832.00000000,NULL,NULL,3,NULL,3,'','','',NULL,NULL,NULL,0,NULL,0,NULL,NULL,0,'',0,'EUR',1.00000000,832.00000000,0.00000000,832.00000000,NULL,NULL,NULL),(13,26,NULL,'2024-06-20 09:34:25','PR1702-0011',1,NULL,NULL,'','2017-02-16 01:46:15','2024-04-03','2023-04-18 12:00:00','2024-02-16 01:46:15',NULL,NULL,1,NULL,1,NULL,NULL,1,0,NULL,NULL,0,242.00000000,0.00000000,0.00000000,0.00000000,242.00000000,NULL,NULL,3,NULL,3,'','','',NULL,NULL,NULL,0,NULL,0,NULL,NULL,0,'',0,'EUR',1.00000000,242.00000000,0.00000000,242.00000000,NULL,NULL,NULL),(14,3,NULL,'2024-06-20 09:34:25','PR1702-0012',1,NULL,NULL,'','2017-02-16 01:46:15','2024-06-19','2023-07-04 12:00:00','2024-02-16 01:46:15',NULL,NULL,2,NULL,2,NULL,NULL,1,0,NULL,NULL,0,245.00000000,0.00000000,0.00000000,0.00000000,245.00000000,NULL,NULL,3,NULL,3,'','','',NULL,NULL,NULL,0,NULL,0,NULL,NULL,0,'',0,'EUR',1.00000000,245.00000000,0.00000000,245.00000000,NULL,NULL,NULL),(15,26,NULL,'2024-06-20 09:34:25','PR1702-0013',1,NULL,NULL,'','2017-02-16 01:46:15','2024-05-01','2024-05-16 12:00:00','2023-02-16 01:46:15',NULL,NULL,2,NULL,2,NULL,NULL,1,0,NULL,NULL,0,940.00000000,0.00000000,0.00000000,0.00000000,940.00000000,NULL,NULL,3,NULL,3,'','','',NULL,NULL,NULL,0,NULL,0,NULL,NULL,0,'',0,'EUR',1.00000000,940.00000000,0.00000000,940.00000000,NULL,NULL,NULL),(16,1,NULL,'2024-06-20 09:34:25','PR1702-0014',1,NULL,NULL,'','2017-02-16 01:46:15','2024-05-13','2024-05-28 12:00:00','2024-02-16 01:46:15',NULL,NULL,2,NULL,2,NULL,NULL,1,0,NULL,NULL,0,125.00000000,0.00000000,0.00000000,0.00000000,125.00000000,NULL,NULL,3,NULL,3,'','','',NULL,NULL,NULL,0,NULL,0,NULL,NULL,0,'',0,'EUR',1.00000000,125.00000000,0.00000000,125.00000000,NULL,NULL,NULL),(17,1,NULL,'2023-08-13 15:39:14','PR1702-0015',1,NULL,NULL,'','2017-02-16 01:46:15','2023-07-23','2023-08-07 12:00:00','2023-02-16 01:46:15',NULL,NULL,1,NULL,1,NULL,NULL,1,0,NULL,NULL,0,163.00000000,0.00000000,0.00000000,0.00000000,163.00000000,NULL,NULL,3,NULL,3,'','','',NULL,NULL,NULL,0,NULL,0,NULL,NULL,0,'',0,'EUR',1.00000000,163.00000000,0.00000000,163.00000000,NULL,NULL,NULL),(18,26,NULL,'2024-06-20 09:34:25','PR1702-0016',1,NULL,NULL,'','2017-02-16 01:46:15','2024-02-13','2024-02-28 12:00:00','2024-02-16 01:46:15',NULL,NULL,2,NULL,2,NULL,NULL,1,0,NULL,NULL,0,900.00000000,0.00000000,0.00000000,0.00000000,900.00000000,NULL,NULL,3,NULL,3,'','','',NULL,NULL,NULL,0,NULL,0,NULL,NULL,0,'',0,'EUR',1.00000000,900.00000000,0.00000000,900.00000000,NULL,NULL,NULL),(19,12,NULL,'2024-06-20 09:34:25','PR1702-0017',1,NULL,NULL,'','2017-02-16 01:46:15','2024-03-30','2024-04-14 12:00:00','2024-02-16 01:46:15',NULL,NULL,2,NULL,2,NULL,NULL,1,0,NULL,NULL,0,200.00000000,0.00000000,0.00000000,0.00000000,200.00000000,NULL,NULL,3,NULL,3,'','','',NULL,NULL,NULL,0,NULL,0,NULL,NULL,0,'',0,'EUR',1.00000000,200.00000000,0.00000000,200.00000000,NULL,NULL,NULL),(20,26,NULL,'2024-01-03 16:32:23','PR1702-0018',1,NULL,NULL,'','2017-02-16 01:46:15','2023-11-13','2023-11-28 12:00:00','2023-02-16 01:46:15',NULL,NULL,1,NULL,1,NULL,NULL,1,0,NULL,NULL,0,830.00000000,0.00000000,0.00000000,0.00000000,830.00000000,NULL,NULL,3,NULL,3,'','','',NULL,NULL,NULL,0,NULL,0,NULL,NULL,0,'',0,'EUR',1.00000000,830.00000000,0.00000000,830.00000000,NULL,NULL,NULL),(21,1,NULL,'2024-01-03 16:32:23','PR1702-0019',1,NULL,NULL,'','2017-02-16 01:46:15','2023-09-23','2023-10-08 12:00:00','2023-02-16 04:47:09',NULL,NULL,1,NULL,12,NULL,NULL,1,0,NULL,NULL,0,89.00000000,0.00000000,0.00000000,0.00000000,89.00000000,NULL,NULL,3,NULL,3,'','','',NULL,NULL,NULL,0,NULL,0,NULL,NULL,0,'',0,'EUR',1.00000000,89.00000000,0.00000000,89.00000000,NULL,NULL,NULL),(22,26,NULL,'2024-01-03 16:32:23','PR1702-0020',1,NULL,NULL,'','2017-02-16 01:46:15','2023-11-13','2023-11-28 12:00:00','2023-02-16 01:46:15',NULL,NULL,1,NULL,1,NULL,NULL,0,0,NULL,NULL,0,75.00000000,0.30000000,0.00000000,0.00000000,75.30000000,NULL,NULL,3,NULL,3,'','','',NULL,NULL,NULL,0,NULL,0,NULL,NULL,0,'',0,'EUR',1.00000000,75.00000000,0.30000000,75.30000000,'propale/PR1702-0020/PR1702-0020.pdf',NULL,NULL),(23,12,NULL,'2024-06-20 09:34:25','PR1702-0021',1,NULL,NULL,'','2017-02-16 01:46:17','2024-04-03','2023-04-18 12:00:00','2023-02-17 16:07:18',NULL,NULL,2,NULL,12,NULL,NULL,1,0,NULL,NULL,0,715.00000000,0.00000000,0.00000000,0.00000000,715.00000000,NULL,NULL,3,NULL,3,'','','',NULL,NULL,NULL,0,NULL,0,NULL,NULL,0,'',0,'EUR',1.00000000,715.00000000,0.00000000,715.00000000,NULL,NULL,NULL),(24,7,NULL,'2024-01-03 16:32:23','PR1702-0022',1,NULL,NULL,'','2017-02-16 01:46:17','2023-11-13','2023-11-28 12:00:00','2023-02-16 01:46:17',NULL,NULL,2,NULL,2,NULL,NULL,1,0,NULL,NULL,0,250.00000000,0.00000000,0.00000000,0.00000000,250.00000000,NULL,NULL,3,NULL,3,'','','',NULL,NULL,NULL,0,NULL,0,NULL,NULL,0,'',0,'EUR',1.00000000,250.00000000,0.00000000,250.00000000,NULL,NULL,NULL),(25,3,NULL,'2023-08-13 15:39:14','PR1702-0023',1,NULL,NULL,'','2017-02-16 01:46:17','2023-07-09','2022-07-24 12:00:00','2023-02-16 01:46:17','2020-02-16 04:47:29','2023-02-16 04:47:29',1,NULL,1,12,12,4,0,NULL,NULL,0,1018.00000000,0.00000000,0.00000000,0.00000000,1018.00000000,NULL,NULL,3,NULL,3,'','','',NULL,NULL,NULL,0,NULL,0,NULL,NULL,0,'',0,'EUR',1.00000000,1018.00000000,0.00000000,1018.00000000,NULL,NULL,NULL),(26,1,NULL,'2024-06-20 09:34:25','PR1702-0024',1,NULL,NULL,'','2017-02-16 01:46:17','2024-04-03','2023-04-18 12:00:00','2023-02-16 01:46:18',NULL,NULL,2,NULL,2,NULL,NULL,1,0,NULL,NULL,0,710.00000000,0.00000000,0.00000000,0.00000000,710.00000000,NULL,NULL,3,NULL,3,'','','',NULL,NULL,NULL,0,NULL,0,NULL,NULL,0,'',0,'EUR',1.00000000,710.00000000,0.00000000,710.00000000,NULL,NULL,NULL),(27,6,NULL,'2024-01-03 16:32:23','PR1702-0025',1,NULL,NULL,'','2017-02-16 01:46:18','2023-11-12','2023-11-27 12:00:00','2023-02-16 01:46:18',NULL,NULL,1,NULL,1,NULL,NULL,1,0,NULL,NULL,0,300.00000000,0.00000000,0.00000000,0.00000000,300.00000000,NULL,NULL,3,NULL,3,'','','',NULL,NULL,NULL,0,NULL,0,NULL,NULL,0,'',0,'EUR',1.00000000,300.00000000,0.00000000,300.00000000,NULL,NULL,NULL),(28,19,NULL,'2023-08-13 15:39:14','PR1702-0026',1,NULL,NULL,'','2017-02-16 01:46:18','2023-07-30','2022-08-14 12:00:00','2023-02-16 01:46:18','2020-02-16 04:46:31','2023-02-16 04:46:31',2,NULL,2,12,12,2,0,NULL,NULL,0,440.00000000,0.00000000,0.00000000,0.00000000,440.00000000,NULL,NULL,3,NULL,3,'','','',NULL,NULL,NULL,0,NULL,0,NULL,NULL,0,'',0,'EUR',1.00000000,440.00000000,0.00000000,440.00000000,NULL,NULL,NULL),(29,1,NULL,'2023-08-13 15:39:14','PR1702-0027',1,NULL,NULL,'','2017-02-16 01:46:18','2023-07-23','2023-08-07 12:00:00','2023-02-16 01:46:18','2021-12-20 20:50:23','2022-12-20 20:50:23',2,NULL,2,12,12,2,0,NULL,NULL,0,1000.00000000,0.00000000,0.00000000,0.00000000,1000.00000000,NULL,NULL,3,NULL,3,'','','',NULL,NULL,NULL,0,NULL,0,NULL,NULL,0,'',0,'EUR',1.00000000,1000.00000000,0.00000000,1000.00000000,'propale/PR1702-0027/PR1702-0027.pdf',NULL,NULL),(30,1,NULL,'2024-06-20 09:34:25','PR1702-0028',1,NULL,NULL,'','2017-02-16 01:46:18','2024-05-01','2024-05-16 12:00:00','2023-02-16 01:46:18','2019-02-16 04:46:42','2023-02-16 04:46:42',2,NULL,2,12,12,3,0,NULL,NULL,0,1200.00000000,0.00000000,0.00000000,0.00000000,1200.00000000,NULL,NULL,3,NULL,3,'','','',NULL,NULL,NULL,0,NULL,0,NULL,NULL,0,'',0,'EUR',1.00000000,1200.00000000,0.00000000,1200.00000000,NULL,NULL,NULL),(31,11,NULL,'2023-08-13 15:39:14','PR1702-0029',1,NULL,NULL,'','2017-02-16 01:46:18','2023-06-24','2022-07-09 12:00:00','2023-02-16 01:46:18',NULL,NULL,1,NULL,1,NULL,NULL,1,0,NULL,NULL,0,720.00000000,0.00000000,0.00000000,0.00000000,720.00000000,NULL,NULL,3,NULL,3,'','','',NULL,NULL,NULL,0,NULL,0,NULL,NULL,0,'',0,'EUR',1.00000000,720.00000000,0.00000000,720.00000000,NULL,NULL,NULL),(32,19,NULL,'2024-01-03 16:32:23','PR1702-0030',1,NULL,NULL,'','2017-02-16 01:46:18','2023-11-12','2023-11-27 12:00:00','2023-02-16 01:46:18',NULL,NULL,2,NULL,2,NULL,NULL,1,0,NULL,NULL,0,608.00000000,0.00000000,0.00000000,0.00000000,608.00000000,NULL,NULL,3,NULL,3,'','','',NULL,NULL,NULL,0,NULL,0,NULL,NULL,0,'',0,'EUR',1.00000000,608.00000000,0.00000000,608.00000000,NULL,NULL,NULL),(33,10,6,'2024-01-03 16:32:23','PR1909-0032',1,NULL,NULL,'','2019-09-27 17:07:40','2023-09-27','2023-10-12 12:00:00','2023-09-27 17:08:59',NULL,NULL,12,12,12,NULL,NULL,1,0,NULL,NULL,0,0.00000000,0.00000000,0.00000000,0.00000000,0.00000000,NULL,NULL,NULL,NULL,NULL,'This is a private note','This is a public note','azur',NULL,NULL,NULL,0,NULL,0,NULL,NULL,0,'',1,'EUR',1.00000000,0.00000000,0.00000000,0.00000000,'propale/PR1909-0032/PR1909-0032.pdf',NULL,NULL),(34,10,6,'2024-01-03 16:32:23','PR1909-0033',1,NULL,NULL,'','2019-09-27 17:11:21','2023-09-27','2023-10-12 12:00:00','2023-09-27 17:13:13','2020-01-07 23:43:06','2023-01-07 23:43:06',12,12,12,12,12,2,0,NULL,NULL,0,10.00000000,0.00000000,0.00000000,0.00000000,10.00000000,NULL,NULL,NULL,NULL,NULL,NULL,'a &amp; a<br />\r\nb &lt; r','azur',NULL,NULL,NULL,0,NULL,0,NULL,NULL,0,'',1,'EUR',1.00000000,10.00000000,0.00000000,10.00000000,'propale/PR1909-0033/PR1909-0033.pdf',NULL,NULL),(35,10,NULL,'2024-01-03 16:32:23','(PROV35)',1,NULL,NULL,'','2019-09-27 17:53:44','2023-09-27','2023-10-12 12:00:00',NULL,NULL,NULL,12,NULL,NULL,NULL,NULL,0,0,NULL,NULL,0,5.00000000,0.00000000,0.00000000,0.00000000,5.00000000,NULL,NULL,NULL,NULL,NULL,'','','azur',NULL,NULL,NULL,0,NULL,0,NULL,NULL,0,'',1,'EUR',1.00000000,5.00000000,0.00000000,5.00000000,'propale/(PROV35)/(PROV35).pdf',NULL,NULL),(36,1,10,'2024-01-03 16:32:23','PR2001-0034',1,NULL,NULL,'','2020-01-01 23:55:35','2024-01-01','2023-01-16 12:00:00','2023-03-01 18:12:41','2023-03-01 19:50:24',NULL,12,NULL,12,12,NULL,2,0,NULL,NULL,0,4.00000000,0.24000000,0.00000000,0.00000000,4.24000000,NULL,NULL,NULL,NULL,NULL,'','','azur',NULL,2,NULL,0,NULL,0,NULL,NULL,0,'',1,'EUR',1.00000000,4.00000000,0.24000000,4.24000000,'propale/PR2001-0034/PR2001-0034_signed-20230301195024.pdf','::1',NULL),(37,10,NULL,'2024-06-20 09:34:25','(PROV37)',1,NULL,NULL,'','2020-01-06 00:44:16','2024-01-05','2024-01-20 12:00:00',NULL,NULL,NULL,12,NULL,NULL,NULL,NULL,0,0,NULL,NULL,0,10.00000000,0.00000000,0.00000000,0.00000000,10.00000000,NULL,NULL,NULL,NULL,NULL,'','','azur',NULL,NULL,NULL,0,NULL,0,NULL,NULL,0,'',1,'EUR',1.00000000,10.00000000,0.00000000,10.00000000,'propale/(PROV37)/(PROV37).pdf',NULL,NULL),(38,30,NULL,'2024-06-20 09:34:25','(PROV38)',1,NULL,NULL,'','2020-01-13 17:25:28','2024-01-13','2024-01-28 12:00:00',NULL,NULL,NULL,12,NULL,NULL,NULL,NULL,0,0,NULL,NULL,0,0.00000000,0.00000000,0.00000000,0.00000000,0.00000000,NULL,NULL,NULL,NULL,NULL,'','','azur',NULL,NULL,NULL,0,NULL,0,NULL,NULL,0,'',1,'EUR',1.00000000,0.00000000,0.00000000,0.00000000,'propale/(PROV38)/(PROV38).pdf',NULL,NULL),(39,1,NULL,'2024-06-20 09:34:25','(PROV39)',1,'',NULL,'','2023-03-11 15:30:02','2024-03-11','2024-03-26 12:00:00',NULL,NULL,NULL,12,NULL,NULL,NULL,NULL,0,0,NULL,NULL,0,41.97000000,3.63000000,1.96000000,1.96000000,49.52000000,NULL,NULL,NULL,NULL,NULL,'','','azur',NULL,NULL,NULL,0,NULL,0,NULL,NULL,0,'',1,'EUR',1.00000000,41.97000000,3.63000000,49.52000000,'propale/(PROV39)/(PROV39).pdf',NULL,NULL);

--
-- Table structure for table `llx_propal_extrafields`
--

CREATE TABLE `llx_propal_extrafields` (
  `rowid` int(11) NOT NULL AUTO_INCREMENT,
  `tms` timestamp NOT NULL DEFAULT current_timestamp() ON UPDATE current_timestamp(),
  `fk_object` int(11) NOT NULL,
  `import_key` varchar(14) DEFAULT NULL,
  PRIMARY KEY (`rowid`),
  UNIQUE KEY `uk_propal_extrafields` (`fk_object`)
) ENGINE=InnoDB DEFAULT CHARSET=utf8mb3 COLLATE=utf8mb3_unicode_ci;

--
-- Dumping data for table `llx_propal_extrafields`
--


--
-- Table structure for table `llx_propal_merge_pdf_product`
--

CREATE TABLE `llx_propal_merge_pdf_product` (
  `rowid` int(11) NOT NULL AUTO_INCREMENT,
  `fk_product` int(11) NOT NULL,
  `file_name` varchar(200) NOT NULL,
  `lang` varchar(5) DEFAULT NULL,
  `fk_user_author` int(11) DEFAULT NULL,
  `fk_user_mod` int(11) NOT NULL,
  `datec` datetime NOT NULL,
  `tms` timestamp NOT NULL DEFAULT current_timestamp() ON UPDATE current_timestamp(),
  `import_key` varchar(14) DEFAULT NULL,
  PRIMARY KEY (`rowid`)
) ENGINE=InnoDB DEFAULT CHARSET=utf8mb3 COLLATE=utf8mb3_unicode_ci;

--
-- Dumping data for table `llx_propal_merge_pdf_product`
--


--
-- Table structure for table `llx_propaldet`
--

CREATE TABLE `llx_propaldet` (
  `rowid` int(11) NOT NULL AUTO_INCREMENT,
  `fk_propal` int(11) DEFAULT NULL,
  `fk_parent_line` int(11) DEFAULT NULL,
  `fk_product` int(11) DEFAULT NULL,
  `label` varchar(255) DEFAULT NULL,
  `description` text DEFAULT NULL,
  `fk_remise_except` int(11) DEFAULT NULL,
  `tva_tx` double(6,3) DEFAULT 0.000,
  `vat_src_code` varchar(10) DEFAULT '',
  `localtax1_tx` double(6,3) DEFAULT 0.000,
  `localtax1_type` varchar(10) NOT NULL DEFAULT '0',
  `localtax2_tx` double(6,3) DEFAULT 0.000,
  `localtax2_type` varchar(10) NOT NULL DEFAULT '0',
  `qty` double DEFAULT NULL,
  `remise_percent` double DEFAULT 0,
  `remise` double DEFAULT 0,
  `price` double DEFAULT NULL,
  `subprice` double(24,8) DEFAULT 0.00000000,
  `total_ht` double(24,8) DEFAULT 0.00000000,
  `total_tva` double(24,8) DEFAULT 0.00000000,
  `total_localtax1` double(24,8) DEFAULT 0.00000000,
  `total_localtax2` double(24,8) DEFAULT 0.00000000,
  `total_ttc` double(24,8) DEFAULT 0.00000000,
  `product_type` int(11) DEFAULT 0,
  `date_start` datetime DEFAULT NULL,
  `date_end` datetime DEFAULT NULL,
  `info_bits` int(11) DEFAULT 0,
  `fk_product_fournisseur_price` int(11) DEFAULT NULL,
  `buy_price_ht` double(24,8) DEFAULT 0.00000000,
  `special_code` int(10) unsigned DEFAULT 0,
  `rang` int(11) DEFAULT 0,
  `fk_unit` int(11) DEFAULT NULL,
  `fk_multicurrency` int(11) DEFAULT NULL,
  `multicurrency_code` varchar(3) DEFAULT NULL,
  `multicurrency_subprice` double(24,8) DEFAULT 0.00000000,
  `multicurrency_total_ht` double(24,8) DEFAULT 0.00000000,
  `multicurrency_total_tva` double(24,8) DEFAULT 0.00000000,
  `multicurrency_total_ttc` double(24,8) DEFAULT 0.00000000,
  PRIMARY KEY (`rowid`),
  KEY `idx_propaldet_fk_propal` (`fk_propal`),
  KEY `idx_propaldet_fk_product` (`fk_product`),
  KEY `fk_propaldet_fk_unit` (`fk_unit`),
  CONSTRAINT `fk_propaldet_fk_propal` FOREIGN KEY (`fk_propal`) REFERENCES `llx_propal` (`rowid`),
  CONSTRAINT `fk_propaldet_fk_unit` FOREIGN KEY (`fk_unit`) REFERENCES `llx_c_units` (`rowid`)
) ENGINE=InnoDB AUTO_INCREMENT=131 DEFAULT CHARSET=utf8mb3 COLLATE=utf8mb3_unicode_ci;

--
-- Dumping data for table `llx_propaldet`
--

INSERT INTO `llx_propaldet` VALUES (1,1,NULL,NULL,NULL,'Une machine à café',NULL,12.500,'',0.000,'',0.000,'',1,0,0,NULL,10.00000000,10.00000000,1.25000000,0.00000000,0.00000000,11.25000000,0,NULL,NULL,0,NULL,0.00000000,0,1,NULL,NULL,NULL,0.00000000,0.00000000,0.00000000,0.00000000),(2,2,NULL,NULL,NULL,'Product 1',NULL,0.000,'',0.000,'',0.000,'',1,0,0,NULL,10.00000000,10.00000000,0.00000000,0.00000000,0.00000000,10.00000000,0,NULL,NULL,0,NULL,0.00000000,0,1,NULL,NULL,NULL,0.00000000,0.00000000,0.00000000,0.00000000),(3,2,NULL,2,NULL,'',NULL,0.000,'',0.000,'',0.000,'',1,0,0,NULL,NULL,0.00000000,0.00000000,0.00000000,0.00000000,0.00000000,0,NULL,NULL,0,NULL,0.00000000,0,2,NULL,NULL,NULL,0.00000000,0.00000000,0.00000000,0.00000000),(4,3,NULL,NULL,NULL,'A new marvelous product',NULL,0.000,'',0.000,'',0.000,'',1,0,0,NULL,10.00000000,10.00000000,0.00000000,0.00000000,0.00000000,10.00000000,0,NULL,NULL,0,NULL,0.00000000,0,1,NULL,NULL,NULL,0.00000000,0.00000000,0.00000000,0.00000000),(5,1,NULL,5,NULL,'cccc',NULL,19.600,'',0.000,'',0.000,'',1,0,0,NULL,10.00000000,10.00000000,1.96000000,0.00000000,0.00000000,11.96000000,0,NULL,NULL,0,NULL,0.00000000,0,2,NULL,NULL,NULL,0.00000000,0.00000000,0.00000000,0.00000000),(11,1,NULL,4,NULL,'',NULL,0.000,'',0.000,'',0.000,'',1,0,0,NULL,NULL,0.00000000,0.00000000,0.00000000,0.00000000,0.00000000,0,NULL,NULL,0,NULL,0.00000000,0,3,NULL,NULL,NULL,0.00000000,0.00000000,0.00000000,0.00000000),(12,1,NULL,4,NULL,'',NULL,0.000,'',0.000,'',0.000,'',1,0,0,NULL,5.00000000,5.00000000,0.00000000,0.00000000,0.00000000,5.00000000,0,NULL,NULL,0,NULL,0.00000000,0,4,NULL,NULL,NULL,0.00000000,0.00000000,0.00000000,0.00000000),(13,1,NULL,4,NULL,'',NULL,12.500,'',0.000,'',0.000,'',1,0,0,NULL,5.00000000,5.00000000,0.63000000,0.00000000,0.00000000,5.63000000,0,NULL,NULL,0,NULL,0.00000000,0,5,NULL,NULL,NULL,0.00000000,0.00000000,0.00000000,0.00000000),(24,5,NULL,NULL,NULL,'On demand Apple pie',NULL,20.000,'',0.000,'0',0.000,'0',1,0,0,NULL,10.00000000,10.00000000,2.00000000,0.00000000,0.00000000,12.00000000,0,NULL,NULL,0,NULL,0.00000000,0,1,NULL,NULL,NULL,0.00000000,0.00000000,0.00000000,0.00000000),(25,7,NULL,NULL,NULL,'Help to setup Magic Food computer',NULL,0.000,'',0.000,'0',0.000,'0',1,0,0,NULL,400.00000000,400.00000000,0.00000000,0.00000000,0.00000000,400.00000000,1,NULL,NULL,0,NULL,0.00000000,0,1,NULL,NULL,'',400.00000000,400.00000000,0.00000000,400.00000000),(26,11,NULL,5,NULL,'<strong><span style=\"font-family:roboto,uilanguagefont,arial,sans-serif; font-size:14px\">DoliDroid is the Android front-end client for Dolibarr ERP &amp; CRM web software.</span><br />\r\n<span style=\"font-family:roboto,uilanguagefont,arial,sans-serif; font-size:14px\">This application is not a standalone program. It is a front end to use a online hosted Dolibarr ERP &amp; CRM software (an Open-source web software to manage your business).</span></strong>\r\n<p><u>The advantage of DoliDroid are :</u><br />\r\n- DoliDroid is not a duplicate code of Dolibarr, but a front-end of a Dolibarr web installation, so all your online existing features are supported by this application. This is also true for external modules features.<br />\r\n- Upgrading Dolibarr will not break DoliDroid.<br />\r\n- DoliDroid use embedded image resources to reduce bandwidth usage.<br />\r\n- DoliDroid use internal cache for pages that should not change (like menu page)<br />\r\n- Connections parameters are saved. No need to enter them each time you use DoliDroid.<br />\r\n- Integration with your phone or other applications (Clicking on PDF open PDF reader, clicking onto email or phone launch your email application or launch Android dialer, ...)</p>\r\n\r\n<p><span style=\"color:#DAA520\"><strong>WARNING !&nbsp;</strong></span></p>\r\n\r\n<p>This application need Android 4.0+ and a hosted Dolibarr ERP &amp; CRM version 3.5 or newer accessible by internet<br />\r\n(For example, when hosted on any SaaS solution like DoliCloud -&nbsp;<a href=\"https://www.google.com/url?q=https://www.google.com/url?q%3Dhttp://www.dolicloud.com%26sa%3DD%26usg%3DAFQjCNGdd9htz4JDciiMtScpBwK83qIRkw&amp;sa=D&amp;usg=AFQjCNGMpCbxNnU5BiK59e368K5AR0l_pg\" style=\"text-decoration: none; color: rgb(51, 105, 30); cursor: pointer;\" target=\"_blank\">http://www.dolicloud.com</a>).</p>',NULL,0.000,'',0.000,'0',0.000,'0',5,0,0,NULL,10.00000000,50.00000000,0.00000000,0.00000000,0.00000000,50.00000000,0,NULL,NULL,0,NULL,0.00000000,0,1,NULL,NULL,'EUR',10.00000000,50.00000000,0.00000000,50.00000000),(27,11,NULL,5,NULL,'<strong><span style=\"font-family:roboto,uilanguagefont,arial,sans-serif; font-size:14px\">DoliDroid is the Android front-end client for Dolibarr ERP &amp; CRM web software.</span><br />\r\n<span style=\"font-family:roboto,uilanguagefont,arial,sans-serif; font-size:14px\">This application is not a standalone program. It is a front end to use a online hosted Dolibarr ERP &amp; CRM software (an Open-source web software to manage your business).</span></strong>\r\n<p><u>The advantage of DoliDroid are :</u><br />\r\n- DoliDroid is not a duplicate code of Dolibarr, but a front-end of a Dolibarr web installation, so all your online existing features are supported by this application. This is also true for external modules features.<br />\r\n- Upgrading Dolibarr will not break DoliDroid.<br />\r\n- DoliDroid use embedded image resources to reduce bandwidth usage.<br />\r\n- DoliDroid use internal cache for pages that should not change (like menu page)<br />\r\n- Connections parameters are saved. No need to enter them each time you use DoliDroid.<br />\r\n- Integration with your phone or other applications (Clicking on PDF open PDF reader, clicking onto email or phone launch your email application or launch Android dialer, ...)</p>\r\n\r\n<p><span style=\"color:#DAA520\"><strong>WARNING !&nbsp;</strong></span></p>\r\n\r\n<p>This application need Android 4.0+ and a hosted Dolibarr ERP &amp; CRM version 3.5 or newer accessible by internet<br />\r\n(For example, when hosted on any SaaS solution like DoliCloud -&nbsp;<a href=\"https://www.google.com/url?q=https://www.google.com/url?q%3Dhttp://www.dolicloud.com%26sa%3DD%26usg%3DAFQjCNGdd9htz4JDciiMtScpBwK83qIRkw&amp;sa=D&amp;usg=AFQjCNGMpCbxNnU5BiK59e368K5AR0l_pg\" style=\"text-decoration: none; color: rgb(51, 105, 30); cursor: pointer;\" target=\"_blank\">http://www.dolicloud.com</a>).</p>',NULL,0.000,'',0.000,'0',0.000,'0',1,0,0,NULL,10.00000000,10.00000000,0.00000000,0.00000000,0.00000000,10.00000000,0,NULL,NULL,0,NULL,0.00000000,0,2,NULL,NULL,'EUR',10.00000000,10.00000000,0.00000000,10.00000000),(28,12,NULL,4,NULL,'Nice Bio Apple Pie.<br />\r\n&nbsp;',NULL,0.000,'',0.000,'0',0.000,'0',1,0,0,NULL,5.00000000,5.00000000,0.00000000,0.00000000,0.00000000,5.00000000,0,NULL,NULL,0,NULL,0.00000000,0,1,NULL,NULL,'EUR',5.00000000,5.00000000,0.00000000,5.00000000),(29,12,NULL,1,NULL,'A beatifull pink dress',NULL,0.000,'',0.000,'0',0.000,'0',3,0,0,NULL,100.00000000,300.00000000,0.00000000,0.00000000,0.00000000,300.00000000,0,NULL,NULL,0,NULL,0.00000000,0,2,NULL,NULL,'EUR',100.00000000,300.00000000,0.00000000,300.00000000),(30,12,NULL,10,NULL,'A powerfull computer XP4523&nbsp;',NULL,0.000,'',0.000,'0',0.000,'0',4,0,0,NULL,100.00000000,400.00000000,0.00000000,0.00000000,0.00000000,400.00000000,0,NULL,NULL,0,NULL,0.00000000,0,3,NULL,NULL,'EUR',100.00000000,400.00000000,0.00000000,400.00000000),(31,12,NULL,12,NULL,'Cloud hosting of Dolibarr ERP and CRM software',NULL,0.000,'',0.000,'0',0.000,'0',3,0,0,NULL,9.00000000,27.00000000,0.00000000,0.00000000,0.00000000,27.00000000,0,NULL,NULL,0,NULL,0.00000000,0,4,NULL,NULL,'EUR',9.00000000,27.00000000,0.00000000,27.00000000),(32,12,NULL,10,NULL,'A powerfull computer XP4523&nbsp;',NULL,0.000,'',0.000,'0',0.000,'0',1,0,0,NULL,100.00000000,100.00000000,0.00000000,0.00000000,0.00000000,100.00000000,0,NULL,NULL,0,NULL,0.00000000,0,5,NULL,NULL,'EUR',100.00000000,100.00000000,0.00000000,100.00000000),(33,13,NULL,2,NULL,'',NULL,0.000,'',0.000,'0',0.000,'0',5,0,0,NULL,NULL,0.00000000,0.00000000,0.00000000,0.00000000,0.00000000,0,NULL,NULL,0,NULL,0.00000000,0,1,NULL,NULL,'EUR',0.00000000,0.00000000,0.00000000,0.00000000),(34,13,NULL,4,NULL,'Nice Bio Apple Pie.<br />\r\n&nbsp;',NULL,0.000,'',0.000,'0',0.000,'0',3,0,0,NULL,5.00000000,15.00000000,0.00000000,0.00000000,0.00000000,15.00000000,0,NULL,NULL,0,NULL,0.00000000,0,2,NULL,NULL,'EUR',5.00000000,15.00000000,0.00000000,15.00000000),(35,13,NULL,12,NULL,'Cloud hosting of Dolibarr ERP and CRM software',NULL,0.000,'',0.000,'0',0.000,'0',3,0,0,NULL,9.00000000,27.00000000,0.00000000,0.00000000,0.00000000,27.00000000,0,NULL,NULL,0,NULL,0.00000000,0,3,NULL,NULL,'EUR',9.00000000,27.00000000,0.00000000,27.00000000),(36,13,NULL,10,NULL,'A powerfull computer XP4523&nbsp;',NULL,0.000,'',0.000,'0',0.000,'0',2,0,0,NULL,100.00000000,200.00000000,0.00000000,0.00000000,0.00000000,200.00000000,0,NULL,NULL,0,NULL,0.00000000,0,4,NULL,NULL,'EUR',100.00000000,200.00000000,0.00000000,200.00000000),(37,14,NULL,10,NULL,'A powerfull computer XP4523&nbsp;',NULL,0.000,'',0.000,'0',0.000,'0',2,0,0,NULL,100.00000000,200.00000000,0.00000000,0.00000000,0.00000000,200.00000000,0,NULL,NULL,0,NULL,0.00000000,0,1,NULL,NULL,'EUR',100.00000000,200.00000000,0.00000000,200.00000000),(38,14,NULL,12,NULL,'Cloud hosting of Dolibarr ERP and CRM software',NULL,0.000,'',0.000,'0',0.000,'0',5,0,0,NULL,9.00000000,45.00000000,0.00000000,0.00000000,0.00000000,45.00000000,0,NULL,NULL,0,NULL,0.00000000,0,2,NULL,NULL,'EUR',9.00000000,45.00000000,0.00000000,45.00000000),(39,15,NULL,13,NULL,'A powerfull computer XP4523&nbsp;',NULL,0.000,'',0.000,'0',0.000,'0',3,0,0,NULL,100.00000000,300.00000000,0.00000000,0.00000000,0.00000000,300.00000000,0,NULL,NULL,0,NULL,0.00000000,0,1,NULL,NULL,'EUR',100.00000000,300.00000000,0.00000000,300.00000000),(40,15,NULL,10,NULL,'A powerfull computer XP4523&nbsp;',NULL,0.000,'',0.000,'0',0.000,'0',3,0,0,NULL,100.00000000,300.00000000,0.00000000,0.00000000,0.00000000,300.00000000,0,NULL,NULL,0,NULL,0.00000000,0,2,NULL,NULL,'EUR',100.00000000,300.00000000,0.00000000,300.00000000),(41,15,NULL,10,NULL,'A powerfull computer XP4523&nbsp;',NULL,0.000,'',0.000,'0',0.000,'0',3,0,0,NULL,100.00000000,300.00000000,0.00000000,0.00000000,0.00000000,300.00000000,0,NULL,NULL,0,NULL,0.00000000,0,3,NULL,NULL,'EUR',100.00000000,300.00000000,0.00000000,300.00000000),(42,15,NULL,5,NULL,'<strong><span style=\"font-family:roboto,uilanguagefont,arial,sans-serif; font-size:14px\">DoliDroid is the Android front-end client for Dolibarr ERP &amp; CRM web software.</span><br />\r\n<span style=\"font-family:roboto,uilanguagefont,arial,sans-serif; font-size:14px\">This application is not a standalone program. It is a front end to use a online hosted Dolibarr ERP &amp; CRM software (an Open-source web software to manage your business).</span></strong>\r\n<p><u>The advantage of DoliDroid are :</u><br />\r\n- DoliDroid is not a duplicate code of Dolibarr, but a front-end of a Dolibarr web installation, so all your online existing features are supported by this application. This is also true for external modules features.<br />\r\n- Upgrading Dolibarr will not break DoliDroid.<br />\r\n- DoliDroid use embedded image resources to reduce bandwidth usage.<br />\r\n- DoliDroid use internal cache for pages that should not change (like menu page)<br />\r\n- Connections parameters are saved. No need to enter them each time you use DoliDroid.<br />\r\n- Integration with your phone or other applications (Clicking on PDF open PDF reader, clicking onto email or phone launch your email application or launch Android dialer, ...)</p>\r\n\r\n<p><span style=\"color:#DAA520\"><strong>WARNING !&nbsp;</strong></span></p>\r\n\r\n<p>This application need Android 4.0+ and a hosted Dolibarr ERP &amp; CRM version 3.5 or newer accessible by internet<br />\r\n(For example, when hosted on any SaaS solution like DoliCloud -&nbsp;<a href=\"https://www.google.com/url?q=https://www.google.com/url?q%3Dhttp://www.dolicloud.com%26sa%3DD%26usg%3DAFQjCNGdd9htz4JDciiMtScpBwK83qIRkw&amp;sa=D&amp;usg=AFQjCNGMpCbxNnU5BiK59e368K5AR0l_pg\" style=\"text-decoration: none; color: rgb(51, 105, 30); cursor: pointer;\" target=\"_blank\">http://www.dolicloud.com</a>).</p>',NULL,0.000,'',0.000,'0',0.000,'0',4,0,0,NULL,10.00000000,40.00000000,0.00000000,0.00000000,0.00000000,40.00000000,0,NULL,NULL,0,NULL,0.00000000,0,4,NULL,NULL,'EUR',10.00000000,40.00000000,0.00000000,40.00000000),(43,16,NULL,5,NULL,'<strong><span style=\"font-family:roboto,uilanguagefont,arial,sans-serif; font-size:14px\">DoliDroid is the Android front-end client for Dolibarr ERP &amp; CRM web software.</span><br />\r\n<span style=\"font-family:roboto,uilanguagefont,arial,sans-serif; font-size:14px\">This application is not a standalone program. It is a front end to use a online hosted Dolibarr ERP &amp; CRM software (an Open-source web software to manage your business).</span></strong>\r\n<p><u>The advantage of DoliDroid are :</u><br />\r\n- DoliDroid is not a duplicate code of Dolibarr, but a front-end of a Dolibarr web installation, so all your online existing features are supported by this application. This is also true for external modules features.<br />\r\n- Upgrading Dolibarr will not break DoliDroid.<br />\r\n- DoliDroid use embedded image resources to reduce bandwidth usage.<br />\r\n- DoliDroid use internal cache for pages that should not change (like menu page)<br />\r\n- Connections parameters are saved. No need to enter them each time you use DoliDroid.<br />\r\n- Integration with your phone or other applications (Clicking on PDF open PDF reader, clicking onto email or phone launch your email application or launch Android dialer, ...)</p>\r\n\r\n<p><span style=\"color:#DAA520\"><strong>WARNING !&nbsp;</strong></span></p>\r\n\r\n<p>This application need Android 4.0+ and a hosted Dolibarr ERP &amp; CRM version 3.5 or newer accessible by internet<br />\r\n(For example, when hosted on any SaaS solution like DoliCloud -&nbsp;<a href=\"https://www.google.com/url?q=https://www.google.com/url?q%3Dhttp://www.dolicloud.com%26sa%3DD%26usg%3DAFQjCNGdd9htz4JDciiMtScpBwK83qIRkw&amp;sa=D&amp;usg=AFQjCNGMpCbxNnU5BiK59e368K5AR0l_pg\" style=\"text-decoration: none; color: rgb(51, 105, 30); cursor: pointer;\" target=\"_blank\">http://www.dolicloud.com</a>).</p>',NULL,0.000,'',0.000,'0',0.000,'0',4,0,0,NULL,10.00000000,40.00000000,0.00000000,0.00000000,0.00000000,40.00000000,0,NULL,NULL,0,NULL,0.00000000,0,1,NULL,NULL,'EUR',10.00000000,40.00000000,0.00000000,40.00000000),(44,16,NULL,5,NULL,'<strong><span style=\"font-family:roboto,uilanguagefont,arial,sans-serif; font-size:14px\">DoliDroid is the Android front-end client for Dolibarr ERP &amp; CRM web software.</span><br />\r\n<span style=\"font-family:roboto,uilanguagefont,arial,sans-serif; font-size:14px\">This application is not a standalone program. It is a front end to use a online hosted Dolibarr ERP &amp; CRM software (an Open-source web software to manage your business).</span></strong>\r\n<p><u>The advantage of DoliDroid are :</u><br />\r\n- DoliDroid is not a duplicate code of Dolibarr, but a front-end of a Dolibarr web installation, so all your online existing features are supported by this application. This is also true for external modules features.<br />\r\n- Upgrading Dolibarr will not break DoliDroid.<br />\r\n- DoliDroid use embedded image resources to reduce bandwidth usage.<br />\r\n- DoliDroid use internal cache for pages that should not change (like menu page)<br />\r\n- Connections parameters are saved. No need to enter them each time you use DoliDroid.<br />\r\n- Integration with your phone or other applications (Clicking on PDF open PDF reader, clicking onto email or phone launch your email application or launch Android dialer, ...)</p>\r\n\r\n<p><span style=\"color:#DAA520\"><strong>WARNING !&nbsp;</strong></span></p>\r\n\r\n<p>This application need Android 4.0+ and a hosted Dolibarr ERP &amp; CRM version 3.5 or newer accessible by internet<br />\r\n(For example, when hosted on any SaaS solution like DoliCloud -&nbsp;<a href=\"https://www.google.com/url?q=https://www.google.com/url?q%3Dhttp://www.dolicloud.com%26sa%3DD%26usg%3DAFQjCNGdd9htz4JDciiMtScpBwK83qIRkw&amp;sa=D&amp;usg=AFQjCNGMpCbxNnU5BiK59e368K5AR0l_pg\" style=\"text-decoration: none; color: rgb(51, 105, 30); cursor: pointer;\" target=\"_blank\">http://www.dolicloud.com</a>).</p>',NULL,0.000,'',0.000,'0',0.000,'0',4,0,0,NULL,10.00000000,40.00000000,0.00000000,0.00000000,0.00000000,40.00000000,0,NULL,NULL,0,NULL,0.00000000,0,2,NULL,NULL,'EUR',10.00000000,40.00000000,0.00000000,40.00000000),(45,16,NULL,12,NULL,'Cloud hosting of Dolibarr ERP and CRM software',NULL,0.000,'',0.000,'0',0.000,'0',5,0,0,NULL,9.00000000,45.00000000,0.00000000,0.00000000,0.00000000,45.00000000,0,NULL,NULL,0,NULL,0.00000000,0,3,NULL,NULL,'EUR',9.00000000,45.00000000,0.00000000,45.00000000),(46,17,NULL,12,NULL,'Cloud hosting of Dolibarr ERP and CRM software',NULL,0.000,'',0.000,'0',0.000,'0',5,0,0,NULL,9.00000000,45.00000000,0.00000000,0.00000000,0.00000000,45.00000000,0,NULL,NULL,0,NULL,0.00000000,0,1,NULL,NULL,'EUR',9.00000000,45.00000000,0.00000000,45.00000000),(47,17,NULL,12,NULL,'Cloud hosting of Dolibarr ERP and CRM software',NULL,0.000,'',0.000,'0',0.000,'0',2,0,0,NULL,9.00000000,18.00000000,0.00000000,0.00000000,0.00000000,18.00000000,0,NULL,NULL,0,NULL,0.00000000,0,2,NULL,NULL,'EUR',9.00000000,18.00000000,0.00000000,18.00000000),(48,17,NULL,10,NULL,'A powerfull computer XP4523&nbsp;',NULL,0.000,'',0.000,'0',0.000,'0',1,0,0,NULL,100.00000000,100.00000000,0.00000000,0.00000000,0.00000000,100.00000000,0,NULL,NULL,0,NULL,0.00000000,0,3,NULL,NULL,'EUR',100.00000000,100.00000000,0.00000000,100.00000000),(49,17,NULL,2,NULL,'',NULL,0.000,'',0.000,'0',0.000,'0',3,0,0,NULL,NULL,0.00000000,0.00000000,0.00000000,0.00000000,0.00000000,0,NULL,NULL,0,NULL,0.00000000,0,4,NULL,NULL,'EUR',0.00000000,0.00000000,0.00000000,0.00000000),(50,17,NULL,3,NULL,'',NULL,0.000,'',0.000,'0',0.000,'0',1,0,0,NULL,NULL,0.00000000,0.00000000,0.00000000,0.00000000,0.00000000,0,NULL,NULL,0,NULL,0.00000000,0,5,NULL,NULL,'EUR',0.00000000,0.00000000,0.00000000,0.00000000),(51,18,NULL,1,NULL,'A beatifull pink dress',NULL,0.000,'',0.000,'0',0.000,'0',4,0,0,NULL,100.00000000,400.00000000,0.00000000,0.00000000,0.00000000,400.00000000,0,NULL,NULL,0,NULL,0.00000000,0,1,NULL,NULL,'EUR',100.00000000,400.00000000,0.00000000,400.00000000),(52,18,NULL,1,NULL,'A beatifull pink dress',NULL,0.000,'',0.000,'0',0.000,'0',1,0,0,NULL,100.00000000,100.00000000,0.00000000,0.00000000,0.00000000,100.00000000,0,NULL,NULL,0,NULL,0.00000000,0,2,NULL,NULL,'EUR',100.00000000,100.00000000,0.00000000,100.00000000),(53,18,NULL,13,NULL,'A powerfull computer XP4523&nbsp;',NULL,0.000,'',0.000,'0',0.000,'0',4,0,0,NULL,100.00000000,400.00000000,0.00000000,0.00000000,0.00000000,400.00000000,0,NULL,NULL,0,NULL,0.00000000,0,3,NULL,NULL,'EUR',100.00000000,400.00000000,0.00000000,400.00000000),(54,19,NULL,10,NULL,'A powerfull computer XP4523&nbsp;',NULL,0.000,'',0.000,'0',0.000,'0',1,0,0,NULL,100.00000000,100.00000000,0.00000000,0.00000000,0.00000000,100.00000000,0,NULL,NULL,0,NULL,0.00000000,0,1,NULL,NULL,'EUR',100.00000000,100.00000000,0.00000000,100.00000000),(55,19,NULL,13,NULL,'A powerfull computer XP4523&nbsp;',NULL,0.000,'',0.000,'0',0.000,'0',1,0,0,NULL,100.00000000,100.00000000,0.00000000,0.00000000,0.00000000,100.00000000,0,NULL,NULL,0,NULL,0.00000000,0,2,NULL,NULL,'EUR',100.00000000,100.00000000,0.00000000,100.00000000),(56,19,NULL,2,NULL,'',NULL,0.000,'',0.000,'0',0.000,'0',2,0,0,NULL,NULL,0.00000000,0.00000000,0.00000000,0.00000000,0.00000000,0,NULL,NULL,0,NULL,0.00000000,0,3,NULL,NULL,'EUR',0.00000000,0.00000000,0.00000000,0.00000000),(57,19,NULL,2,NULL,'',NULL,0.000,'',0.000,'0',0.000,'0',1,0,0,NULL,NULL,0.00000000,0.00000000,0.00000000,0.00000000,0.00000000,0,NULL,NULL,0,NULL,0.00000000,0,4,NULL,NULL,'EUR',0.00000000,0.00000000,0.00000000,0.00000000),(58,19,NULL,2,NULL,'',NULL,0.000,'',0.000,'0',0.000,'0',2,0,0,NULL,NULL,0.00000000,0.00000000,0.00000000,0.00000000,0.00000000,0,NULL,NULL,0,NULL,0.00000000,0,5,NULL,NULL,'EUR',0.00000000,0.00000000,0.00000000,0.00000000),(59,20,NULL,1,NULL,'A beatifull pink dress',NULL,0.000,'',0.000,'0',0.000,'0',3,0,0,NULL,100.00000000,300.00000000,0.00000000,0.00000000,0.00000000,300.00000000,0,NULL,NULL,0,NULL,0.00000000,0,1,NULL,NULL,'EUR',100.00000000,300.00000000,0.00000000,300.00000000),(60,20,NULL,5,NULL,'<strong><span style=\"font-family:roboto,uilanguagefont,arial,sans-serif; font-size:14px\">DoliDroid is the Android front-end client for Dolibarr ERP &amp; CRM web software.</span><br />\r\n<span style=\"font-family:roboto,uilanguagefont,arial,sans-serif; font-size:14px\">This application is not a standalone program. It is a front end to use a online hosted Dolibarr ERP &amp; CRM software (an Open-source web software to manage your business).</span></strong>\r\n<p><u>The advantage of DoliDroid are :</u><br />\r\n- DoliDroid is not a duplicate code of Dolibarr, but a front-end of a Dolibarr web installation, so all your online existing features are supported by this application. This is also true for external modules features.<br />\r\n- Upgrading Dolibarr will not break DoliDroid.<br />\r\n- DoliDroid use embedded image resources to reduce bandwidth usage.<br />\r\n- DoliDroid use internal cache for pages that should not change (like menu page)<br />\r\n- Connections parameters are saved. No need to enter them each time you use DoliDroid.<br />\r\n- Integration with your phone or other applications (Clicking on PDF open PDF reader, clicking onto email or phone launch your email application or launch Android dialer, ...)</p>\r\n\r\n<p><span style=\"color:#DAA520\"><strong>WARNING !&nbsp;</strong></span></p>\r\n\r\n<p>This application need Android 4.0+ and a hosted Dolibarr ERP &amp; CRM version 3.5 or newer accessible by internet<br />\r\n(For example, when hosted on any SaaS solution like DoliCloud -&nbsp;<a href=\"https://www.google.com/url?q=https://www.google.com/url?q%3Dhttp://www.dolicloud.com%26sa%3DD%26usg%3DAFQjCNGdd9htz4JDciiMtScpBwK83qIRkw&amp;sa=D&amp;usg=AFQjCNGMpCbxNnU5BiK59e368K5AR0l_pg\" style=\"text-decoration: none; color: rgb(51, 105, 30); cursor: pointer;\" target=\"_blank\">http://www.dolicloud.com</a>).</p>',NULL,0.000,'',0.000,'0',0.000,'0',1,0,0,NULL,10.00000000,10.00000000,0.00000000,0.00000000,0.00000000,10.00000000,0,NULL,NULL,0,NULL,0.00000000,0,2,NULL,NULL,'EUR',10.00000000,10.00000000,0.00000000,10.00000000),(61,20,NULL,5,NULL,'<strong><span style=\"font-family:roboto,uilanguagefont,arial,sans-serif; font-size:14px\">DoliDroid is the Android front-end client for Dolibarr ERP &amp; CRM web software.</span><br />\r\n<span style=\"font-family:roboto,uilanguagefont,arial,sans-serif; font-size:14px\">This application is not a standalone program. It is a front end to use a online hosted Dolibarr ERP &amp; CRM software (an Open-source web software to manage your business).</span></strong>\r\n<p><u>The advantage of DoliDroid are :</u><br />\r\n- DoliDroid is not a duplicate code of Dolibarr, but a front-end of a Dolibarr web installation, so all your online existing features are supported by this application. This is also true for external modules features.<br />\r\n- Upgrading Dolibarr will not break DoliDroid.<br />\r\n- DoliDroid use embedded image resources to reduce bandwidth usage.<br />\r\n- DoliDroid use internal cache for pages that should not change (like menu page)<br />\r\n- Connections parameters are saved. No need to enter them each time you use DoliDroid.<br />\r\n- Integration with your phone or other applications (Clicking on PDF open PDF reader, clicking onto email or phone launch your email application or launch Android dialer, ...)</p>\r\n\r\n<p><span style=\"color:#DAA520\"><strong>WARNING !&nbsp;</strong></span></p>\r\n\r\n<p>This application need Android 4.0+ and a hosted Dolibarr ERP &amp; CRM version 3.5 or newer accessible by internet<br />\r\n(For example, when hosted on any SaaS solution like DoliCloud -&nbsp;<a href=\"https://www.google.com/url?q=https://www.google.com/url?q%3Dhttp://www.dolicloud.com%26sa%3DD%26usg%3DAFQjCNGdd9htz4JDciiMtScpBwK83qIRkw&amp;sa=D&amp;usg=AFQjCNGMpCbxNnU5BiK59e368K5AR0l_pg\" style=\"text-decoration: none; color: rgb(51, 105, 30); cursor: pointer;\" target=\"_blank\">http://www.dolicloud.com</a>).</p>',NULL,0.000,'',0.000,'0',0.000,'0',2,0,0,NULL,10.00000000,20.00000000,0.00000000,0.00000000,0.00000000,20.00000000,0,NULL,NULL,0,NULL,0.00000000,0,3,NULL,NULL,'EUR',10.00000000,20.00000000,0.00000000,20.00000000),(62,20,NULL,10,NULL,'A powerfull computer XP4523&nbsp;',NULL,0.000,'',0.000,'0',0.000,'0',5,0,0,NULL,100.00000000,500.00000000,0.00000000,0.00000000,0.00000000,500.00000000,0,NULL,NULL,0,NULL,0.00000000,0,4,NULL,NULL,'EUR',100.00000000,500.00000000,0.00000000,500.00000000),(63,21,NULL,5,NULL,'<strong><span style=\"font-family:roboto,uilanguagefont,arial,sans-serif; font-size:14px\">DoliDroid is the Android front-end client for Dolibarr ERP &amp; CRM web software.</span><br />\r\n<span style=\"font-family:roboto,uilanguagefont,arial,sans-serif; font-size:14px\">This application is not a standalone program. It is a front end to use a online hosted Dolibarr ERP &amp; CRM software (an Open-source web software to manage your business).</span></strong>\r\n<p><u>The advantage of DoliDroid are :</u><br />\r\n- DoliDroid is not a duplicate code of Dolibarr, but a front-end of a Dolibarr web installation, so all your online existing features are supported by this application. This is also true for external modules features.<br />\r\n- Upgrading Dolibarr will not break DoliDroid.<br />\r\n- DoliDroid use embedded image resources to reduce bandwidth usage.<br />\r\n- DoliDroid use internal cache for pages that should not change (like menu page)<br />\r\n- Connections parameters are saved. No need to enter them each time you use DoliDroid.<br />\r\n- Integration with your phone or other applications (Clicking on PDF open PDF reader, clicking onto email or phone launch your email application or launch Android dialer, ...)</p>\r\n\r\n<p><span style=\"color:#DAA520\"><strong>WARNING !&nbsp;</strong></span></p>\r\n\r\n<p>This application need Android 4.0+ and a hosted Dolibarr ERP &amp; CRM version 3.5 or newer accessible by internet<br />\r\n(For example, when hosted on any SaaS solution like DoliCloud -&nbsp;<a href=\"https://www.google.com/url?q=https://www.google.com/url?q%3Dhttp://www.dolicloud.com%26sa%3DD%26usg%3DAFQjCNGdd9htz4JDciiMtScpBwK83qIRkw&amp;sa=D&amp;usg=AFQjCNGMpCbxNnU5BiK59e368K5AR0l_pg\" style=\"text-decoration: none; color: rgb(51, 105, 30); cursor: pointer;\" target=\"_blank\">http://www.dolicloud.com</a>).</p>',NULL,0.000,'',0.000,'0',0.000,'0',2,0,0,NULL,10.00000000,20.00000000,0.00000000,0.00000000,0.00000000,20.00000000,0,NULL,NULL,0,NULL,0.00000000,0,1,NULL,NULL,'EUR',10.00000000,20.00000000,0.00000000,20.00000000),(64,21,NULL,12,NULL,'Cloud hosting of Dolibarr ERP and CRM software',NULL,0.000,'',0.000,'0',0.000,'0',1,0,0,NULL,9.00000000,9.00000000,0.00000000,0.00000000,0.00000000,9.00000000,0,NULL,NULL,0,NULL,0.00000000,0,2,NULL,NULL,'EUR',9.00000000,9.00000000,0.00000000,9.00000000),(65,21,NULL,4,NULL,'Nice Bio Apple Pie.<br />\r\n&nbsp;',NULL,0.000,'',0.000,'0',0.000,'0',3,0,0,NULL,5.00000000,15.00000000,0.00000000,0.00000000,0.00000000,15.00000000,0,NULL,NULL,0,NULL,0.00000000,0,3,NULL,NULL,'EUR',5.00000000,15.00000000,0.00000000,15.00000000),(66,21,NULL,12,NULL,'Cloud hosting of Dolibarr ERP and CRM software',NULL,0.000,'',0.000,'0',0.000,'0',5,0,0,NULL,9.00000000,45.00000000,0.00000000,0.00000000,0.00000000,45.00000000,0,NULL,NULL,0,NULL,0.00000000,0,4,NULL,NULL,'EUR',9.00000000,45.00000000,0.00000000,45.00000000),(67,22,NULL,5,NULL,'<strong><span style=\"font-family:roboto,uilanguagefont,arial,sans-serif; font-size:14px\">DoliDroid is the Android front-end client for Dolibarr ERP &amp; CRM web software.</span><br />\r\n<span style=\"font-family:roboto,uilanguagefont,arial,sans-serif; font-size:14px\">This application is not a standalone program. It is a front end to use a online hosted Dolibarr ERP &amp; CRM software (an Open-source web software to manage your business).</span></strong>\r\n<p><u>The advantage of DoliDroid are :</u><br />\r\n- DoliDroid is not a duplicate code of Dolibarr, but a front-end of a Dolibarr web installation, so all your online existing features are supported by this application. This is also true for external modules features.<br />\r\n- Upgrading Dolibarr will not break DoliDroid.<br />\r\n- DoliDroid use embedded image resources to reduce bandwidth usage.<br />\r\n- DoliDroid use internal cache for pages that should not change (like menu page)<br />\r\n- Connections parameters are saved. No need to enter them each time you use DoliDroid.<br />\r\n- Integration with your phone or other applications (Clicking on PDF open PDF reader, clicking onto email or phone launch your email application or launch Android dialer, ...)</p>\r\n\r\n<p><span style=\"color:#DAA520\"><strong>WARNING !&nbsp;</strong></span></p>\r\n\r\n<p>This application need Android 4.0+ and a hosted Dolibarr ERP &amp; CRM version 3.5 or newer accessible by internet<br />\r\n(For example, when hosted on any SaaS solution like DoliCloud -&nbsp;<a href=\"https://www.google.com/url?q=https://www.google.com/url?q%3Dhttp://www.dolicloud.com%26sa%3DD%26usg%3DAFQjCNGdd9htz4JDciiMtScpBwK83qIRkw&amp;sa=D&amp;usg=AFQjCNGMpCbxNnU5BiK59e368K5AR0l_pg\" style=\"text-decoration: none; color: rgb(51, 105, 30); cursor: pointer;\" target=\"_blank\">http://www.dolicloud.com</a>).</p>',NULL,0.000,'',0.000,'0',0.000,'0',5,0,0,NULL,10.00000000,50.00000000,0.00000000,0.00000000,0.00000000,50.00000000,0,NULL,NULL,0,NULL,0.00000000,0,1,NULL,NULL,'EUR',10.00000000,50.00000000,0.00000000,50.00000000),(68,22,NULL,5,NULL,'<strong><span style=\"font-family:roboto,uilanguagefont,arial,sans-serif; font-size:14px\">DoliDroid is the Android front-end client for Dolibarr ERP &amp; CRM web software.</span><br />\r\n<span style=\"font-family:roboto,uilanguagefont,arial,sans-serif; font-size:14px\">This application is not a standalone program. It is a front end to use a online hosted Dolibarr ERP &amp; CRM software (an Open-source web software to manage your business).</span></strong>\r\n<p><u>The advantage of DoliDroid are :</u><br />\r\n- DoliDroid is not a duplicate code of Dolibarr, but a front-end of a Dolibarr web installation, so all your online existing features are supported by this application. This is also true for external modules features.<br />\r\n- Upgrading Dolibarr will not break DoliDroid.<br />\r\n- DoliDroid use embedded image resources to reduce bandwidth usage.<br />\r\n- DoliDroid use internal cache for pages that should not change (like menu page)<br />\r\n- Connections parameters are saved. No need to enter them each time you use DoliDroid.<br />\r\n- Integration with your phone or other applications (Clicking on PDF open PDF reader, clicking onto email or phone launch your email application or launch Android dialer, ...)</p>\r\n\r\n<p><span style=\"color:#DAA520\"><strong>WARNING !&nbsp;</strong></span></p>\r\n\r\n<p>This application need Android 4.0+ and a hosted Dolibarr ERP &amp; CRM version 3.5 or newer accessible by internet<br />\r\n(For example, when hosted on any SaaS solution like DoliCloud -&nbsp;<a href=\"https://www.google.com/url?q=https://www.google.com/url?q%3Dhttp://www.dolicloud.com%26sa%3DD%26usg%3DAFQjCNGdd9htz4JDciiMtScpBwK83qIRkw&amp;sa=D&amp;usg=AFQjCNGMpCbxNnU5BiK59e368K5AR0l_pg\" style=\"text-decoration: none; color: rgb(51, 105, 30); cursor: pointer;\" target=\"_blank\">http://www.dolicloud.com</a>).</p>',NULL,0.000,'',0.000,'0',0.000,'0',2,0,0,NULL,10.00000000,20.00000000,0.00000000,0.00000000,0.00000000,20.00000000,0,NULL,NULL,0,NULL,0.00000000,0,2,NULL,NULL,'EUR',10.00000000,20.00000000,0.00000000,20.00000000),(69,23,NULL,2,NULL,'',NULL,0.000,'',0.000,'0',0.000,'0',2,0,0,NULL,NULL,0.00000000,0.00000000,0.00000000,0.00000000,0.00000000,0,NULL,NULL,0,NULL,0.00000000,0,1,NULL,NULL,'EUR',0.00000000,0.00000000,0.00000000,0.00000000),(70,23,NULL,4,NULL,'Nice Bio Apple Pie.<br />\r\n&nbsp;',NULL,0.000,'',0.000,'0',0.000,'0',3,0,0,NULL,5.00000000,15.00000000,0.00000000,0.00000000,0.00000000,15.00000000,0,NULL,NULL,0,NULL,0.00000000,0,2,NULL,NULL,'EUR',5.00000000,15.00000000,0.00000000,15.00000000),(71,23,NULL,13,NULL,'A powerfull computer XP4523&nbsp;',NULL,0.000,'',0.000,'0',0.000,'0',3,0,0,NULL,100.00000000,300.00000000,0.00000000,0.00000000,0.00000000,300.00000000,0,NULL,NULL,0,NULL,0.00000000,0,3,NULL,NULL,'EUR',100.00000000,300.00000000,0.00000000,300.00000000),(72,23,NULL,1,NULL,'A beatifull pink dress',NULL,0.000,'',0.000,'0',0.000,'0',4,0,0,NULL,100.00000000,400.00000000,0.00000000,0.00000000,0.00000000,400.00000000,0,NULL,NULL,0,NULL,0.00000000,0,4,NULL,NULL,'EUR',100.00000000,400.00000000,0.00000000,400.00000000),(73,24,NULL,4,NULL,'Nice Bio Apple Pie.<br />\r\n&nbsp;',NULL,0.000,'',0.000,'0',0.000,'0',1,0,0,NULL,5.00000000,5.00000000,0.00000000,0.00000000,0.00000000,5.00000000,0,NULL,NULL,0,NULL,0.00000000,0,1,NULL,NULL,'EUR',5.00000000,5.00000000,0.00000000,5.00000000),(74,24,NULL,12,NULL,'Cloud hosting of Dolibarr ERP and CRM software',NULL,0.000,'',0.000,'0',0.000,'0',5,0,0,NULL,9.00000000,45.00000000,0.00000000,0.00000000,0.00000000,45.00000000,0,NULL,NULL,0,NULL,0.00000000,0,2,NULL,NULL,'EUR',9.00000000,45.00000000,0.00000000,45.00000000),(75,24,NULL,2,NULL,'',NULL,0.000,'',0.000,'0',0.000,'0',4,0,0,NULL,NULL,0.00000000,0.00000000,0.00000000,0.00000000,0.00000000,0,NULL,NULL,0,NULL,0.00000000,0,3,NULL,NULL,'EUR',0.00000000,0.00000000,0.00000000,0.00000000),(76,24,NULL,1,NULL,'A beatifull pink dress',NULL,0.000,'',0.000,'0',0.000,'0',2,0,0,NULL,100.00000000,200.00000000,0.00000000,0.00000000,0.00000000,200.00000000,0,NULL,NULL,0,NULL,0.00000000,0,4,NULL,NULL,'EUR',100.00000000,200.00000000,0.00000000,200.00000000),(77,25,NULL,10,NULL,'A powerfull computer XP4523&nbsp;',NULL,0.000,'',0.000,'0',0.000,'0',4,0,0,NULL,100.00000000,400.00000000,0.00000000,0.00000000,0.00000000,400.00000000,0,NULL,NULL,0,NULL,0.00000000,0,1,NULL,NULL,'EUR',100.00000000,400.00000000,0.00000000,400.00000000),(78,25,NULL,13,NULL,'A powerfull computer XP4523&nbsp;',NULL,0.000,'',0.000,'0',0.000,'0',3,0,0,NULL,100.00000000,300.00000000,0.00000000,0.00000000,0.00000000,300.00000000,0,NULL,NULL,0,NULL,0.00000000,0,2,NULL,NULL,'EUR',100.00000000,300.00000000,0.00000000,300.00000000),(79,25,NULL,10,NULL,'A powerfull computer XP4523&nbsp;',NULL,0.000,'',0.000,'0',0.000,'0',2,0,0,NULL,100.00000000,200.00000000,0.00000000,0.00000000,0.00000000,200.00000000,0,NULL,NULL,0,NULL,0.00000000,0,3,NULL,NULL,'EUR',100.00000000,200.00000000,0.00000000,200.00000000),(80,25,NULL,13,NULL,'A powerfull computer XP4523&nbsp;',NULL,0.000,'',0.000,'0',0.000,'0',1,0,0,NULL,100.00000000,100.00000000,0.00000000,0.00000000,0.00000000,100.00000000,0,NULL,NULL,0,NULL,0.00000000,0,4,NULL,NULL,'EUR',100.00000000,100.00000000,0.00000000,100.00000000),(81,25,NULL,12,NULL,'Cloud hosting of Dolibarr ERP and CRM software',NULL,0.000,'',0.000,'0',0.000,'0',2,0,0,NULL,9.00000000,18.00000000,0.00000000,0.00000000,0.00000000,18.00000000,0,NULL,NULL,0,NULL,0.00000000,0,5,NULL,NULL,'EUR',9.00000000,18.00000000,0.00000000,18.00000000),(82,26,NULL,10,NULL,'A powerfull computer XP4523&nbsp;',NULL,0.000,'',0.000,'0',0.000,'0',2,0,0,NULL,100.00000000,200.00000000,0.00000000,0.00000000,0.00000000,200.00000000,0,NULL,NULL,0,NULL,0.00000000,0,1,NULL,NULL,'EUR',100.00000000,200.00000000,0.00000000,200.00000000),(83,26,NULL,5,NULL,'<strong><span style=\"font-family:roboto,uilanguagefont,arial,sans-serif; font-size:14px\">DoliDroid is the Android front-end client for Dolibarr ERP &amp; CRM web software.</span><br />\r\n<span style=\"font-family:roboto,uilanguagefont,arial,sans-serif; font-size:14px\">This application is not a standalone program. It is a front end to use a online hosted Dolibarr ERP &amp; CRM software (an Open-source web software to manage your business).</span></strong>\r\n<p><u>The advantage of DoliDroid are :</u><br />\r\n- DoliDroid is not a duplicate code of Dolibarr, but a front-end of a Dolibarr web installation, so all your online existing features are supported by this application. This is also true for external modules features.<br />\r\n- Upgrading Dolibarr will not break DoliDroid.<br />\r\n- DoliDroid use embedded image resources to reduce bandwidth usage.<br />\r\n- DoliDroid use internal cache for pages that should not change (like menu page)<br />\r\n- Connections parameters are saved. No need to enter them each time you use DoliDroid.<br />\r\n- Integration with your phone or other applications (Clicking on PDF open PDF reader, clicking onto email or phone launch your email application or launch Android dialer, ...)</p>\r\n\r\n<p><span style=\"color:#DAA520\"><strong>WARNING !&nbsp;</strong></span></p>\r\n\r\n<p>This application need Android 4.0+ and a hosted Dolibarr ERP &amp; CRM version 3.5 or newer accessible by internet<br />\r\n(For example, when hosted on any SaaS solution like DoliCloud -&nbsp;<a href=\"https://www.google.com/url?q=https://www.google.com/url?q%3Dhttp://www.dolicloud.com%26sa%3DD%26usg%3DAFQjCNGdd9htz4JDciiMtScpBwK83qIRkw&amp;sa=D&amp;usg=AFQjCNGMpCbxNnU5BiK59e368K5AR0l_pg\" style=\"text-decoration: none; color: rgb(51, 105, 30); cursor: pointer;\" target=\"_blank\">http://www.dolicloud.com</a>).</p>',NULL,0.000,'',0.000,'0',0.000,'0',1,0,0,NULL,10.00000000,10.00000000,0.00000000,0.00000000,0.00000000,10.00000000,0,NULL,NULL,0,NULL,0.00000000,0,2,NULL,NULL,'EUR',10.00000000,10.00000000,0.00000000,10.00000000),(84,26,NULL,10,NULL,'A powerfull computer XP4523&nbsp;',NULL,0.000,'',0.000,'0',0.000,'0',3,0,0,NULL,100.00000000,300.00000000,0.00000000,0.00000000,0.00000000,300.00000000,0,NULL,NULL,0,NULL,0.00000000,0,3,NULL,NULL,'EUR',100.00000000,300.00000000,0.00000000,300.00000000),(85,26,NULL,13,NULL,'A powerfull computer XP4523&nbsp;',NULL,0.000,'',0.000,'0',0.000,'0',2,0,0,NULL,100.00000000,200.00000000,0.00000000,0.00000000,0.00000000,200.00000000,0,NULL,NULL,0,NULL,0.00000000,0,4,NULL,NULL,'EUR',100.00000000,200.00000000,0.00000000,200.00000000),(86,26,NULL,3,NULL,'',NULL,0.000,'',0.000,'0',0.000,'0',2,0,0,NULL,NULL,0.00000000,0.00000000,0.00000000,0.00000000,0.00000000,0,NULL,NULL,0,NULL,0.00000000,0,5,NULL,NULL,'EUR',0.00000000,0.00000000,0.00000000,0.00000000),(87,27,NULL,13,NULL,'A powerfull computer XP4523&nbsp;',NULL,0.000,'',0.000,'0',0.000,'0',3,0,0,NULL,100.00000000,300.00000000,0.00000000,0.00000000,0.00000000,300.00000000,0,NULL,NULL,0,NULL,0.00000000,0,1,NULL,NULL,'EUR',100.00000000,300.00000000,0.00000000,300.00000000),(88,27,NULL,3,NULL,'',NULL,0.000,'',0.000,'0',0.000,'0',2,0,0,NULL,NULL,0.00000000,0.00000000,0.00000000,0.00000000,0.00000000,0,NULL,NULL,0,NULL,0.00000000,0,2,NULL,NULL,'EUR',0.00000000,0.00000000,0.00000000,0.00000000),(89,28,NULL,4,NULL,'Nice Bio Apple Pie.<br />\r\n&nbsp;',NULL,0.000,'',0.000,'0',0.000,'0',2,0,0,NULL,5.00000000,10.00000000,0.00000000,0.00000000,0.00000000,10.00000000,0,NULL,NULL,0,NULL,0.00000000,0,1,NULL,NULL,'EUR',5.00000000,10.00000000,0.00000000,10.00000000),(90,28,NULL,5,NULL,'<strong><span style=\"font-family:roboto,uilanguagefont,arial,sans-serif; font-size:14px\">DoliDroid is the Android front-end client for Dolibarr ERP &amp; CRM web software.</span><br />\r\n<span style=\"font-family:roboto,uilanguagefont,arial,sans-serif; font-size:14px\">This application is not a standalone program. It is a front end to use a online hosted Dolibarr ERP &amp; CRM software (an Open-source web software to manage your business).</span></strong>\r\n<p><u>The advantage of DoliDroid are :</u><br />\r\n- DoliDroid is not a duplicate code of Dolibarr, but a front-end of a Dolibarr web installation, so all your online existing features are supported by this application. This is also true for external modules features.<br />\r\n- Upgrading Dolibarr will not break DoliDroid.<br />\r\n- DoliDroid use embedded image resources to reduce bandwidth usage.<br />\r\n- DoliDroid use internal cache for pages that should not change (like menu page)<br />\r\n- Connections parameters are saved. No need to enter them each time you use DoliDroid.<br />\r\n- Integration with your phone or other applications (Clicking on PDF open PDF reader, clicking onto email or phone launch your email application or launch Android dialer, ...)</p>\r\n\r\n<p><span style=\"color:#DAA520\"><strong>WARNING !&nbsp;</strong></span></p>\r\n\r\n<p>This application need Android 4.0+ and a hosted Dolibarr ERP &amp; CRM version 3.5 or newer accessible by internet<br />\r\n(For example, when hosted on any SaaS solution like DoliCloud -&nbsp;<a href=\"https://www.google.com/url?q=https://www.google.com/url?q%3Dhttp://www.dolicloud.com%26sa%3DD%26usg%3DAFQjCNGdd9htz4JDciiMtScpBwK83qIRkw&amp;sa=D&amp;usg=AFQjCNGMpCbxNnU5BiK59e368K5AR0l_pg\" style=\"text-decoration: none; color: rgb(51, 105, 30); cursor: pointer;\" target=\"_blank\">http://www.dolicloud.com</a>).</p>',NULL,0.000,'',0.000,'0',0.000,'0',3,0,0,NULL,10.00000000,30.00000000,0.00000000,0.00000000,0.00000000,30.00000000,0,NULL,NULL,0,NULL,0.00000000,0,2,NULL,NULL,'EUR',10.00000000,30.00000000,0.00000000,30.00000000),(91,28,NULL,2,NULL,'',NULL,0.000,'',0.000,'0',0.000,'0',5,0,0,NULL,NULL,0.00000000,0.00000000,0.00000000,0.00000000,0.00000000,0,NULL,NULL,0,NULL,0.00000000,0,3,NULL,NULL,'EUR',0.00000000,0.00000000,0.00000000,0.00000000),(92,28,NULL,1,NULL,'A beatifull pink dress',NULL,0.000,'',0.000,'0',0.000,'0',4,0,0,NULL,100.00000000,400.00000000,0.00000000,0.00000000,0.00000000,400.00000000,0,NULL,NULL,0,NULL,0.00000000,0,4,NULL,NULL,'EUR',100.00000000,400.00000000,0.00000000,400.00000000),(93,29,NULL,1,NULL,'A beatifull pink dress',NULL,0.000,'',0.000,'0',0.000,'0',3,0,0,NULL,100.00000000,300.00000000,0.00000000,0.00000000,0.00000000,300.00000000,0,NULL,NULL,0,NULL,0.00000000,0,1,NULL,NULL,'EUR',100.00000000,300.00000000,0.00000000,300.00000000),(94,29,NULL,1,NULL,'A beatifull pink dress',NULL,0.000,'',0.000,'0',0.000,'0',5,0,0,NULL,100.00000000,500.00000000,0.00000000,0.00000000,0.00000000,500.00000000,0,NULL,NULL,0,NULL,0.00000000,0,2,NULL,NULL,'EUR',100.00000000,500.00000000,0.00000000,500.00000000),(95,29,NULL,13,NULL,'A powerfull computer XP4523&nbsp;',NULL,0.000,'',0.000,'0',0.000,'0',2,0,0,NULL,100.00000000,200.00000000,0.00000000,0.00000000,0.00000000,200.00000000,0,NULL,NULL,0,NULL,0.00000000,0,3,NULL,NULL,'EUR',100.00000000,200.00000000,0.00000000,200.00000000),(96,30,NULL,13,NULL,'A powerfull computer XP4523&nbsp;',NULL,0.000,'',0.000,'0',0.000,'0',4,0,0,NULL,100.00000000,400.00000000,0.00000000,0.00000000,0.00000000,400.00000000,0,NULL,NULL,0,NULL,0.00000000,0,1,NULL,NULL,'EUR',100.00000000,400.00000000,0.00000000,400.00000000),(97,30,NULL,1,NULL,'A beatifull pink dress',NULL,0.000,'',0.000,'0',0.000,'0',2,0,0,NULL,100.00000000,200.00000000,0.00000000,0.00000000,0.00000000,200.00000000,0,NULL,NULL,0,NULL,0.00000000,0,2,NULL,NULL,'EUR',100.00000000,200.00000000,0.00000000,200.00000000),(98,30,NULL,10,NULL,'A powerfull computer XP4523&nbsp;',NULL,0.000,'',0.000,'0',0.000,'0',2,0,0,NULL,100.00000000,200.00000000,0.00000000,0.00000000,0.00000000,200.00000000,0,NULL,NULL,0,NULL,0.00000000,0,3,NULL,NULL,'EUR',100.00000000,200.00000000,0.00000000,200.00000000),(99,30,NULL,13,NULL,'A powerfull computer XP4523&nbsp;',NULL,0.000,'',0.000,'0',0.000,'0',4,0,0,NULL,100.00000000,400.00000000,0.00000000,0.00000000,0.00000000,400.00000000,0,NULL,NULL,0,NULL,0.00000000,0,4,NULL,NULL,'EUR',100.00000000,400.00000000,0.00000000,400.00000000),(100,31,NULL,4,NULL,'Nice Bio Apple Pie.<br />\r\n&nbsp;',NULL,0.000,'',0.000,'0',0.000,'0',4,0,0,NULL,5.00000000,20.00000000,0.00000000,0.00000000,0.00000000,20.00000000,0,NULL,NULL,0,NULL,0.00000000,0,1,NULL,NULL,'EUR',5.00000000,20.00000000,0.00000000,20.00000000),(101,31,NULL,13,NULL,'A powerfull computer XP4523&nbsp;',NULL,0.000,'',0.000,'0',0.000,'0',4,0,0,NULL,100.00000000,400.00000000,0.00000000,0.00000000,0.00000000,400.00000000,0,NULL,NULL,0,NULL,0.00000000,0,2,NULL,NULL,'EUR',100.00000000,400.00000000,0.00000000,400.00000000),(102,31,NULL,13,NULL,'A powerfull computer XP4523&nbsp;',NULL,0.000,'',0.000,'0',0.000,'0',3,0,0,NULL,100.00000000,300.00000000,0.00000000,0.00000000,0.00000000,300.00000000,0,NULL,NULL,0,NULL,0.00000000,0,3,NULL,NULL,'EUR',100.00000000,300.00000000,0.00000000,300.00000000),(103,31,NULL,3,NULL,'',NULL,0.000,'',0.000,'0',0.000,'0',2,0,0,NULL,NULL,0.00000000,0.00000000,0.00000000,0.00000000,0.00000000,0,NULL,NULL,0,NULL,0.00000000,0,4,NULL,NULL,'EUR',0.00000000,0.00000000,0.00000000,0.00000000),(104,32,NULL,12,NULL,'Cloud hosting of Dolibarr ERP and CRM software',NULL,0.000,'',0.000,'0',0.000,'0',5,0,0,NULL,9.00000000,45.00000000,0.00000000,0.00000000,0.00000000,45.00000000,0,NULL,NULL,0,NULL,0.00000000,0,1,NULL,NULL,'EUR',9.00000000,45.00000000,0.00000000,45.00000000),(105,32,NULL,10,NULL,'A powerfull computer XP4523&nbsp;',NULL,0.000,'',0.000,'0',0.000,'0',1,0,0,NULL,100.00000000,100.00000000,0.00000000,0.00000000,0.00000000,100.00000000,0,NULL,NULL,0,NULL,0.00000000,0,2,NULL,NULL,'EUR',100.00000000,100.00000000,0.00000000,100.00000000),(106,32,NULL,12,NULL,'Cloud hosting of Dolibarr ERP and CRM software',NULL,0.000,'',0.000,'0',0.000,'0',5,0,0,NULL,9.00000000,45.00000000,0.00000000,0.00000000,0.00000000,45.00000000,0,NULL,NULL,0,NULL,0.00000000,0,3,NULL,NULL,'EUR',9.00000000,45.00000000,0.00000000,45.00000000),(107,32,NULL,13,NULL,'A powerfull computer XP4523&nbsp;',NULL,0.000,'',0.000,'0',0.000,'0',4,0,0,NULL,100.00000000,400.00000000,0.00000000,0.00000000,0.00000000,400.00000000,0,NULL,NULL,0,NULL,0.00000000,0,4,NULL,NULL,'EUR',100.00000000,400.00000000,0.00000000,400.00000000),(108,32,NULL,12,NULL,'Cloud hosting of Dolibarr ERP and CRM software',NULL,0.000,'',0.000,'0',0.000,'0',2,0,0,NULL,9.00000000,18.00000000,0.00000000,0.00000000,0.00000000,18.00000000,0,NULL,NULL,0,NULL,0.00000000,0,5,NULL,NULL,'EUR',9.00000000,18.00000000,0.00000000,18.00000000),(109,10,NULL,NULL,NULL,'fdfd',NULL,0.000,'',0.000,'0',0.000,'0',1,0,0,NULL,10.00000000,10.00000000,0.00000000,0.00000000,0.00000000,10.00000000,0,NULL,NULL,0,NULL,0.00000000,0,1,NULL,NULL,'',10.00000000,10.00000000,0.00000000,10.00000000),(110,33,NULL,3,NULL,'aaa',NULL,0.000,'',0.000,'0',0.000,'0',1,0,0,NULL,0.00000000,0.00000000,0.00000000,0.00000000,0.00000000,0.00000000,1,NULL,NULL,0,NULL,0.00000000,0,1,NULL,1,'EUR',0.00000000,0.00000000,0.00000000,0.00000000),(111,34,NULL,NULL,NULL,'fd',NULL,0.000,'',0.000,'0',0.000,'0',1,0,0,NULL,10.00000000,10.00000000,0.00000000,0.00000000,0.00000000,10.00000000,0,NULL,NULL,0,NULL,0.00000000,0,1,NULL,1,'EUR',10.00000000,10.00000000,0.00000000,10.00000000),(114,22,NULL,11,NULL,'A nice rollup',NULL,0.000,'',0.000,'0',0.000,'0',1,0,0,NULL,0.00000000,0.00000000,0.00000000,0.00000000,0.00000000,0.00000000,0,NULL,NULL,0,NULL,0.00000000,0,3,NULL,NULL,'EUR',0.00000000,0.00000000,0.00000000,0.00000000),(115,35,NULL,11,NULL,'A nice rollup',NULL,0.000,'',0.000,'0',0.000,'0',1,0,0,NULL,0.00000000,0.00000000,0.00000000,0.00000000,0.00000000,0.00000000,0,NULL,NULL,0,NULL,12.00000000,0,1,NULL,1,'EUR',0.00000000,0.00000000,0.00000000,0.00000000),(116,35,NULL,4,NULL,'Nice Bio Apple Pie.<br />\r\n&nbsp;',NULL,0.000,'',0.000,'0',0.000,'0',1,0,0,NULL,5.00000000,5.00000000,0.00000000,0.00000000,0.00000000,5.00000000,0,NULL,NULL,0,NULL,10.00000000,0,2,NULL,1,'EUR',5.00000000,5.00000000,0.00000000,5.00000000),(119,36,NULL,4,NULL,'Nice Bio Apple Pie.<br />\r\n&nbsp;',NULL,4.000,'',0.000,'0',0.000,'0',1,0,0,6,6.00000000,6.00000000,0.24000000,0.00000000,0.00000000,6.24000000,0,NULL,NULL,0,NULL,10.00000000,0,1,NULL,1,'EUR',6.00000000,6.00000000,0.24000000,6.24000000),(120,37,NULL,4,NULL,'Nice Bio Apple Pie.<br />\r\n&nbsp;',NULL,0.000,'',0.000,'0',0.000,'0',1,0,0,NULL,10.00000000,10.00000000,0.00000000,0.00000000,0.00000000,10.00000000,0,NULL,NULL,0,NULL,10.00000000,0,1,NULL,1,'EUR',10.00000000,10.00000000,0.00000000,10.00000000),(121,36,NULL,NULL,NULL,'aaa',NULL,0.000,'',0.000,'0',0.000,'0',1,0,0,-2,-2.00000000,-2.00000000,0.00000000,0.00000000,0.00000000,-2.00000000,0,NULL,NULL,0,NULL,0.00000000,0,2,NULL,1,'EUR',-2.00000000,-2.00000000,0.00000000,-2.00000000),(122,22,NULL,NULL,NULL,'1',NULL,5.500,'',0.000,'0',0.000,'0',1,0,0,NULL,1.00000000,1.00000000,0.06000000,0.00000000,0.00000000,1.06000000,0,NULL,NULL,0,NULL,0.00000000,0,4,NULL,NULL,'EUR',1.00000000,1.00000000,0.06000000,1.06000000),(123,22,NULL,NULL,NULL,'aaa',NULL,5.500,'',0.000,'0',0.000,'0',1,0,0,NULL,1.00000000,1.00000000,0.06000000,0.00000000,0.00000000,1.06000000,0,NULL,NULL,0,NULL,0.00000000,0,5,NULL,NULL,'EUR',1.00000000,1.00000000,0.06000000,1.06000000),(124,22,NULL,NULL,NULL,'aaa',NULL,5.500,'aaa',0.000,'0',0.000,'0',1,0,0,0,1.00000000,1.00000000,0.06000000,0.00000000,0.00000000,1.06000000,0,NULL,NULL,0,NULL,0.00000000,0,6,NULL,NULL,'EUR',1.00000000,1.00000000,0.06000000,1.06000000),(125,22,NULL,NULL,NULL,'a',NULL,5.500,'aaa',0.000,'0',0.000,'0',1,0,0,0,1.00000000,1.00000000,0.06000000,0.00000000,0.00000000,1.06000000,0,NULL,NULL,0,NULL,0.00000000,0,7,NULL,NULL,'EUR',1.00000000,1.00000000,0.06000000,1.06000000),(126,22,NULL,NULL,NULL,'a',NULL,5.500,'bbb',0.000,'0',0.000,'0',1,0,0,NULL,1.00000000,1.00000000,0.06000000,0.00000000,0.00000000,1.06000000,1,NULL,NULL,0,NULL,0.00000000,0,8,NULL,NULL,'EUR',1.00000000,1.00000000,0.06000000,1.06000000),(127,39,NULL,NULL,NULL,'aaa',NULL,0.000,'CGST+SGST',9.000,'1',9.000,'1',1,0,0,NULL,10.00000000,10.00000000,0.00000000,0.90000000,0.90000000,11.80000000,0,NULL,NULL,0,NULL,0.00000000,0,1,NULL,1,'EUR',10.00000000,10.00000000,0.00000000,11.80000000),(128,39,NULL,NULL,NULL,'mmm',NULL,18.000,'IGST',0.000,'0',0.000,'0',1,0,0,NULL,10.00000000,10.00000000,1.80000000,0.00000000,0.00000000,11.80000000,0,NULL,NULL,0,NULL,0.00000000,0,2,NULL,1,'EUR',10.00000000,10.00000000,1.80000000,11.80000000),(129,39,NULL,NULL,NULL,'aaa',NULL,18.000,'IGST',0.000,'0',0.000,'0',1,0,0,0,10.16949000,10.17000000,1.83000000,0.00000000,0.00000000,12.00000000,1,NULL,NULL,0,NULL,0.00000000,0,3,NULL,1,'EUR',10.16949000,10.17000000,1.83000000,12.00000000),(130,39,NULL,NULL,NULL,'hhhh',NULL,0.000,'CGST+SGST',9.000,'1',9.000,'1',1,0,0,0,11.80000000,11.80000000,0.00000000,1.06000000,1.06000000,13.92000000,1,NULL,NULL,0,NULL,0.00000000,0,4,NULL,1,'EUR',11.80000000,11.80000000,0.00000000,13.92000000);

--
-- Table structure for table `llx_propaldet_extrafields`
--

CREATE TABLE `llx_propaldet_extrafields` (
  `rowid` int(11) NOT NULL AUTO_INCREMENT,
  `tms` timestamp NOT NULL DEFAULT current_timestamp() ON UPDATE current_timestamp(),
  `fk_object` int(11) NOT NULL,
  `import_key` varchar(14) DEFAULT NULL,
  PRIMARY KEY (`rowid`),
  UNIQUE KEY `uk_propaldet_extrafields` (`fk_object`)
) ENGINE=InnoDB DEFAULT CHARSET=utf8mb3 COLLATE=utf8mb3_unicode_ci;

--
-- Dumping data for table `llx_propaldet_extrafields`
--


--
-- Table structure for table `llx_reception`
--

CREATE TABLE `llx_reception` (
  `rowid` int(11) NOT NULL AUTO_INCREMENT,
  `tms` timestamp NOT NULL DEFAULT current_timestamp() ON UPDATE current_timestamp(),
  `ref` varchar(30) NOT NULL,
  `entity` int(11) NOT NULL DEFAULT 1,
  `fk_soc` int(11) NOT NULL,
  `fk_projet` int(11) DEFAULT NULL,
  `ref_ext` varchar(30) DEFAULT NULL,
  `ref_int` varchar(30) DEFAULT NULL,
  `ref_supplier` varchar(255) DEFAULT NULL,
  `date_creation` datetime DEFAULT NULL,
  `fk_user_author` int(11) DEFAULT NULL,
  `fk_user_modif` int(11) DEFAULT NULL,
  `date_valid` datetime DEFAULT NULL,
  `fk_user_valid` int(11) DEFAULT NULL,
  `date_delivery` datetime DEFAULT NULL,
  `date_reception` datetime DEFAULT NULL,
  `fk_shipping_method` int(11) DEFAULT NULL,
  `tracking_number` varchar(50) DEFAULT NULL,
  `fk_statut` smallint(6) DEFAULT 0,
  `billed` smallint(6) DEFAULT 0,
  `height` float DEFAULT NULL,
  `width` float DEFAULT NULL,
  `size_units` int(11) DEFAULT NULL,
  `size` float DEFAULT NULL,
  `weight_units` int(11) DEFAULT NULL,
  `weight` float DEFAULT NULL,
  `note_private` text DEFAULT NULL,
  `note_public` text DEFAULT NULL,
  `model_pdf` varchar(255) DEFAULT NULL,
  `fk_incoterms` int(11) DEFAULT NULL,
  `location_incoterms` varchar(255) DEFAULT NULL,
  `import_key` varchar(14) DEFAULT NULL,
  `extraparams` varchar(255) DEFAULT NULL,
  PRIMARY KEY (`rowid`),
  UNIQUE KEY `idx_reception_uk_ref` (`ref`,`entity`),
  KEY `idx_reception_fk_soc` (`fk_soc`),
  KEY `idx_reception_fk_user_author` (`fk_user_author`),
  KEY `idx_reception_fk_user_valid` (`fk_user_valid`),
  KEY `idx_reception_fk_shipping_method` (`fk_shipping_method`),
  CONSTRAINT `fk_reception_fk_shipping_method` FOREIGN KEY (`fk_shipping_method`) REFERENCES `llx_c_shipment_mode` (`rowid`),
  CONSTRAINT `fk_reception_fk_soc` FOREIGN KEY (`fk_soc`) REFERENCES `llx_societe` (`rowid`),
  CONSTRAINT `fk_reception_fk_user_author` FOREIGN KEY (`fk_user_author`) REFERENCES `llx_user` (`rowid`),
  CONSTRAINT `fk_reception_fk_user_valid` FOREIGN KEY (`fk_user_valid`) REFERENCES `llx_user` (`rowid`)
) ENGINE=InnoDB AUTO_INCREMENT=2 DEFAULT CHARSET=utf8mb3 COLLATE=utf8mb3_unicode_ci;

--
-- Dumping data for table `llx_reception`
--

INSERT INTO `llx_reception` VALUES (1,'2021-04-15 11:41:05','RCP2104-0001',1,1,10,NULL,NULL,NULL,'2021-04-15 08:40:04',12,NULL,'2021-04-15 08:40:18',12,'2021-04-23 00:00:00',NULL,NULL,'',1,0,NULL,NULL,0,NULL,0,NULL,NULL,NULL,NULL,0,'',NULL,NULL);

--
-- Table structure for table `llx_reception_extrafields`
--

CREATE TABLE `llx_reception_extrafields` (
  `rowid` int(11) NOT NULL AUTO_INCREMENT,
  `tms` timestamp NOT NULL DEFAULT current_timestamp() ON UPDATE current_timestamp(),
  `fk_object` int(11) NOT NULL,
  `import_key` varchar(14) DEFAULT NULL,
  PRIMARY KEY (`rowid`),
  UNIQUE KEY `uk_reception_extrafields` (`fk_object`)
) ENGINE=InnoDB DEFAULT CHARSET=utf8mb3 COLLATE=utf8mb3_unicode_ci;

--
-- Dumping data for table `llx_reception_extrafields`
--


--
-- Table structure for table `llx_receptiondet_batch`
--

CREATE TABLE `llx_receptiondet_batch` (
  `rowid` int(11) NOT NULL AUTO_INCREMENT,
  `fk_element` int(11) DEFAULT NULL,
  `fk_product` int(11) DEFAULT NULL,
  `fk_elementdet` int(11) DEFAULT NULL,
  `qty` float DEFAULT NULL,
  `fk_entrepot` int(11) DEFAULT NULL,
  `fk_user` int(11) DEFAULT NULL,
  `datec` datetime DEFAULT NULL,
  `comment` varchar(255) DEFAULT NULL,
  `status` int(11) DEFAULT NULL,
  `tms` timestamp NOT NULL DEFAULT current_timestamp() ON UPDATE current_timestamp(),
  `batch` varchar(128) DEFAULT NULL,
  `eatby` date DEFAULT NULL,
  `sellby` date DEFAULT NULL,
  `fk_projet` int(11) DEFAULT NULL,
  `fk_reception` int(11) DEFAULT NULL,
  `cost_price` double(24,8) DEFAULT 0.00000000,
  `element_type` varchar(50) NOT NULL DEFAULT 'supplier_order',
  PRIMARY KEY (`rowid`),
  KEY `idx_commande_fournisseur_dispatch_fk_commande` (`fk_element`),
  KEY `idx_commande_fournisseur_dispatch_fk_product` (`fk_product`),
  KEY `idx_commande_fournisseur_dispatch_fk_commandefourndet` (`fk_elementdet`),
  KEY `idx_receptiondet_batch_fk_element` (`fk_element`)
) ENGINE=InnoDB AUTO_INCREMENT=2 DEFAULT CHARSET=utf8mb3 COLLATE=utf8mb3_unicode_ci;

--
-- Dumping data for table `llx_receptiondet_batch`
--

INSERT INTO `llx_receptiondet_batch` VALUES (1,2,4,2,1,20,12,'2021-04-15 08:40:04','',1,'2021-04-15 11:40:04','Lot 2021-02',NULL,NULL,NULL,1,0.00000000,'supplier_order');

--
-- Table structure for table `llx_receptiondet_batch_extrafields`
--

CREATE TABLE `llx_receptiondet_batch_extrafields` (
  `rowid` int(11) NOT NULL AUTO_INCREMENT,
  `tms` timestamp NOT NULL DEFAULT current_timestamp() ON UPDATE current_timestamp(),
  `fk_object` int(11) NOT NULL,
  `import_key` varchar(14) DEFAULT NULL,
  PRIMARY KEY (`rowid`),
  KEY `idx_commande_fournisseur_dispatch_extrafields` (`fk_object`)
) ENGINE=InnoDB DEFAULT CHARSET=utf8mb3 COLLATE=utf8mb3_unicode_ci;

--
-- Dumping data for table `llx_receptiondet_batch_extrafields`
--


--
-- Table structure for table `llx_recruitment_recruitmentcandidature`
--

CREATE TABLE `llx_recruitment_recruitmentcandidature` (
  `rowid` int(11) NOT NULL AUTO_INCREMENT,
  `fk_recruitmentjobposition` int(11) DEFAULT NULL,
  `ref` varchar(128) CHARACTER SET utf8mb4 COLLATE utf8mb4_general_ci NOT NULL DEFAULT '(PROV)',
  `description` text CHARACTER SET utf8mb4 COLLATE utf8mb4_general_ci DEFAULT NULL,
  `note_public` text CHARACTER SET utf8mb4 COLLATE utf8mb4_general_ci DEFAULT NULL,
  `note_private` text CHARACTER SET utf8mb4 COLLATE utf8mb4_general_ci DEFAULT NULL,
  `date_creation` datetime NOT NULL,
  `tms` timestamp NOT NULL DEFAULT current_timestamp() ON UPDATE current_timestamp(),
  `fk_user_creat` int(11) NOT NULL,
  `fk_user_modif` int(11) DEFAULT NULL,
  `import_key` varchar(14) CHARACTER SET utf8mb4 COLLATE utf8mb4_general_ci DEFAULT NULL,
  `model_pdf` varchar(255) CHARACTER SET utf8mb4 COLLATE utf8mb4_general_ci DEFAULT NULL,
  `status` smallint(6) NOT NULL,
  `firstname` varchar(128) CHARACTER SET utf8mb4 COLLATE utf8mb4_general_ci DEFAULT NULL,
  `lastname` varchar(128) CHARACTER SET utf8mb4 COLLATE utf8mb4_general_ci DEFAULT NULL,
  `email` varchar(255) CHARACTER SET utf8mb4 COLLATE utf8mb4_general_ci DEFAULT NULL,
  `phone` varchar(64) CHARACTER SET utf8mb4 COLLATE utf8mb4_general_ci DEFAULT NULL,
  `remuneration_requested` int(11) DEFAULT NULL,
  `remuneration_proposed` int(11) DEFAULT NULL,
  `fk_recruitment_origin` int(11) DEFAULT NULL,
  `email_msgid` varchar(175) DEFAULT NULL,
  `email_date` datetime DEFAULT NULL,
  `entity` int(11) NOT NULL DEFAULT 1,
  `date_birth` date DEFAULT NULL,
  `fk_user` int(11) DEFAULT NULL,
  PRIMARY KEY (`rowid`),
  UNIQUE KEY `uk_recruitmentcandidature_email_msgid` (`email_msgid`),
  KEY `idx_recruitment_recruitmentcandidature_rowid` (`rowid`),
  KEY `idx_recruitment_recruitmentcandidature_ref` (`ref`),
  KEY `llx_recruitment_recruitmentcandidature_fk_user_creat` (`fk_user_creat`),
  KEY `idx_recruitment_recruitmentcandidature_status` (`status`),
  CONSTRAINT `llx_recruitment_recruitmentcandidature_fk_user_creat` FOREIGN KEY (`fk_user_creat`) REFERENCES `llx_user` (`rowid`)
) ENGINE=InnoDB AUTO_INCREMENT=120 DEFAULT CHARSET=utf8mb3 COLLATE=utf8mb3_unicode_ci;

--
-- Dumping data for table `llx_recruitment_recruitmentcandidature`
--

INSERT INTO `llx_recruitment_recruitmentcandidature` VALUES (118,3,'(PROV118)','',NULL,NULL,'2021-04-15 07:28:32','2021-04-15 10:28:32',12,NULL,NULL,NULL,0,'Stud','Studson','student1@myschool.com','',20000,NULL,NULL,NULL,NULL,1,'2005-04-15',NULL),(119,4,'(PROV119)','',NULL,NULL,'2021-04-15 07:29:26','2021-04-15 10:29:26',12,NULL,NULL,NULL,3,'Garfield','Erika','egarfield@example.com','',40000,NULL,NULL,NULL,NULL,1,'1990-04-15',NULL);

--
-- Table structure for table `llx_recruitment_recruitmentcandidature_extrafields`
--

CREATE TABLE `llx_recruitment_recruitmentcandidature_extrafields` (
  `rowid` int(11) NOT NULL AUTO_INCREMENT,
  `tms` timestamp NOT NULL DEFAULT current_timestamp() ON UPDATE current_timestamp(),
  `fk_object` int(11) NOT NULL,
  `import_key` varchar(14) CHARACTER SET utf8mb4 COLLATE utf8mb4_general_ci DEFAULT NULL,
  `aa` varchar(255) CHARACTER SET utf8mb4 COLLATE utf8mb4_general_ci DEFAULT NULL,
  PRIMARY KEY (`rowid`),
  UNIQUE KEY `uk_recruitmentcandidature_fk_object` (`fk_object`),
  KEY `idx_fk_object` (`fk_object`)
) ENGINE=InnoDB AUTO_INCREMENT=22 DEFAULT CHARSET=utf8mb3 COLLATE=utf8mb3_unicode_ci;

--
-- Dumping data for table `llx_recruitment_recruitmentcandidature_extrafields`
--

INSERT INTO `llx_recruitment_recruitmentcandidature_extrafields` VALUES (16,'2020-08-25 10:40:58',95,NULL,NULL),(17,'2020-08-25 10:52:58',72,NULL,NULL),(18,'2020-09-06 09:44:55',65,NULL,'fdsfsd'),(19,'2020-09-15 22:45:41',67,NULL,NULL),(20,'2020-11-04 10:14:10',112,NULL,NULL),(21,'2020-11-04 12:02:32',68,NULL,'aaaa');

--
-- Table structure for table `llx_recruitment_recruitmentjobposition`
--

CREATE TABLE `llx_recruitment_recruitmentjobposition` (
  `rowid` int(11) NOT NULL AUTO_INCREMENT,
  `ref` varchar(128) CHARACTER SET utf8mb4 COLLATE utf8mb4_general_ci NOT NULL DEFAULT '(PROV)',
  `label` varchar(255) CHARACTER SET utf8mb4 COLLATE utf8mb4_general_ci NOT NULL,
  `qty` int(11) NOT NULL DEFAULT 1,
  `fk_soc` int(11) DEFAULT NULL,
  `fk_project` int(11) DEFAULT NULL,
  `fk_user_recruiter` int(11) DEFAULT NULL,
  `fk_user_supervisor` int(11) DEFAULT NULL,
  `fk_establishment` int(11) DEFAULT NULL,
  `date_planned` date DEFAULT NULL,
  `description` text CHARACTER SET utf8mb4 COLLATE utf8mb4_general_ci DEFAULT NULL,
  `note_public` text CHARACTER SET utf8mb4 COLLATE utf8mb4_general_ci DEFAULT NULL,
  `note_private` text CHARACTER SET utf8mb4 COLLATE utf8mb4_general_ci DEFAULT NULL,
  `date_creation` datetime NOT NULL,
  `tms` timestamp NOT NULL DEFAULT current_timestamp() ON UPDATE current_timestamp(),
  `fk_user_creat` int(11) NOT NULL,
  `fk_user_modif` int(11) DEFAULT NULL,
  `import_key` varchar(14) CHARACTER SET utf8mb4 COLLATE utf8mb4_general_ci DEFAULT NULL,
  `model_pdf` varchar(255) CHARACTER SET utf8mb4 COLLATE utf8mb4_general_ci DEFAULT NULL,
  `status` smallint(6) NOT NULL,
  `last_main_doc` varchar(255) CHARACTER SET utf8mb4 COLLATE utf8mb4_general_ci DEFAULT NULL,
  `email_recruiter` varchar(255) CHARACTER SET utf8mb4 COLLATE utf8mb4_general_ci DEFAULT NULL,
  `entity` int(11) NOT NULL DEFAULT 1,
  `remuneration` varchar(255) CHARACTER SET utf8mb4 COLLATE utf8mb4_general_ci DEFAULT NULL,
  `remuneration_suggested` varchar(255) CHARACTER SET utf8mb4 COLLATE utf8mb4_general_ci DEFAULT NULL,
  PRIMARY KEY (`rowid`),
  KEY `idx_recruitment_recruitmentjobposition_rowid` (`rowid`),
  KEY `idx_recruitment_recruitmentjobposition_ref` (`ref`),
  KEY `idx_recruitment_recruitmentjobposition_fk_soc` (`fk_soc`),
  KEY `idx_recruitment_recruitmentjobposition_fk_project` (`fk_project`),
  KEY `llx_recruitment_recruitmentjobposition_fk_user_recruiter` (`fk_user_recruiter`),
  KEY `llx_recruitment_recruitmentjobposition_fk_user_supervisor` (`fk_user_supervisor`),
  KEY `llx_recruitment_recruitmentjobposition_fk_establishment` (`fk_establishment`),
  KEY `llx_recruitment_recruitmentjobposition_fk_user_creat` (`fk_user_creat`),
  KEY `idx_recruitment_recruitmentjobposition_status` (`status`),
  CONSTRAINT `llx_recruitment_recruitmentjobposition_fk_establishment` FOREIGN KEY (`fk_establishment`) REFERENCES `llx_establishment` (`rowid`),
  CONSTRAINT `llx_recruitment_recruitmentjobposition_fk_user_creat` FOREIGN KEY (`fk_user_creat`) REFERENCES `llx_user` (`rowid`),
  CONSTRAINT `llx_recruitment_recruitmentjobposition_fk_user_recruiter` FOREIGN KEY (`fk_user_recruiter`) REFERENCES `llx_user` (`rowid`),
  CONSTRAINT `llx_recruitment_recruitmentjobposition_fk_user_supervisor` FOREIGN KEY (`fk_user_supervisor`) REFERENCES `llx_user` (`rowid`)
) ENGINE=InnoDB AUTO_INCREMENT=5 DEFAULT CHARSET=utf8mb3 COLLATE=utf8mb3_unicode_ci;

--
-- Dumping data for table `llx_recruitment_recruitmentjobposition`
--

INSERT INTO `llx_recruitment_recruitmentjobposition` VALUES (2,'JOB2008-0001','Web designer',1,NULL,NULL,12,NULL,9,NULL,'Knowing HTML + CSS',NULL,'','2020-08-06 13:25:00','2020-09-02 17:17:47',12,12,NULL,'standard_recruitmentjobposition',3,'recruitment/recruitmentjobposition/JOB2008-0001/JOB2008-0001.pdf','',1,NULL,'To negociate'),(3,'JOB2009-0002','PHP Developer Senior',1,NULL,NULL,12,NULL,NULL,NULL,'5 years of experience required<br />\r\n<br />\r\nLocation: Berlin<br />\r\n&nbsp;',NULL,'','2020-09-02 17:23:00','2023-01-10 21:14:30',12,12,NULL,NULL,1,'recruitment/recruitmentjobposition/JOB2009-0002/JOB2009-0002.pdf','',1,NULL,'40000 - 50000'),(4,'JOB2009-0003','PHP Developer Junior',1,NULL,NULL,12,NULL,NULL,NULL,'Location: Madrid<br />\r\nWe are looking for a curious developer to work in our Web division.',NULL,NULL,'2020-11-11 17:24:00','2020-11-03 13:58:06',12,12,NULL,NULL,1,'recruitment/recruitmentjobposition/JOB2009-0003/JOB2009-0003.pdf','4444',1,NULL,'');

--
-- Table structure for table `llx_recruitment_recruitmentjobposition_extrafields`
--

CREATE TABLE `llx_recruitment_recruitmentjobposition_extrafields` (
  `rowid` int(11) NOT NULL AUTO_INCREMENT,
  `tms` timestamp NOT NULL DEFAULT current_timestamp() ON UPDATE current_timestamp(),
  `fk_object` int(11) NOT NULL,
  `import_key` varchar(14) CHARACTER SET utf8mb4 COLLATE utf8mb4_general_ci DEFAULT NULL,
  `bbb` double(24,8) DEFAULT NULL,
  PRIMARY KEY (`rowid`),
  UNIQUE KEY `uk_recruitmentjobposition_fk_object` (`fk_object`),
  KEY `idx_fk_object` (`fk_object`)
) ENGINE=InnoDB AUTO_INCREMENT=19 DEFAULT CHARSET=utf8mb3 COLLATE=utf8mb3_unicode_ci;

--
-- Dumping data for table `llx_recruitment_recruitmentjobposition_extrafields`
--

INSERT INTO `llx_recruitment_recruitmentjobposition_extrafields` VALUES (6,'2020-09-06 18:39:58',2,NULL,NULL),(7,'2020-11-03 13:54:53',3,NULL,5.00000000),(18,'2020-11-09 08:51:51',4,NULL,NULL);

--
-- Table structure for table `llx_resource`
--

CREATE TABLE `llx_resource` (
  `rowid` int(11) NOT NULL AUTO_INCREMENT,
  `entity` int(11) NOT NULL DEFAULT 1,
  `ref` varchar(255) DEFAULT NULL,
  `asset_number` varchar(255) DEFAULT NULL,
  `description` text DEFAULT NULL,
  `fk_code_type_resource` varchar(32) DEFAULT NULL,
  `address` varchar(255) DEFAULT NULL,
  `zip` varchar(25) DEFAULT NULL,
  `town` varchar(50) DEFAULT NULL,
  `photo_filename` varchar(255) DEFAULT NULL,
  `max_users` int(11) DEFAULT NULL,
  `phone` varchar(255) DEFAULT NULL,
  `email` varchar(255) DEFAULT NULL,
  `url` varchar(255) DEFAULT NULL,
  `note_public` text DEFAULT NULL,
  `note_private` text DEFAULT NULL,
  `tms` timestamp NOT NULL DEFAULT current_timestamp() ON UPDATE current_timestamp(),
  `datec` datetime DEFAULT NULL,
  `date_valid` datetime DEFAULT NULL,
  `fk_user_author` int(11) DEFAULT NULL,
  `fk_user_modif` int(11) DEFAULT NULL,
  `fk_user_valid` int(11) DEFAULT NULL,
  `fk_statut` smallint(6) NOT NULL DEFAULT 0,
  `import_key` varchar(14) DEFAULT NULL,
  `extraparams` varchar(255) DEFAULT NULL,
  `fk_country` int(11) DEFAULT NULL,
  `fk_state` int(11) DEFAULT NULL,
  PRIMARY KEY (`rowid`),
  UNIQUE KEY `uk_resource_ref` (`ref`,`entity`),
  KEY `fk_code_type_resource_idx` (`fk_code_type_resource`),
  KEY `idx_resource_fk_country` (`fk_country`),
  KEY `idx_resource_fk_state` (`fk_state`),
  CONSTRAINT `fk_resource_fk_country` FOREIGN KEY (`fk_country`) REFERENCES `llx_c_country` (`rowid`)
) ENGINE=InnoDB AUTO_INCREMENT=5 DEFAULT CHARSET=utf8mb3 COLLATE=utf8mb3_unicode_ci;

--
-- Dumping data for table `llx_resource`
--

INSERT INTO `llx_resource` VALUES (1,1,'Car Kangoo 1',NULL,'Car number 1 - Num XDF-45-GH','RES_CARS',NULL,NULL,NULL,NULL,NULL,NULL,NULL,NULL,NULL,NULL,'2017-02-20 16:44:12',NULL,NULL,NULL,NULL,NULL,0,NULL,NULL,NULL,NULL),(2,1,'Car Kangoo 2',NULL,'Car number 2 - Num GHY-78-JJ','RES_CARS',NULL,NULL,NULL,NULL,NULL,NULL,NULL,NULL,NULL,NULL,'2017-02-20 16:44:01',NULL,NULL,NULL,NULL,NULL,0,NULL,NULL,NULL,NULL),(3,1,'Meeting room - 14p',NULL,'Meeting room<br />\r\n14 places','RES_ROOMS',NULL,NULL,NULL,NULL,NULL,NULL,NULL,NULL,NULL,NULL,'2017-02-20 16:44:38',NULL,NULL,NULL,NULL,NULL,0,NULL,NULL,NULL,NULL),(4,1,'Meeting room - 8p',NULL,'Meeting room 8 places','RES_ROOMS',NULL,NULL,NULL,NULL,NULL,NULL,NULL,NULL,NULL,NULL,'2020-06-12 17:14:48',NULL,NULL,NULL,NULL,NULL,0,NULL,NULL,NULL,NULL);

--
-- Table structure for table `llx_resource_extrafields`
--

CREATE TABLE `llx_resource_extrafields` (
  `rowid` int(11) NOT NULL AUTO_INCREMENT,
  `tms` timestamp NOT NULL DEFAULT current_timestamp() ON UPDATE current_timestamp(),
  `fk_object` int(11) NOT NULL,
  `import_key` varchar(14) DEFAULT NULL,
  PRIMARY KEY (`rowid`),
  UNIQUE KEY `uk_resource_extrafields` (`fk_object`)
) ENGINE=InnoDB DEFAULT CHARSET=utf8mb3 COLLATE=utf8mb3_unicode_ci;

--
-- Dumping data for table `llx_resource_extrafields`
--


--
-- Table structure for table `llx_rights_def`
--

CREATE TABLE `llx_rights_def` (
  `id` int(11) NOT NULL DEFAULT 0,
  `libelle` varchar(255) DEFAULT NULL,
  `module` varchar(64) DEFAULT NULL,
  `module_origin` varchar(64) DEFAULT NULL,
  `entity` int(11) NOT NULL DEFAULT 1,
  `perms` varchar(50) DEFAULT NULL,
  `subperms` varchar(50) DEFAULT NULL,
  `type` varchar(1) DEFAULT NULL,
  `bydefault` tinyint(4) DEFAULT 0,
  `enabled` text DEFAULT NULL,
  `module_position` int(11) NOT NULL DEFAULT 0,
  `family_position` int(11) NOT NULL DEFAULT 0,
  `tms` timestamp NOT NULL DEFAULT current_timestamp() ON UPDATE current_timestamp(),
  PRIMARY KEY (`id`,`entity`)
) ENGINE=InnoDB DEFAULT CHARSET=utf8mb3 COLLATE=utf8mb3_unicode_ci;

--
-- Dumping data for table `llx_rights_def`
--

INSERT INTO `llx_rights_def` VALUES (11,'Read invoices','facture','',1,'lire','','a',0,'1',0,0,'2024-06-23 11:43:17'),(11,'Lire les factures','facture',NULL,2,'lire',NULL,'a',1,NULL,10,0,'2022-12-11 21:23:36'),(12,'Create and update invoices','facture','',1,'creer','','a',0,'1',0,0,'2024-06-23 11:43:17'),(12,'Creer/modifier les factures','facture',NULL,2,'creer',NULL,'a',0,NULL,10,0,'2022-12-11 21:23:36'),(13,'Devalidate invoices','facture','',1,'invoice_advance','unvalidate','a',0,'1',0,0,'2024-06-23 11:43:17'),(13,'Dévalider les factures','facture',NULL,2,'invoice_advance','unvalidate','a',0,NULL,10,0,'2022-12-11 21:23:36'),(14,'Validate invoices','facture','',1,'invoice_advance','validate','a',0,'1',0,0,'2024-06-23 11:43:17'),(14,'Valider les factures','facture',NULL,2,'valider',NULL,'a',0,NULL,10,0,'2022-12-11 21:23:36'),(15,'Send invoices by email','facture','',1,'invoice_advance','send','a',0,'1',0,0,'2024-06-23 11:43:17'),(15,'Envoyer les factures par mail','facture',NULL,2,'invoice_advance','send','a',0,NULL,10,0,'2022-12-11 21:23:36'),(16,'Issue payments on invoices','facture','',1,'paiement','','a',0,'1',0,0,'2024-06-23 11:43:17'),(16,'Emettre des paiements sur les factures','facture',NULL,2,'paiement',NULL,'a',0,NULL,10,0,'2022-12-11 21:23:36'),(19,'Delete invoices','facture','',1,'supprimer','','a',0,'1',0,0,'2024-06-23 11:43:17'),(19,'Supprimer les factures','facture',NULL,2,'supprimer',NULL,'a',0,NULL,10,0,'2022-12-11 21:23:36'),(21,'Lire les propositions commerciales','propale',NULL,1,'lire',NULL,'r',1,NULL,22,0,'2022-12-11 21:23:36'),(21,'Lire les propositions commerciales','propale',NULL,2,'lire',NULL,'r',1,NULL,22,0,'2022-12-11 21:23:36'),(22,'Creer/modifier les propositions commerciales','propale',NULL,1,'creer',NULL,'w',0,NULL,22,0,'2022-12-11 21:23:36'),(22,'Creer/modifier les propositions commerciales','propale',NULL,2,'creer',NULL,'w',0,NULL,22,0,'2022-12-11 21:23:36'),(24,'Valider les propositions commerciales','propale',NULL,1,'propal_advance','validate','d',0,NULL,22,0,'2022-12-11 21:23:36'),(24,'Valider les propositions commerciales','propale',NULL,2,'valider',NULL,'d',0,NULL,22,0,'2022-12-11 21:23:36'),(25,'Envoyer les propositions commerciales aux clients','propale',NULL,1,'propal_advance','send','d',0,NULL,22,0,'2022-12-11 21:23:36'),(25,'Envoyer les propositions commerciales aux clients','propale',NULL,2,'propal_advance','send','d',0,NULL,22,0,'2022-12-11 21:23:36'),(26,'Cloturer les propositions commerciales','propale',NULL,1,'propal_advance','close','d',0,NULL,22,0,'2022-12-11 21:23:36'),(26,'Cloturer les propositions commerciales','propale',NULL,2,'propal_advance','close','d',0,NULL,22,0,'2022-12-11 21:23:36'),(27,'Supprimer les propositions commerciales','propale',NULL,1,'supprimer',NULL,'d',0,NULL,22,0,'2022-12-11 21:23:36'),(27,'Supprimer les propositions commerciales','propale',NULL,2,'supprimer',NULL,'d',0,NULL,22,0,'2022-12-11 21:23:36'),(28,'Exporter les propositions commerciales et attributs','propale',NULL,1,'export',NULL,'r',0,NULL,22,0,'2022-12-11 21:23:36'),(28,'Exporter les propositions commerciales et attributs','propale',NULL,2,'export',NULL,'r',0,NULL,22,0,'2022-12-11 21:23:36'),(31,'Lire les produits','produit',NULL,1,'lire',NULL,'r',1,NULL,25,0,'2022-12-11 21:23:36'),(31,'Lire les produits','produit',NULL,2,'lire',NULL,'r',1,NULL,25,0,'2022-12-11 21:23:36'),(32,'Creer/modifier les produits','produit',NULL,1,'creer',NULL,'w',0,NULL,25,0,'2022-12-11 21:23:36'),(32,'Creer/modifier les produits','produit',NULL,2,'creer',NULL,'w',0,NULL,25,0,'2022-12-11 21:23:36'),(33,'Read prices products','produit',NULL,1,'product_advance','read_prices','w',0,NULL,26,0,'2022-12-13 11:09:29'),(34,'Supprimer les produits','produit',NULL,1,'supprimer',NULL,'d',0,NULL,25,0,'2022-12-11 21:23:36'),(34,'Supprimer les produits','produit',NULL,2,'supprimer',NULL,'d',0,NULL,25,0,'2022-12-11 21:23:36'),(38,'Exporter les produits','produit',NULL,1,'export',NULL,'r',0,NULL,25,0,'2022-12-11 21:23:36'),(38,'Exporter les produits','produit',NULL,2,'export',NULL,'r',0,NULL,25,0,'2022-12-11 21:23:36'),(39,'Ignore minimum price','produit',NULL,1,'ignore_price_min_advance',NULL,'r',0,NULL,25,0,'2022-12-11 21:23:36'),(41,'Read projects and tasks (shared projects or projects I am contact for). Can also enter time consumed on assigned tasks (timesheet)','projet',NULL,1,'lire',NULL,'r',1,NULL,14,0,'2022-12-11 21:23:36'),(42,'Create/modify projects and tasks (shared projects or projects I am contact for)','projet',NULL,1,'creer',NULL,'w',0,NULL,14,0,'2022-12-11 21:23:36'),(44,'Delete project and tasks (shared projects or projects I am contact for)','projet',NULL,1,'supprimer',NULL,'d',0,NULL,14,0,'2022-12-11 21:23:36'),(45,'Export projects','projet',NULL,1,'export',NULL,'d',0,NULL,14,0,'2022-12-11 21:23:36'),(61,'Lire les fiches d\'intervention','ficheinter','',1,'lire','','r',0,'1',0,0,'2024-06-23 11:43:17'),(62,'Creer/modifier les fiches d\'intervention','ficheinter','',1,'creer','','w',0,'1',0,0,'2024-06-23 11:43:17'),(64,'Supprimer les fiches d\'intervention','ficheinter','',1,'supprimer','','d',0,'1',0,0,'2024-06-23 11:43:17'),(67,'Exporter les fiches interventions','ficheinter','',1,'export','','r',0,'1',0,0,'2024-06-23 11:43:17'),(68,'Envoyer les fiches d\'intervention par courriel','ficheinter','',1,'ficheinter_advance','send','r',0,'1',0,0,'2024-06-23 11:43:17'),(69,'Valider les fiches d\'intervention ','ficheinter','',1,'ficheinter_advance','validate','a',0,'1',0,0,'2024-06-23 11:43:17'),(70,'Dévalider les fiches d\'intervention','ficheinter','',1,'ficheinter_advance','unvalidate','a',0,'1',0,0,'2024-06-23 11:43:17'),(71,'Read members\' card','adherent',NULL,1,'lire',NULL,'r',0,NULL,6,0,'2024-06-22 00:36:24'),(72,'Create/modify members (need also user module permissions if member linked to a user)','adherent',NULL,1,'creer',NULL,'w',0,NULL,6,0,'2024-06-22 00:36:24'),(74,'Remove members','adherent',NULL,1,'supprimer',NULL,'d',0,NULL,6,0,'2024-06-22 00:36:24'),(75,'Setup types of membership','adherent',NULL,1,'configurer',NULL,'w',0,NULL,6,0,'2024-06-22 00:36:24'),(76,'Export members','adherent',NULL,1,'export',NULL,'r',0,NULL,6,0,'2024-06-22 00:36:24'),(78,'Read membership fees','adherent',NULL,1,'cotisation','lire','r',0,NULL,6,0,'2024-06-22 00:36:24'),(79,'Create/modify/remove membership fees','adherent',NULL,1,'cotisation','creer','w',0,NULL,6,0,'2024-06-22 00:36:24'),(81,'Read sales orders','commande','',1,'lire','','r',0,'1',0,0,'2024-06-23 11:43:16'),(82,'Creeat/modify sales orders','commande','',1,'creer','','w',0,'1',0,0,'2024-06-23 11:43:16'),(84,'Validate sales orders','commande','',1,'order_advance','validate','d',0,'1',0,0,'2024-06-23 11:43:16'),(85,'Generate the documents sales orders','commande','',1,'order_advance','generetedoc','d',0,'1',0,0,'2024-06-23 11:43:16'),(86,'Send sales orders by email','commande','',1,'order_advance','send','d',0,'1',0,0,'2024-06-23 11:43:16'),(87,'Close sale orders','commande','',1,'order_advance','close','d',0,'1',0,0,'2024-06-23 11:43:16'),(88,'Cancel sale orders','commande','',1,'order_advance','annuler','d',0,'1',0,0,'2024-06-23 11:43:16'),(89,'Delete sales orders','commande','',1,'supprimer','','d',0,'1',0,0,'2024-06-23 11:43:16'),(91,'Lire les charges','tax',NULL,1,'charges','lire','r',0,NULL,50,0,'2022-12-11 21:23:36'),(91,'Lire les charges','tax',NULL,2,'charges','lire','r',1,NULL,50,0,'2022-12-11 21:23:36'),(92,'Creer/modifier les charges','tax',NULL,1,'charges','creer','w',0,NULL,50,0,'2022-12-11 21:23:36'),(92,'Creer/modifier les charges','tax',NULL,2,'charges','creer','w',0,NULL,50,0,'2022-12-11 21:23:36'),(93,'Supprimer les charges','tax',NULL,1,'charges','supprimer','d',0,NULL,50,0,'2022-12-11 21:23:36'),(93,'Supprimer les charges','tax',NULL,2,'charges','supprimer','d',0,NULL,50,0,'2022-12-11 21:23:36'),(94,'Exporter les charges','tax',NULL,1,'charges','export','r',0,NULL,50,0,'2022-12-11 21:23:36'),(94,'Exporter les charges','tax',NULL,2,'charges','export','r',0,NULL,50,0,'2022-12-11 21:23:36'),(101,'Lire les expeditions','expedition',NULL,1,'lire',NULL,'r',0,NULL,40,0,'2022-12-11 21:23:36'),(102,'Creer modifier les expeditions','expedition',NULL,1,'creer',NULL,'w',0,NULL,40,0,'2022-12-11 21:23:36'),(104,'Valider les expeditions','expedition',NULL,1,'shipping_advance','validate','d',0,NULL,40,0,'2022-12-11 21:23:36'),(105,'Envoyer les expeditions aux clients','expedition',NULL,1,'shipping_advance','send','d',0,NULL,40,0,'2022-12-11 21:23:36'),(106,'Exporter les expeditions','expedition',NULL,1,'shipment','export','r',0,NULL,40,0,'2022-12-11 21:23:36'),(109,'Supprimer les expeditions','expedition',NULL,1,'supprimer',NULL,'d',0,NULL,40,0,'2022-12-11 21:23:36'),(111,'Read bank account and transactions','banque','',1,'lire','','r',0,'1',0,0,'2024-06-23 11:43:16'),(111,'Lire les comptes bancaires','banque',NULL,2,'lire',NULL,'r',1,NULL,51,0,'2022-12-11 21:23:36'),(112,'Creer/modifier montant/supprimer ecriture bancaire','banque','',1,'modifier','','w',0,'1',0,0,'2024-06-23 11:43:16'),(112,'Creer/modifier montant/supprimer ecriture bancaire','banque',NULL,2,'modifier',NULL,'w',0,NULL,51,0,'2022-12-11 21:23:36'),(113,'Configurer les comptes bancaires (creer, gerer categories)','banque','',1,'configurer','','a',0,'1',0,0,'2024-06-23 11:43:16'),(113,'Configurer les comptes bancaires (creer, gerer categories)','banque',NULL,2,'configurer',NULL,'a',0,NULL,51,0,'2022-12-11 21:23:36'),(114,'Rapprocher les ecritures bancaires','banque','',1,'consolidate','','w',0,'1',0,0,'2024-06-23 11:43:16'),(114,'Rapprocher les ecritures bancaires','banque',NULL,2,'consolidate',NULL,'w',0,NULL,51,0,'2022-12-11 21:23:36'),(115,'Exporter transactions et releves','banque','',1,'export','','r',0,'1',0,0,'2024-06-23 11:43:16'),(115,'Exporter transactions et releves','banque',NULL,2,'export',NULL,'r',0,NULL,51,0,'2022-12-11 21:23:36'),(116,'Virements entre comptes','banque','',1,'transfer','','w',0,'1',0,0,'2024-06-23 11:43:16'),(116,'Virements entre comptes','banque',NULL,2,'transfer',NULL,'w',0,NULL,51,0,'2022-12-11 21:23:36'),(117,'Gerer les envois de cheques','banque','',1,'cheque','','w',0,'1',0,0,'2024-06-23 11:43:16'),(117,'Gerer les envois de cheques','banque',NULL,2,'cheque',NULL,'w',0,NULL,51,0,'2022-12-11 21:23:36'),(121,'Read third parties','societe','',1,'lire','','r',0,'1',0,0,'2024-06-23 11:43:18'),(121,'Lire les societes','societe',NULL,2,'lire',NULL,'r',1,NULL,9,0,'2022-12-11 21:23:36'),(122,'Create and update third parties','societe','',1,'creer','','w',0,'1',0,0,'2024-06-23 11:43:18'),(122,'Creer modifier les societes','societe',NULL,2,'creer',NULL,'w',0,NULL,9,0,'2022-12-11 21:23:36'),(125,'Delete third parties','societe','',1,'supprimer','','d',0,'1',0,0,'2024-06-23 11:43:18'),(125,'Supprimer les societes','societe',NULL,2,'supprimer',NULL,'d',0,NULL,9,0,'2022-12-11 21:23:36'),(126,'Export third parties','societe','',1,'export','','r',0,'1',0,0,'2024-06-23 11:43:18'),(126,'Exporter les societes','societe',NULL,2,'export',NULL,'r',0,NULL,9,0,'2022-12-11 21:23:36'),(130,'Modify thirdparty information payment','societe','',1,'thirdparty_paymentinformation_advance','write','w',0,'1',0,0,'2024-06-23 11:43:18'),(141,'Read all projects and tasks (also private projects I am not contact for)','projet',NULL,1,'all','lire','r',0,NULL,14,0,'2022-12-11 21:23:36'),(142,'Create/modify all projects and tasks (also private projects I am not contact for)','projet',NULL,1,'all','creer','w',0,NULL,14,0,'2022-12-11 21:23:36'),(144,'Delete all projects and tasks (also private projects I am not contact for)','projet',NULL,1,'all','supprimer','d',0,NULL,14,0,'2022-12-11 21:23:36'),(145,'Can enter time consumed on assigned tasks (timesheet)','projet',NULL,1,'time',NULL,'w',0,NULL,14,0,'2022-12-12 09:00:28'),(151,'Read withdrawals','prelevement',NULL,1,'bons','lire','r',1,NULL,52,0,'2022-12-11 21:23:36'),(152,'Create/modify a withdrawals','prelevement',NULL,1,'bons','creer','w',0,NULL,52,0,'2022-12-11 21:23:36'),(153,'Send withdrawals to bank','prelevement',NULL,1,'bons','send','a',0,NULL,52,0,'2022-12-11 21:23:36'),(154,'credit/refuse withdrawals','prelevement',NULL,1,'bons','credit','a',0,NULL,52,0,'2022-12-11 21:23:36'),(161,'Lire les contrats','contrat',NULL,1,'lire',NULL,'r',1,NULL,35,0,'2022-12-11 21:23:36'),(162,'Creer / modifier les contrats','contrat',NULL,1,'creer',NULL,'w',0,NULL,35,0,'2022-12-11 21:23:36'),(163,'Activer un service d\'un contrat','contrat',NULL,1,'activer',NULL,'w',0,NULL,35,0,'2022-12-11 21:23:36'),(164,'Desactiver un service d\'un contrat','contrat',NULL,1,'desactiver',NULL,'w',0,NULL,35,0,'2022-12-11 21:23:36'),(165,'Supprimer un contrat','contrat',NULL,1,'supprimer',NULL,'d',0,NULL,35,0,'2022-12-11 21:23:36'),(167,'Export contracts','contrat',NULL,1,'export',NULL,'r',0,NULL,35,0,'2022-12-11 21:23:36'),(221,'Consulter les mailings','mailing',NULL,1,'lire',NULL,'r',0,NULL,23,0,'2023-02-25 14:20:31'),(221,'Consulter les mailings','mailing',NULL,2,'lire',NULL,'r',1,NULL,11,0,'2022-12-11 21:23:36'),(222,'Creer/modifier les mailings (sujet, destinataires...)','mailing',NULL,1,'creer',NULL,'w',0,NULL,23,0,'2023-02-25 14:20:31'),(222,'Creer/modifier les mailings (sujet, destinataires...)','mailing',NULL,2,'creer',NULL,'w',0,NULL,11,0,'2022-12-11 21:23:36'),(223,'Valider les mailings (permet leur envoi)','mailing',NULL,1,'valider',NULL,'w',0,NULL,23,0,'2023-02-25 14:20:31'),(223,'Valider les mailings (permet leur envoi)','mailing',NULL,2,'valider',NULL,'w',0,NULL,11,0,'2022-12-11 21:23:36'),(229,'Supprimer les mailings','mailing',NULL,1,'supprimer',NULL,'d',0,NULL,23,0,'2023-02-25 14:20:31'),(229,'Supprimer les mailings','mailing',NULL,2,'supprimer',NULL,'d',0,NULL,11,0,'2022-12-11 21:23:36'),(237,'View recipients and info','mailing',NULL,1,'mailing_advance','recipient','r',0,NULL,23,0,'2023-02-25 14:20:31'),(237,'View recipients and info','mailing',NULL,2,'mailing_advance','recipient','r',0,NULL,11,0,'2022-12-11 21:23:36'),(238,'Manually send mailings','mailing',NULL,1,'mailing_advance','send','w',0,NULL,23,0,'2023-02-25 14:20:31'),(238,'Manually send mailings','mailing',NULL,2,'mailing_advance','send','w',0,NULL,11,0,'2022-12-11 21:23:36'),(239,'Delete mailings after validation and/or sent','mailing',NULL,1,'mailing_advance','delete','d',0,NULL,23,0,'2023-02-25 14:20:31'),(239,'Delete mailings after validation and/or sent','mailing',NULL,2,'mailing_advance','delete','d',0,NULL,11,0,'2022-12-11 21:23:36'),(241,'Lire les categories','categorie',NULL,1,'lire',NULL,'r',1,NULL,20,0,'2022-12-11 21:23:36'),(242,'Creer/modifier les categories','categorie',NULL,1,'creer',NULL,'w',0,NULL,20,0,'2022-12-11 21:23:36'),(243,'Supprimer les categories','categorie',NULL,1,'supprimer',NULL,'d',0,NULL,20,0,'2022-12-11 21:23:36'),(251,'Read information of other users, groups and permissions','user','',1,'user','lire','w',0,'1',0,0,'2024-06-23 11:43:18'),(252,'Read permissions of other users','user','',1,'user_advance','readperms','w',0,'1',0,0,'2024-06-23 11:43:18'),(253,'Create/modify internal and external users, groups and permissions','user','',1,'user','creer','w',0,'1',0,0,'2024-06-23 11:43:18'),(254,'Create/modify external users only','user','',1,'user_advance','write','w',0,'1',0,0,'2024-06-23 11:43:18'),(255,'Modify the password of other users','user','',1,'user','password','w',0,'1',0,0,'2024-06-23 11:43:18'),(256,'Delete or disable other users','user','',1,'user','supprimer','w',0,'1',0,0,'2024-06-23 11:43:18'),(262,'Read all third parties (and their objects) by internal users (otherwise only if commercial contact). Not effective for external users (limited to themselves).','societe','',1,'client','voir','r',0,'1',0,0,'2024-06-23 11:43:18'),(262,'Consulter tous les tiers par utilisateurs internes (sinon uniquement si contact commercial). Non effectif pour utilisateurs externes (tjs limités à eux-meme).','societe',NULL,2,'client','voir','r',1,NULL,9,0,'2022-12-11 21:23:36'),(281,'Read contacts','societe','',1,'contact','lire','r',0,'1',0,0,'2024-06-23 11:43:18'),(281,'Lire les contacts','societe',NULL,2,'contact','lire','r',1,NULL,9,0,'2022-12-11 21:23:36'),(282,'Create and update contact','societe','',1,'contact','creer','w',0,'1',0,0,'2024-06-23 11:43:18'),(282,'Creer modifier les contacts','societe',NULL,2,'contact','creer','w',0,NULL,9,0,'2022-12-11 21:23:36'),(283,'Delete contacts','societe','',1,'contact','supprimer','d',0,'1',0,0,'2024-06-23 11:43:18'),(283,'Supprimer les contacts','societe',NULL,2,'contact','supprimer','d',0,NULL,9,0,'2022-12-11 21:23:36'),(286,'Export contacts','societe','',1,'contact','export','d',0,'1',0,0,'2024-06-23 11:43:18'),(286,'Exporter les contacts','societe',NULL,2,'contact','export','d',0,NULL,9,0,'2022-12-11 21:23:36'),(301,'Generate PDF sheets of barcodes','barcode','',1,'read','','r',0,'1',0,0,'2024-06-23 11:43:16'),(304,'Read barcodes','barcode','',1,'lire_advance','','r',0,'1',0,0,'2024-06-23 11:43:16'),(305,'Create/modify barcodes','barcode','',1,'creer_advance','','w',0,'1',0,0,'2024-06-23 11:43:16'),(331,'Lire les bookmarks','bookmark',NULL,1,'lire',NULL,'r',0,NULL,50,0,'2022-12-11 21:23:36'),(332,'Creer/modifier les bookmarks','bookmark',NULL,1,'creer',NULL,'r',0,NULL,50,0,'2022-12-11 21:23:36'),(333,'Supprimer les bookmarks','bookmark',NULL,1,'supprimer',NULL,'r',0,NULL,50,0,'2022-12-11 21:23:36'),(341,'Read its own permissions','user','',1,'self_advance','readperms','w',0,'1',0,0,'2024-06-23 11:43:18'),(342,'Create/modify of its own user','user','',1,'self','creer','w',0,'1',0,0,'2024-06-23 11:43:18'),(343,'Modify its own password','user','',1,'self','password','w',0,'1',0,0,'2024-06-23 11:43:18'),(344,'Modify its own permissions','user','',1,'self_advance','writeperms','w',0,'1',0,0,'2024-06-23 11:43:18'),(351,'Read groups','user','',1,'group_advance','read','w',0,'1',0,0,'2024-06-23 11:43:18'),(352,'Read permissions of groups','user','',1,'group_advance','readperms','w',0,'1',0,0,'2024-06-23 11:43:18'),(353,'Create/modify groups and permissions','user','',1,'group_advance','write','w',0,'1',0,0,'2024-06-23 11:43:18'),(354,'Delete groups','user','',1,'group_advance','delete','w',0,'1',0,0,'2024-06-23 11:43:18'),(358,'Export all users','user','',1,'user','export','w',0,'1',0,0,'2024-06-23 11:43:18'),(511,'Read employee salaries and payments (yours and your subordinates)','salaries','',1,'read','','r',0,'1',0,0,'2024-06-23 11:43:18'),(512,'Create/modify payments of empoyee salaries','salaries','',1,'write','','w',0,'1',0,0,'2024-06-23 11:43:18'),(514,'Delete payments of employee salary','salaries','',1,'delete','','d',0,'1',0,0,'2024-06-23 11:43:18'),(517,'Read salaries and payments of all employees','salaries','',1,'readall','','r',0,'1',0,0,'2024-06-23 11:43:18'),(519,'Export payments of employee salaries','salaries','',1,'export','','r',0,'1',0,0,'2024-06-23 11:43:18'),(520,'Read loans','loan',NULL,1,'read',NULL,'r',0,NULL,50,0,'2022-12-11 21:23:36'),(521,'Read loans','loan',NULL,1,'read',NULL,'r',0,NULL,50,0,'2022-12-11 21:23:36'),(522,'Create/modify loans','loan',NULL,1,'write',NULL,'w',0,NULL,50,0,'2022-12-11 21:23:36'),(524,'Delete loans','loan',NULL,1,'delete',NULL,'d',0,NULL,50,0,'2022-12-11 21:23:36'),(525,'Access loan calculator','loan',NULL,1,'calc',NULL,'r',0,NULL,50,0,'2022-12-11 21:23:36'),(527,'Export loans','loan',NULL,1,'export',NULL,'r',0,NULL,50,0,'2022-12-11 21:23:36'),(531,'Read services','service','',1,'lire','','r',0,'1',0,0,'2024-06-23 11:43:18'),(532,'Create/modify services','service','',1,'creer','','w',0,'1',0,0,'2024-06-23 11:43:18'),(533,'Read prices services','service','',1,'service_advance','read_prices','w',0,'1',0,0,'2024-06-23 11:43:18'),(534,'Delete les services','service','',1,'supprimer','','d',0,'1',0,0,'2024-06-23 11:43:18'),(538,'Export services','service','',1,'export','','r',0,'1',0,0,'2024-06-23 11:43:18'),(561,'Read bank transfer payment orders','paymentbybanktransfer',NULL,1,'read',NULL,'r',0,NULL,52,0,'2022-12-11 21:23:36'),(562,'Create/modify a bank transfer payment order','paymentbybanktransfer',NULL,1,'create',NULL,'w',0,NULL,52,0,'2022-12-11 21:23:36'),(563,'Send/Transmit bank transfer payment order','paymentbybanktransfer',NULL,1,'send',NULL,'a',0,NULL,52,0,'2022-12-11 21:23:36'),(564,'Record Debits/Rejects of bank transfer payment order','paymentbybanktransfer',NULL,1,'debit',NULL,'a',0,NULL,52,0,'2022-12-11 21:23:36'),(610,'Read attributes of variants','variants',NULL,1,'read',NULL,'w',0,NULL,50,0,'2022-12-12 09:00:28'),(611,'Create/Update attributes of variants','variants',NULL,1,'write',NULL,'w',0,NULL,50,0,'2022-12-12 09:00:28'),(612,'Delete attributes of variants','variants',NULL,1,'delete',NULL,'w',0,NULL,50,0,'2022-12-12 09:00:28'),(651,'Read bom of Bom','bom','',1,'read','','w',0,'1',0,0,'2024-06-23 11:43:16'),(652,'Create/Update bom of Bom','bom','',1,'write','','w',0,'1',0,0,'2024-06-23 11:43:16'),(653,'Delete bom of Bom','bom','',1,'delete','','w',0,'1',0,0,'2024-06-23 11:43:16'),(661,'Read Manufacturing Order','mrp','',1,'read','','w',0,'1',0,0,'2024-06-23 11:43:17'),(662,'Create/Update Manufacturing Order','mrp','',1,'write','','w',0,'1',0,0,'2024-06-23 11:43:17'),(663,'Delete Manufacturing Order','mrp','',1,'delete','','w',0,'1',0,0,'2024-06-23 11:43:17'),(691,'Read objects of Workstation','workstation',NULL,1,'workstation','read','w',0,NULL,90,0,'2024-06-22 00:36:24'),(692,'Create/Update objects of Workstation','workstation',NULL,1,'workstation','write','w',0,NULL,90,0,'2024-06-22 00:36:24'),(693,'Delete objects of Workstation','workstation',NULL,1,'workstation','delete','w',0,NULL,90,0,'2024-06-22 00:36:24'),(701,'Lire les dons','don','',1,'lire','','r',0,'1',50,0,'2024-06-22 00:36:24'),(701,'Lire les dons','don',NULL,2,'lire',NULL,'r',1,NULL,50,0,'2022-12-11 21:23:36'),(702,'Creer/modifier les dons','don','',1,'creer','','w',0,'1',50,0,'2024-06-22 00:36:24'),(702,'Creer/modifier les dons','don',NULL,2,'creer',NULL,'w',0,NULL,50,0,'2022-12-11 21:23:36'),(703,'Supprimer les dons','don','',1,'supprimer','','d',0,'1',50,0,'2024-06-22 00:36:24'),(703,'Supprimer les dons','don',NULL,2,'supprimer',NULL,'d',0,NULL,50,0,'2022-12-11 21:23:36'),(750,'Read job positions to fill and candidatures','recruitment','',1,'recruitmentjobposition','read','w',0,'1',0,0,'2024-06-23 11:43:18'),(751,'Create/Update job positions to fill and candidatures','recruitment','',1,'recruitmentjobposition','write','w',0,'1',0,0,'2024-06-23 11:43:18'),(752,'Delete Job positions to fill and candidatures','recruitment','',1,'recruitmentjobposition','delete','w',0,'1',0,0,'2024-06-23 11:43:18'),(771,'Read expense reports (yours and your subordinates)','expensereport','',1,'lire','','r',0,'1',0,0,'2024-06-23 11:43:17'),(772,'Create/modify expense reports','expensereport','',1,'creer','','w',0,'1',0,0,'2024-06-23 11:43:17'),(773,'Delete expense reports','expensereport','',1,'supprimer','','d',0,'1',0,0,'2024-06-23 11:43:17'),(775,'Approve expense reports','expensereport','',1,'approve','','w',0,'1',0,0,'2024-06-23 11:43:17'),(776,'Pay expense reports','expensereport','',1,'to_paid','','w',0,'1',0,0,'2024-06-23 11:43:17'),(777,'Read expense reports of everybody','expensereport','',1,'readall','','r',0,'1',0,0,'2024-06-23 11:43:17'),(778,'Create expense reports for everybody','expensereport','',1,'writeall_advance','','w',0,'1',0,0,'2024-06-23 11:43:17'),(779,'Export expense reports','expensereport','',1,'export','','r',0,'1',0,0,'2024-06-23 11:43:17'),(1001,'Read stocks','stock','',1,'lire','','r',0,'1',0,0,'2024-06-23 11:35:20'),(1002,'Create/Modify stocks','stock','',1,'creer','','w',0,'1',0,0,'2024-06-23 11:35:20'),(1003,'Delete stock','stock','',1,'supprimer','','d',0,'1',0,0,'2024-06-23 11:35:20'),(1004,'Read stock movements','stock','',1,'mouvement','lire','r',0,'1',0,0,'2024-06-23 11:35:20'),(1005,'Create/modify stock movements','stock','',1,'mouvement','creer','w',0,'1',0,0,'2024-06-23 11:35:20'),(1011,'inventoryReadPermission','stock','',1,'inventory_advance','read','w',0,'1',0,0,'2024-06-23 11:35:20'),(1012,'inventoryCreatePermission','stock','',1,'inventory_advance','write','w',0,'1',0,0,'2024-06-23 11:35:20'),(1013,'inventoryDeletePermission','stock','',1,'inventory_advance','delete','w',0,'1',0,0,'2024-06-23 11:35:20'),(1101,'Read delivery receipts','expedition',NULL,1,'delivery','lire','r',0,NULL,40,0,'2022-12-11 21:23:36'),(1102,'Create/modify delivery receipts','expedition',NULL,1,'delivery','creer','w',0,NULL,40,0,'2022-12-11 21:23:36'),(1104,'Validate delivery receipts','expedition',NULL,1,'delivery_advance','validate','d',0,NULL,40,0,'2022-12-11 21:23:36'),(1109,'Delete delivery receipts','expedition',NULL,1,'delivery','supprimer','d',0,NULL,40,0,'2022-12-11 21:23:36'),(1121,'Read supplier proposals','supplier_proposal',NULL,1,'lire',NULL,'w',0,NULL,35,0,'2022-12-11 21:23:36'),(1122,'Create/modify supplier proposals','supplier_proposal',NULL,1,'creer',NULL,'w',0,NULL,35,0,'2022-12-11 21:23:36'),(1123,'Validate supplier proposals','supplier_proposal',NULL,1,'validate_advance',NULL,'w',0,NULL,35,0,'2022-12-11 21:23:36'),(1124,'Envoyer les demandes fournisseurs','supplier_proposal',NULL,1,'send_advance',NULL,'w',0,NULL,35,0,'2022-12-11 21:23:36'),(1125,'Delete supplier proposals','supplier_proposal',NULL,1,'supprimer',NULL,'w',0,NULL,35,0,'2022-12-11 21:23:36'),(1126,'Close supplier price requests','supplier_proposal',NULL,1,'cloturer',NULL,'w',0,NULL,35,0,'2022-12-11 21:23:36'),(1181,'Consulter les fournisseurs','fournisseur','',1,'lire','','r',0,'1',0,0,'2024-06-23 11:43:17'),(1182,'Consulter les commandes fournisseur','fournisseur','',1,'commande','lire','r',0,'1',0,0,'2024-06-23 11:43:17'),(1183,'Creer une commande fournisseur','fournisseur','',1,'commande','creer','w',0,'1',0,0,'2024-06-23 11:43:17'),(1184,'Valider une commande fournisseur','fournisseur','',1,'supplier_order_advance','validate','w',0,'1',0,0,'2024-06-23 11:43:17'),(1185,'Approuver une commande fournisseur','fournisseur','',1,'commande','approuver','w',0,'1',0,0,'2024-06-23 11:43:17'),(1186,'Commander une commande fournisseur','fournisseur','',1,'commande','commander','w',0,'1',0,0,'2024-06-23 11:43:17'),(1187,'Receptionner une commande fournisseur','fournisseur','',1,'commande','receptionner','d',0,'1',0,0,'2024-06-23 11:43:17'),(1188,'Supprimer une commande fournisseur','fournisseur','',1,'commande','supprimer','d',0,'1',0,0,'2024-06-23 11:43:17'),(1189,'Check/Uncheck a supplier order reception','fournisseur','',1,'commande_advance','check','w',0,'1',0,0,'2024-06-23 11:43:17'),(1191,'Exporter les commande fournisseurs, attributs','fournisseur','',1,'commande','export','r',0,'1',0,0,'2024-06-23 11:43:17'),(1201,'Lire les exports','export',NULL,1,'lire',NULL,'r',1,NULL,72,0,'2022-12-11 21:23:36'),(1202,'Creer/modifier un export','export',NULL,1,'creer',NULL,'w',0,NULL,72,0,'2022-12-11 21:23:36'),(1231,'Consulter les factures fournisseur','fournisseur','',1,'facture','lire','r',0,'1',0,0,'2024-06-23 11:43:17'),(1232,'Creer une facture fournisseur','fournisseur','',1,'facture','creer','w',0,'1',0,0,'2024-06-23 11:43:17'),(1233,'Valider une facture fournisseur','fournisseur','',1,'supplier_invoice_advance','validate','w',0,'1',0,0,'2024-06-23 11:43:17'),(1234,'Supprimer une facture fournisseur','fournisseur','',1,'facture','supprimer','d',0,'1',0,0,'2024-06-23 11:43:17'),(1235,'Envoyer les factures par mail','fournisseur','',1,'supplier_invoice_advance','send','a',0,'1',0,0,'2024-06-23 11:43:17'),(1236,'Exporter les factures fournisseurs, attributes et reglements','fournisseur','',1,'facture','export','r',0,'1',0,0,'2024-06-23 11:43:17'),(1251,'Run mass imports of external data (data load)','import',NULL,1,'run',NULL,'r',0,NULL,70,0,'2022-12-11 21:23:36'),(1321,'Export customer invoices, attributes and payments','facture','',1,'facture','export','r',0,'1',0,0,'2024-06-23 11:43:17'),(1321,'Exporter les factures clients, attributs et reglements','facture',NULL,2,'facture','export','r',0,NULL,10,0,'2022-12-11 21:23:36'),(1322,'Re-open a fully paid invoice','facture','',1,'invoice_advance','reopen','r',0,'1',0,0,'2024-06-23 11:43:17'),(1421,'Export sales orders and attributes','commande','',1,'commande','export','r',0,'1',0,0,'2024-06-23 11:43:16'),(2401,'Read actions/tasks linked to his account','agenda','',1,'myactions','read','r',0,'1',0,0,'2024-06-23 11:43:16'),(2401,'Read actions/tasks linked to his account','agenda',NULL,2,'myactions','read','r',1,NULL,15,0,'2022-12-11 21:23:36'),(2402,'Create/modify actions/tasks linked to his account','agenda','',1,'myactions','create','w',0,'1',0,0,'2024-06-23 11:43:16'),(2402,'Create/modify actions/tasks linked to his account','agenda',NULL,2,'myactions','create','w',0,NULL,15,0,'2022-12-11 21:23:36'),(2403,'Delete actions/tasks linked to his account','agenda','',1,'myactions','delete','w',0,'1',0,0,'2024-06-23 11:43:16'),(2403,'Delete actions/tasks linked to his account','agenda',NULL,2,'myactions','delete','w',0,NULL,15,0,'2022-12-11 21:23:36'),(2411,'Read actions/tasks of others','agenda','',1,'allactions','read','r',0,'1',0,0,'2024-06-23 11:43:16'),(2411,'Read actions/tasks of others','agenda',NULL,2,'allactions','read','r',0,NULL,15,0,'2022-12-11 21:23:36'),(2412,'Create/modify actions/tasks of others','agenda','',1,'allactions','create','w',0,'1',0,0,'2024-06-23 11:43:16'),(2412,'Create/modify actions/tasks of others','agenda',NULL,2,'allactions','create','w',0,NULL,15,0,'2022-12-11 21:23:36'),(2413,'Delete actions/tasks of others','agenda','',1,'allactions','delete','w',0,'1',0,0,'2024-06-23 11:43:16'),(2413,'Delete actions/tasks of others','agenda',NULL,2,'allactions','delete','w',0,NULL,15,0,'2022-12-11 21:23:36'),(2414,'Export actions/tasks of others','agenda','',1,'export','','w',0,'1',0,0,'2024-06-23 11:43:16'),(2451,'Read objects of EventOrganization','eventorganization',NULL,1,'read',NULL,'w',0,NULL,15,0,'2024-06-22 00:36:24'),(2452,'Create/Update objects of EventOrganization','eventorganization',NULL,1,'write',NULL,'w',0,NULL,15,0,'2024-06-22 00:36:24'),(2453,'Delete objects of EventOrganization','eventorganization',NULL,1,'delete',NULL,'w',0,NULL,15,0,'2024-06-22 00:36:24'),(2501,'Read or download documents','ecm','',1,'read','','r',0,'1',0,0,'2024-06-23 11:43:16'),(2503,'Upload a document','ecm','',1,'upload','','w',0,'1',0,0,'2024-06-23 11:43:16'),(2515,'Administer directories of documents','ecm','',1,'setup','','w',0,'1',0,0,'2024-06-23 11:43:16'),(2610,'Générer / modifier la clé API des utilisateurs','api',NULL,1,'apikey','generate','w',0,NULL,24,0,'2022-12-11 21:23:36'),(3201,'Read archived events and fingerprints','blockedlog',NULL,1,'read',NULL,'w',0,NULL,76,0,'2022-12-11 21:23:36'),(3301,'Generate new modules','modulebuilder',NULL,1,'run',NULL,'a',0,NULL,90,0,'2023-02-11 11:40:29'),(4001,'Read skill/job/position','hrm',NULL,1,'all','read','w',0,NULL,50,0,'2023-02-11 11:40:29'),(4002,'Create/modify skill/job/position','hrm',NULL,1,'all','write','w',0,NULL,50,0,'2023-02-11 11:40:29'),(4003,'Delete skill/job/position','hrm',NULL,1,'all','delete','w',0,NULL,50,0,'2023-02-11 11:40:29'),(4021,'Read evaluations','hrm',NULL,1,'evaluation','read','w',0,NULL,50,0,'2023-02-11 11:40:29'),(4022,'Create/modify your evaluation','hrm',NULL,1,'evaluation','write','w',0,NULL,50,0,'2023-02-11 11:40:29'),(4023,'Validate evaluation','hrm',NULL,1,'evaluation_advance','validate','w',0,NULL,50,0,'2023-02-11 11:40:29'),(4025,'Delete evaluations','hrm',NULL,1,'evaluation','delete','w',0,NULL,50,0,'2023-02-11 11:40:29'),(4028,'See comparison menu','hrm',NULL,1,'compare_advance','read','w',0,NULL,50,0,'2023-02-11 11:40:29'),(4029,'Read all evaluations','hrm','',1,'evaluation','readall','w',0,'1',50,0,'2024-06-22 00:36:24'),(4031,'Read personal information','hrm',NULL,1,'read_personal_information','read','w',0,NULL,50,0,'2023-02-11 11:40:29'),(4032,'Write personal information','hrm',NULL,1,'write_personal_information','write','w',0,NULL,50,0,'2023-02-11 11:40:29'),(4033,'Read all evaluations','hrm',NULL,1,'evaluation','readall','w',0,NULL,50,0,'2023-02-11 11:40:29'),(10001,'Read website content','website','',1,'read','','w',0,'1',0,0,'2024-06-23 11:43:18'),(10002,'Create/modify website content (html and javascript content)','website','',1,'write','','w',0,'1',0,0,'2024-06-23 11:43:18'),(10003,'Create/modify website content (dynamic php code). Dangerous, must be reserved to restricted developers.','website','',1,'writephp','','w',0,'1',0,0,'2024-06-23 11:43:18'),(10005,'Delete website content','website','',1,'delete','','w',0,'1',0,0,'2024-06-23 11:43:18'),(10008,'Export website content','website','',1,'export','','w',0,'1',0,0,'2024-06-23 11:43:18'),(20001,'Read leave requests (yours and your subordinates)','holiday','',1,'read','','w',0,'1',0,0,'2024-06-23 11:43:17'),(20001,'Créer / Modifier / Lire ses demandes de congés payés','holiday',NULL,2,'write',NULL,'w',1,NULL,42,0,'2022-12-11 21:23:36'),(20002,'Create/modify leave requests','holiday','',1,'write','','w',0,'1',0,0,'2024-06-23 11:43:17'),(20003,'Delete leave requests','holiday','',1,'delete','','w',0,'1',0,0,'2024-06-23 11:43:17'),(20003,'Supprimer des demandes de congés payés','holiday',NULL,2,'delete',NULL,'w',0,NULL,42,0,'2022-12-11 21:23:36'),(20004,'Read leave requests for everybody','holiday','',1,'readall','','w',0,'1',0,0,'2024-06-23 11:43:17'),(20004,'Définir les congés payés des utilisateurs','holiday',NULL,2,'define_holiday',NULL,'w',0,NULL,42,0,'2022-12-11 21:23:36'),(20005,'Create/modify leave requests for everybody','holiday','',1,'writeall','','w',0,'1',0,0,'2024-06-23 11:43:17'),(20005,'Voir les logs de modification des congés payés','holiday',NULL,2,'view_log',NULL,'w',0,NULL,42,0,'2022-12-11 21:23:36'),(20006,'Setup leave requests of users (setup and update balance)','holiday','',1,'define_holiday','','w',0,'1',0,0,'2024-06-23 11:43:17'),(20006,'Accéder au rapport mensuel des congés payés','holiday',NULL,2,'month_report',NULL,'w',0,NULL,42,0,'2022-12-11 21:23:36'),(20007,'Approve leave requests','holiday','',1,'approve','','w',0,'1',0,0,'2024-06-23 11:43:17'),(23001,'Read cron jobs','cron','',1,'read','','w',0,'1',0,0,'2024-06-23 11:43:16'),(23002,'Create cron Jobs','cron','',1,'create','','w',0,'1',0,0,'2024-06-23 11:43:16'),(23003,'Delete cron Jobs','cron','',1,'delete','','w',0,'1',0,0,'2024-06-23 11:43:16'),(23004,'Execute cron Jobs','cron','',1,'execute','','w',0,'1',0,0,'2024-06-23 11:43:16'),(40001,'Read currencies and their rates','multicurrency','',1,'currency','read','r',1,'1',40,0,'2024-06-22 00:36:24'),(40002,'Create/Update currencies and their rates','multicurrency','',1,'currency','write','w',0,'1',40,0,'2024-06-22 00:36:24'),(40003,'Delete currencies and their rates','multicurrency','',1,'currency','delete','w',0,'1',40,0,'2024-06-22 00:36:24'),(50151,'Use Point Of Sale (record a sale, add products, record payment)','takepos','',1,'run','','a',0,'1',0,0,'2024-06-23 11:43:18'),(50152,'Can modify added sales lines (prices, discount)','takepos','',1,'editlines','','a',0,'1',0,0,'2024-06-23 11:43:18'),(50153,'Edit ordered sales lines (useful only when option \"Order printers\" has been enabled). Allow to edit sales lines even after the order has been printed','takepos','',1,'editorderedlines','','a',0,'1',0,0,'2024-06-23 11:43:18'),(50401,'Bind products and invoices with accounting accounts','accounting',NULL,1,'bind','write','r',0,NULL,61,0,'2023-03-07 17:27:23'),(50411,'Read operations in Ledger','accounting',NULL,1,'mouvements','lire','r',0,NULL,61,0,'2023-03-07 17:27:23'),(50412,'Write/Edit operations in Ledger','accounting',NULL,1,'mouvements','creer','w',0,NULL,61,0,'2023-03-07 17:27:23'),(50414,'Delete operations in Ledger','accounting',NULL,1,'mouvements','supprimer','d',0,NULL,61,0,'2023-03-07 17:27:23'),(50415,'Delete all operations by year and journal in Ledger','accounting',NULL,1,'mouvements','supprimer_tous','d',0,NULL,61,0,'2023-03-07 17:27:23'),(50418,'Export operations of the Ledger','accounting',NULL,1,'mouvements','export','r',0,NULL,61,0,'2023-03-07 17:27:23'),(50420,'Report and export reports (turnover, balance, journals, ledger)','accounting',NULL,1,'comptarapport','lire','r',0,NULL,61,0,'2023-03-07 17:27:23'),(50430,'Manage fiscal periods, validate movements and close periods','accounting',NULL,1,'fiscalyear','write','r',0,NULL,61,0,'2023-03-07 17:27:23'),(50440,'Manage chart of accounts, setup of accountancy','accounting',NULL,1,'chartofaccount',NULL,'r',0,NULL,61,0,'2023-03-07 17:27:23'),(55001,'Read surveys','opensurvey','',1,'read','','r',0,'1',0,0,'2024-06-23 11:43:17'),(55002,'Create/modify surveys','opensurvey','',1,'write','','w',0,'1',0,0,'2024-06-23 11:43:17'),(56001,'Read ticket','ticket','',1,'read','','r',0,'1',0,0,'2024-06-23 11:43:18'),(56002,'Create les tickets','ticket','',1,'write','','w',0,'1',0,0,'2024-06-23 11:43:18'),(56003,'Delete les tickets','ticket','',1,'delete','','d',0,'1',0,0,'2024-06-23 11:43:18'),(56004,'Manage tickets','ticket','',1,'manage','','w',0,'1',0,0,'2024-06-23 11:43:18'),(56006,'Export ticket','ticket','',1,'export','','w',0,'1',0,0,'2024-06-23 11:43:18'),(57001,'Read articles','knowledgemanagement',NULL,1,'knowledgerecord','read','w',0,NULL,90,0,'2022-12-11 21:23:36'),(57002,'Create/Update articles','knowledgemanagement',NULL,1,'knowledgerecord','write','w',0,NULL,90,0,'2022-12-11 21:23:36'),(57003,'Delete articles','knowledgemanagement',NULL,1,'knowledgerecord','delete','w',0,NULL,90,0,'2022-12-11 21:23:36'),(58000,'Read objects of Partnership','partnership',NULL,1,'read',NULL,'w',0,NULL,90,0,'2024-06-22 00:36:24'),(58001,'Create/Update objects of Partnership','partnership',NULL,1,'write',NULL,'w',0,NULL,90,0,'2024-06-22 00:36:24'),(58002,'Delete objects of Partnership','partnership',NULL,1,'delete',NULL,'w',0,NULL,90,0,'2024-06-22 00:36:24'),(59001,'Visualiser les marges','margins',NULL,1,'liretous',NULL,'r',0,NULL,55,0,'2022-12-11 21:23:36'),(59002,'Définir les marges','margins',NULL,1,'creer',NULL,'w',0,NULL,55,0,'2022-12-11 21:23:36'),(59003,'Read every user margin','margins',NULL,1,'read','all','r',0,NULL,55,0,'2022-12-11 21:23:36'),(63001,'Read resources','resource',NULL,1,'read',NULL,'w',0,NULL,16,0,'2022-12-11 21:23:36'),(63002,'Create/Modify resources','resource',NULL,1,'write',NULL,'w',0,NULL,16,0,'2022-12-11 21:23:36'),(63003,'Delete resources','resource',NULL,1,'delete',NULL,'w',0,NULL,16,0,'2022-12-11 21:23:36'),(63004,'Link resources to agenda events','resource',NULL,1,'link',NULL,'w',0,NULL,16,0,'2022-12-11 21:23:36'),(64001,'DirectPrint','printing',NULL,1,'read',NULL,'r',0,NULL,52,0,'2022-12-11 21:23:36'),(101051,'See SellYourSaas Home area','sellyoursaas',NULL,1,'liens','voir','r',0,NULL,100050,0,'2023-01-31 14:45:22'),(101060,'Read SellYourSaaS data','sellyoursaas',NULL,1,'read',NULL,'w',0,NULL,100050,0,'2023-01-31 14:45:22'),(101061,'Create/edit SellYourSaaS data (package, ...)','sellyoursaas',NULL,1,'write',NULL,'w',0,NULL,100050,0,'2023-01-31 14:45:22'),(101062,'Delete SellYourSaaS data (package, ...)','sellyoursaas',NULL,1,'delete',NULL,'w',0,NULL,100050,0,'2023-01-31 14:45:22'),(101250,'Read surveys','opensurvey',NULL,2,'survey','read','r',0,NULL,40,0,'2022-12-11 21:23:36'),(101251,'Create/modify surveys','opensurvey',NULL,2,'survey','write','w',0,NULL,40,0,'2022-12-11 21:23:36'),(436150,'Access to ScanInvoices functionalities','scaninvoices',NULL,1,'read',NULL,'w',0,NULL,100090,0,'2023-03-07 17:27:23'),(436151,'Create/Update objects of ScanInvoices','scaninvoices',NULL,1,'write',NULL,'w',0,NULL,100090,0,'2023-03-07 17:27:23'),(436152,'Delete objects of ScanInvoices','scaninvoices',NULL,1,'delete',NULL,'w',0,NULL,100090,0,'2023-03-07 17:27:23'),(941601,'Lire les receptions','reception',NULL,1,'lire',NULL,'r',0,NULL,40,0,'2022-12-11 21:23:36'),(941602,'Creer modifier les receptions','reception',NULL,1,'creer',NULL,'w',0,NULL,40,0,'2022-12-11 21:23:36'),(941603,'Valider les receptions','reception',NULL,1,'reception_advance','validate','d',0,NULL,40,0,'2022-12-11 21:23:36'),(941604,'Envoyer les receptions aux clients','reception',NULL,1,'reception_advance','send','d',0,NULL,40,0,'2022-12-11 21:23:36'),(941605,'Exporter les receptions','reception',NULL,1,'reception','export','r',0,NULL,40,0,'2022-12-11 21:23:36'),(941606,'Supprimer les receptions','reception',NULL,1,'supprimer',NULL,'d',0,NULL,40,0,'2022-12-11 21:23:36'),(6830501,'Read objects of Webhook','webhook',NULL,1,'webhook_target','read','w',0,NULL,90,0,'2023-02-25 14:20:31'),(6830502,'Create/Update objects of Webhook','webhook',NULL,1,'webhook_target','write','w',0,NULL,90,0,'2023-02-25 14:20:31'),(6830503,'Delete objects of Webhook','webhook',NULL,1,'webhook_target','delete','w',0,NULL,90,0,'2023-02-25 14:20:31'),(50000001,'Read objects of Aaa','aaa',NULL,1,'aao','read','w',0,NULL,100090,0,'2023-02-11 11:40:29'),(50000002,'Create/Update objects of Aaa','aaa',NULL,1,'aao','write','w',0,NULL,100090,0,'2023-02-11 11:40:29'),(50000003,'Delete objects of Aaa','aaa',NULL,1,'aao','delete','w',0,NULL,100090,0,'2023-02-11 11:40:29');

--
-- Table structure for table `llx_salary`
--

CREATE TABLE `llx_salary` (
  `rowid` int(11) NOT NULL AUTO_INCREMENT,
  `ref` varchar(30) DEFAULT NULL,
  `tms` timestamp NOT NULL DEFAULT current_timestamp() ON UPDATE current_timestamp(),
  `datec` datetime DEFAULT NULL,
  `fk_user` int(11) NOT NULL,
  `datep` date DEFAULT NULL,
  `datev` date DEFAULT NULL,
  `salary` double(24,8) DEFAULT NULL,
  `amount` double(24,8) NOT NULL DEFAULT 0.00000000,
  `fk_projet` int(11) DEFAULT NULL,
  `fk_typepayment` int(11) NOT NULL,
  `num_payment` varchar(50) DEFAULT NULL,
  `label` varchar(255) DEFAULT NULL,
  `datesp` date DEFAULT NULL,
  `dateep` date DEFAULT NULL,
  `entity` int(11) NOT NULL DEFAULT 1,
  `note` text DEFAULT NULL,
  `fk_bank` int(11) DEFAULT NULL,
  `paye` smallint(6) NOT NULL DEFAULT 0,
  `fk_account` int(11) DEFAULT NULL,
  `fk_user_author` int(11) DEFAULT NULL,
  `fk_user_modif` int(11) DEFAULT NULL,
  `ref_ext` varchar(255) DEFAULT NULL,
  `note_public` text DEFAULT NULL,
  PRIMARY KEY (`rowid`)
) ENGINE=InnoDB AUTO_INCREMENT=5 DEFAULT CHARSET=utf8mb3 COLLATE=utf8mb3_unicode_ci;

--
-- Dumping data for table `llx_salary`
--

INSERT INTO `llx_salary` VALUES (1,'1','2023-08-15 10:42:28',NULL,19,NULL,NULL,NULL,1000.00000000,0,2,NULL,'Salary payment','2019-09-01','2019-09-30',1,'',42,1,NULL,0,12,NULL,NULL),(4,NULL,'2023-08-15 10:42:34','2023-01-06 12:36:21',4,NULL,NULL,NULL,100.00000000,0,6,NULL,'Salary payment','2022-12-01','2022-12-31',1,'',NULL,1,4,12,12,NULL,NULL);

--
-- Table structure for table `llx_salary_extrafields`
--

CREATE TABLE `llx_salary_extrafields` (
  `rowid` int(11) NOT NULL AUTO_INCREMENT,
  `tms` timestamp NOT NULL DEFAULT current_timestamp() ON UPDATE current_timestamp(),
  `fk_object` int(11) NOT NULL,
  `import_key` varchar(14) DEFAULT NULL,
  PRIMARY KEY (`rowid`),
  UNIQUE KEY `uk_salary_extrafields` (`fk_object`)
) ENGINE=InnoDB DEFAULT CHARSET=utf8mb3 COLLATE=utf8mb3_unicode_ci;

--
-- Dumping data for table `llx_salary_extrafields`
--


--
-- Table structure for table `llx_session`
--

CREATE TABLE `llx_session` (
  `session_id` varchar(50) CHARACTER SET utf8mb4 COLLATE utf8mb4_general_ci NOT NULL,
  `session_variable` text CHARACTER SET utf8mb4 COLLATE utf8mb4_general_ci DEFAULT NULL,
  `last_accessed` datetime NOT NULL,
  `fk_user` int(11) NOT NULL,
  `remote_ip` varchar(64) CHARACTER SET utf8mb4 COLLATE utf8mb4_general_ci DEFAULT NULL,
  `user_agent` varchar(255) DEFAULT NULL,
  PRIMARY KEY (`session_id`)
) ENGINE=InnoDB DEFAULT CHARSET=utf8mb3 COLLATE=utf8mb3_unicode_ci;

--
-- Dumping data for table `llx_session`
--


--
-- Table structure for table `llx_societe`
--

CREATE TABLE `llx_societe` (
  `rowid` int(11) NOT NULL AUTO_INCREMENT,
  `statut` tinyint(4) DEFAULT 0,
  `parent` int(11) DEFAULT NULL,
  `tms` timestamp NOT NULL DEFAULT current_timestamp() ON UPDATE current_timestamp(),
  `datec` datetime DEFAULT NULL,
  `nom` varchar(128) DEFAULT NULL,
  `entity` int(11) NOT NULL DEFAULT 1,
  `ref_ext` varchar(255) DEFAULT NULL,
  `ref_int` varchar(60) DEFAULT NULL,
  `code_client` varchar(24) DEFAULT NULL,
  `code_fournisseur` varchar(24) DEFAULT NULL,
  `code_compta` varchar(24) DEFAULT NULL,
  `code_compta_fournisseur` varchar(24) DEFAULT NULL,
  `address` varchar(255) DEFAULT NULL,
  `zip` varchar(25) DEFAULT NULL,
  `town` varchar(50) DEFAULT NULL,
  `fk_departement` int(11) DEFAULT 0,
  `fk_pays` int(11) DEFAULT 0,
  `phone` varchar(20) DEFAULT NULL,
  `phone_mobile` varchar(20) DEFAULT NULL,
  `fax` varchar(20) DEFAULT NULL,
  `url` varchar(255) DEFAULT NULL,
  `email` varchar(128) DEFAULT NULL,
  `socialnetworks` text DEFAULT NULL,
  `fk_effectif` int(11) DEFAULT 0,
  `fk_typent` int(11) DEFAULT NULL,
  `fk_forme_juridique` int(11) DEFAULT 0,
  `fk_currency` varchar(3) DEFAULT NULL,
  `siren` varchar(128) DEFAULT NULL,
  `siret` varchar(128) DEFAULT NULL,
  `ape` varchar(128) DEFAULT NULL,
  `idprof4` varchar(128) DEFAULT NULL,
  `tva_intra` varchar(20) DEFAULT NULL,
  `capital` double(24,8) DEFAULT NULL,
  `fk_stcomm` int(11) NOT NULL DEFAULT 0,
  `note_private` text DEFAULT NULL,
  `note_public` text DEFAULT NULL,
  `prefix_comm` varchar(5) DEFAULT NULL,
  `client` tinyint(4) DEFAULT 0,
  `fournisseur` tinyint(4) DEFAULT 0,
  `supplier_account` varchar(32) DEFAULT NULL,
  `fk_prospectlevel` varchar(12) DEFAULT NULL,
  `customer_bad` tinyint(4) DEFAULT 0,
  `customer_rate` double DEFAULT 0,
  `supplier_rate` double DEFAULT 0,
  `fk_user_creat` int(11) DEFAULT NULL,
  `fk_user_modif` int(11) DEFAULT NULL,
  `remise_client` double DEFAULT 0,
  `remise_supplier` double DEFAULT 0,
  `mode_reglement` tinyint(4) DEFAULT NULL,
  `cond_reglement` tinyint(4) DEFAULT NULL,
  `deposit_percent` varchar(63) DEFAULT NULL,
  `transport_mode` tinyint(4) DEFAULT NULL,
  `mode_reglement_supplier` int(11) DEFAULT NULL,
  `outstanding_limit` double(24,8) DEFAULT NULL,
  `order_min_amount` double(24,8) DEFAULT NULL,
  `supplier_order_min_amount` double(24,8) DEFAULT NULL,
  `cond_reglement_supplier` int(11) DEFAULT NULL,
  `transport_mode_supplier` tinyint(4) DEFAULT NULL,
  `fk_shipping_method` int(11) DEFAULT NULL,
  `tva_assuj` tinyint(4) DEFAULT 1,
  `vat_reverse_charge` tinyint(4) DEFAULT 0,
  `localtax1_assuj` tinyint(4) DEFAULT 0,
  `localtax1_value` double(6,3) DEFAULT NULL,
  `localtax2_assuj` tinyint(4) DEFAULT 0,
  `localtax2_value` double(6,3) DEFAULT NULL,
  `barcode` varchar(255) DEFAULT NULL,
  `price_level` int(11) DEFAULT NULL,
  `default_lang` varchar(6) DEFAULT NULL,
  `canvas` varchar(32) DEFAULT NULL,
  `import_key` varchar(14) DEFAULT NULL,
  `status` tinyint(4) DEFAULT 1,
  `logo` varchar(255) DEFAULT NULL,
  `idprof5` varchar(128) DEFAULT NULL,
  `idprof6` varchar(128) DEFAULT NULL,
  `fk_barcode_type` int(11) DEFAULT 0,
  `webservices_url` varchar(255) DEFAULT NULL,
  `webservices_key` varchar(128) DEFAULT NULL,
  `accountancy_code_sell` varchar(32) DEFAULT NULL,
  `accountancy_code_buy` varchar(32) DEFAULT NULL,
  `name_alias` varchar(128) DEFAULT NULL,
  `fk_incoterms` int(11) DEFAULT NULL,
  `location_incoterms` varchar(255) DEFAULT NULL,
  `model_pdf` varchar(255) DEFAULT NULL,
  `last_main_doc` varchar(255) DEFAULT NULL,
  `fk_multicurrency` int(11) DEFAULT NULL,
  `multicurrency_code` varchar(3) DEFAULT NULL,
  `fk_account` int(11) DEFAULT NULL,
  `fk_warehouse` int(11) DEFAULT NULL,
  `logo_squarred` varchar(255) DEFAULT NULL,
  `geolat` double(24,8) DEFAULT NULL,
  `geolong` double(24,8) DEFAULT NULL,
  `geopoint` point DEFAULT NULL,
  `georesultcode` varchar(16) DEFAULT NULL,
  PRIMARY KEY (`rowid`),
  UNIQUE KEY `uk_societe_prefix_comm` (`prefix_comm`,`entity`),
  UNIQUE KEY `uk_societe_code_client` (`code_client`,`entity`),
  UNIQUE KEY `uk_societe_barcode` (`barcode`,`fk_barcode_type`,`entity`),
  UNIQUE KEY `uk_societe_code_fournisseur` (`code_fournisseur`,`entity`),
  KEY `idx_societe_user_creat` (`fk_user_creat`),
  KEY `idx_societe_user_modif` (`fk_user_modif`),
  KEY `idx_societe_barcode` (`barcode`),
  KEY `idx_societe_warehouse` (`fk_warehouse`),
  KEY `idx_societe_nom` (`nom`)
) ENGINE=InnoDB AUTO_INCREMENT=37 DEFAULT CHARSET=utf8mb3 COLLATE=utf8mb3_unicode_ci;

--
-- Dumping data for table `llx_societe`
--

INSERT INTO `llx_societe` VALUES (1,0,NULL,'2023-03-01 22:02:40','2012-07-08 14:21:44','Indian SAS',1,NULL,NULL,'CU1212-0007','SU1212-0005','7050','6050','1 alalah road',NULL,'Delhi',NULL,117,NULL,NULL,NULL,NULL,NULL,'[]',NULL,4,NULL,'0','','','','','',5000.00000000,2,NULL,NULL,NULL,1,1,NULL,'',0,0,0,1,12,0,0,NULL,NULL,NULL,NULL,NULL,NULL,NULL,NULL,NULL,NULL,NULL,1,0,NULL,0.000,NULL,0.000,NULL,NULL,'fr_FR',NULL,NULL,1,'indiancompany.png','','',0,NULL,NULL,'','','',0,NULL,'',NULL,1,'EUR',NULL,0,NULL,NULL,NULL,NULL,NULL),(2,0,NULL,'2023-02-25 02:32:36','2012-07-08 14:23:48','Teclib',1,NULL,NULL,'CU1108-0001','SU1108-0001','411CU11080001','401SU11080001','',NULL,'Paris',0,1,NULL,NULL,NULL,'www.teclib.com',NULL,NULL,4,3,57,'0','123456789','','ACE14','','',400000.00000000,2,NULL,NULL,NULL,3,1,NULL,'',0,0,0,1,12,0,0,NULL,NULL,NULL,NULL,NULL,NULL,NULL,NULL,NULL,NULL,NULL,1,0,0,0.000,NULL,0.000,NULL,NULL,'fr_FR',NULL,NULL,1,'teclibcompany.png','','',0,NULL,NULL,NULL,NULL,'',0,NULL,NULL,NULL,0,'',NULL,0,NULL,NULL,NULL,NULL,NULL),(3,0,NULL,'2023-02-25 02:32:36','2012-07-08 22:42:12','Spanish Comp',1,NULL,NULL,'SPANISHCOMP','SU1601-0009',NULL,NULL,'1 via mallere',NULL,'Madrid',123,4,NULL,NULL,NULL,NULL,NULL,NULL,3,4,408,'0','','','','','',10000.00000000,2,NULL,NULL,NULL,1,1,NULL,NULL,0,0,0,1,12,0,0,NULL,NULL,NULL,NULL,NULL,NULL,NULL,NULL,NULL,NULL,NULL,1,0,NULL,0.000,NULL,0.000,NULL,NULL,'es_AR',NULL,NULL,1,'spanishcompany.png','','',0,NULL,NULL,NULL,NULL,'',0,NULL,NULL,NULL,NULL,NULL,NULL,0,NULL,NULL,NULL,NULL,NULL),(4,0,NULL,'2022-12-16 11:20:27','2012-07-08 22:48:18','Prospector Vaalen',1,NULL,NULL,'CU1303-0014',NULL,NULL,NULL,'',NULL,'Bruxelles',103,2,NULL,NULL,NULL,NULL,NULL,'[]',3,4,201,'0','12345678','','','','',0.00000000,2,NULL,NULL,NULL,3,0,NULL,'PL_LOW',0,0,0,1,12,0,0,NULL,NULL,NULL,NULL,NULL,NULL,NULL,NULL,NULL,NULL,NULL,1,0,NULL,0.000,NULL,0.000,NULL,NULL,NULL,NULL,NULL,1,'valeencompany.png','','',0,NULL,NULL,'','','',0,NULL,'',NULL,0,'',NULL,0,NULL,NULL,NULL,NULL,NULL),(5,0,NULL,'2017-02-21 11:01:17','2012-07-08 23:22:57','NoCountry GmBh',1,NULL,NULL,NULL,NULL,NULL,NULL,'',NULL,NULL,0,0,NULL,NULL,NULL,NULL,NULL,NULL,NULL,NULL,NULL,'0','','','','','',0.00000000,0,NULL,NULL,NULL,0,0,NULL,'',0,0,0,1,12,0,0,NULL,NULL,NULL,NULL,NULL,NULL,NULL,NULL,NULL,NULL,NULL,1,0,0,0.000,NULL,0.000,NULL,NULL,NULL,NULL,NULL,1,'nocountrycomp.png','','',0,NULL,NULL,NULL,NULL,'',0,NULL,NULL,NULL,1,'EUR',NULL,0,NULL,NULL,NULL,NULL,NULL),(6,0,NULL,'2018-01-16 15:35:56','2012-07-09 00:15:09','Swiss Touch',1,NULL,NULL,'CU1601-0018','SU1601-0010',NULL,NULL,'',NULL,'Genevia',0,6,NULL,NULL,NULL,NULL,'swisstouch@example.ch',NULL,2,2,601,'0','','','','','',56000.00000000,0,NULL,NULL,NULL,3,1,NULL,NULL,0,0,0,1,12,0,0,NULL,NULL,NULL,NULL,NULL,NULL,NULL,NULL,NULL,NULL,NULL,1,0,NULL,0.000,NULL,0.000,NULL,NULL,NULL,NULL,NULL,1,'swisstouch.png','','',0,NULL,NULL,NULL,NULL,'',0,NULL,NULL,NULL,NULL,NULL,NULL,0,NULL,NULL,NULL,NULL,NULL),(7,0,NULL,'2018-01-16 15:38:32','2012-07-09 01:24:26','Generic customer',1,NULL,NULL,'CU1302-0011',NULL,NULL,NULL,'',NULL,NULL,0,7,NULL,NULL,NULL,NULL,'ttt@ttt.com',NULL,NULL,8,NULL,'0','','','','','',0.00000000,0,'Generic customer to use for Point Of Sale module.<br />',NULL,NULL,1,0,NULL,NULL,0,0,0,1,12,0,0,NULL,NULL,NULL,NULL,NULL,NULL,NULL,NULL,NULL,NULL,NULL,1,0,NULL,0.000,NULL,0.000,NULL,NULL,NULL,NULL,NULL,1,'genericcustomer.png','','',0,NULL,NULL,NULL,NULL,'',0,NULL,NULL,NULL,NULL,NULL,NULL,0,NULL,NULL,NULL,NULL,NULL),(10,0,NULL,'2023-01-24 09:58:57','2012-07-10 15:13:08','NLTechno',1,NULL,NULL,'CU1212-0005','SU1601-0011','411CU12120005','401SU16010011','',NULL,NULL,NULL,102,NULL,NULL,NULL,NULL,'vsmith@email.com','[]',1,4,NULL,'0','493861496','49386149600039','6209Z','22-01-2007','',10000.00000000,0,NULL,'aa < aa<br />\r\nd<strong>dd</strong>d',NULL,1,1,NULL,'',0,0,0,1,12,0,0,NULL,NULL,NULL,NULL,NULL,NULL,NULL,NULL,NULL,NULL,NULL,1,0,NULL,0.000,NULL,0.000,'123456789012',NULL,'fr_FR',NULL,NULL,1,'logo_nltechno_94x100.png','','',0,NULL,NULL,'','','The OpenSource company',0,NULL,'generic_odt:/home/ldestailleur/git/dolibarr_11.0/documents/doctemplates/thirdparties/template_thirdparty.ods',NULL,1,'EUR',NULL,0,NULL,NULL,NULL,NULL,NULL),(11,0,NULL,'2019-11-28 11:52:58','2012-07-10 18:35:57','Company Corp 1',1,NULL,NULL,'CU1510-0017',NULL,'7051',NULL,'21 Green Hill street','75500','Los Angeles',0,11,'444123456',NULL,NULL,'companycorp1.com','companycorp1@example.com','{\"skype\":\"corp1\"}',1,1,NULL,'0','AB1234567','','','','USABS123',10000.00000000,0,NULL,NULL,NULL,3,0,NULL,'PL_LOW',0,0,0,1,12,0,0,NULL,NULL,NULL,NULL,NULL,NULL,NULL,NULL,NULL,NULL,NULL,1,0,0,0.000,NULL,0.000,NULL,NULL,'en_US',NULL,NULL,1,'comapnycorp1company.png','','',0,NULL,NULL,NULL,NULL,'',0,NULL,NULL,NULL,1,'EUR',NULL,0,NULL,NULL,NULL,NULL,NULL),(12,0,NULL,'2023-01-14 10:46:33','2012-07-11 16:18:08','Dupont Alain',1,NULL,NULL,'CU1601-0019',NULL,'411CU16010019',NULL,'',NULL,NULL,NULL,NULL,NULL,NULL,NULL,NULL,'pcurie@example.com','[]',NULL,NULL,NULL,'0','','','','','',0.00000000,0,NULL,NULL,NULL,1,0,NULL,'',0,0,0,1,12,0,0,NULL,NULL,NULL,NULL,NULL,NULL,NULL,NULL,NULL,NULL,NULL,1,0,NULL,0.000,NULL,0.000,NULL,NULL,NULL,NULL,NULL,1,'pierrecurie.jpg','','',0,NULL,NULL,'','','',0,NULL,'',NULL,0,'',NULL,0,NULL,NULL,NULL,NULL,NULL),(13,0,NULL,'2019-10-08 09:57:51','2012-07-11 17:13:20','Company Corp 2',1,NULL,NULL,'CU1910-00021','SU1510-0008','411CU191000021','401SU15100008','',NULL,NULL,0,1,NULL,NULL,NULL,NULL,NULL,NULL,NULL,NULL,NULL,'0','','','','','',0.00000000,0,NULL,NULL,NULL,3,1,NULL,'',0,0,0,1,12,0,0,NULL,NULL,NULL,NULL,NULL,NULL,NULL,NULL,NULL,NULL,NULL,1,0,NULL,0.000,NULL,0.000,NULL,NULL,NULL,NULL,NULL,1,'companycorp2company.png','','',0,NULL,NULL,NULL,NULL,'',0,NULL,NULL,NULL,1,'EUR',NULL,0,NULL,NULL,NULL,NULL,NULL),(17,0,NULL,'2024-06-22 10:44:35','2013-08-01 02:41:26','Book Keeping Company',1,NULL,NULL,'CU1108-0004','SU1108-0004','411CU11080004','401SU11080004','The French Company',NULL,'Paris',NULL,1,NULL,NULL,NULL,NULL,NULL,'[]',1,0,NULL,'0','','','','','',0.00000000,0,NULL,NULL,NULL,3,1,NULL,'',0,0,0,1,12,0,0,NULL,NULL,NULL,NULL,NULL,NULL,NULL,NULL,NULL,NULL,NULL,1,0,NULL,0.000,NULL,0.000,NULL,NULL,NULL,NULL,NULL,1,'bookkeepercompany.png','','',0,NULL,NULL,'','','',0,NULL,'',NULL,1,'EUR',NULL,0,NULL,NULL,NULL,NULL,NULL),(19,0,NULL,'2019-09-26 12:03:13','2015-01-12 12:23:05','Magic Food Store',1,NULL,NULL,'CU1301-0008',NULL,NULL,NULL,'65 holdywood boulevard','123456','BigTown',0,4,NULL,NULL,'0101',NULL,'myemail@domain.com',NULL,NULL,NULL,NULL,'0','','','10/10/2010','','',0.00000000,0,NULL,NULL,NULL,1,0,NULL,NULL,0,0,0,1,12,0,0,NULL,NULL,NULL,NULL,NULL,NULL,NULL,NULL,NULL,NULL,NULL,0,0,NULL,0.000,NULL,0.000,NULL,NULL,'en_US',NULL,NULL,1,'magicfoodstore.png','','',0,NULL,NULL,NULL,NULL,'',0,NULL,'sepamandate',NULL,NULL,NULL,NULL,0,NULL,NULL,NULL,NULL,NULL),(25,0,NULL,'2018-01-22 17:21:17','2015-03-10 15:47:37','Print Company',1,NULL,NULL,'CU1303-0016','SU1303-0007',NULL,NULL,'21 Gutenberg street','45600','Berlin',0,5,NULL,NULL,NULL,NULL,'printcompany@example.com',NULL,NULL,NULL,NULL,'0','','','','','',0.00000000,0,NULL,NULL,NULL,0,1,NULL,NULL,0,0,0,1,12,0,0,NULL,NULL,NULL,NULL,NULL,NULL,NULL,NULL,NULL,NULL,NULL,1,0,NULL,0.000,NULL,0.000,NULL,NULL,'de_DE',NULL,NULL,1,'printcompany.png','','',0,NULL,NULL,NULL,NULL,'',0,NULL,NULL,NULL,NULL,NULL,NULL,0,NULL,NULL,NULL,NULL,NULL),(26,0,NULL,'2019-09-26 12:06:05','2017-02-12 23:17:04','Calculation Power',1,NULL,NULL,'CU1702-0020',NULL,'411CU17020020',NULL,'',NULL,'Calgary',0,14,NULL,NULL,NULL,NULL,'calculationpower@example.com',NULL,NULL,NULL,NULL,NULL,'','','','','',NULL,0,NULL,NULL,NULL,3,0,NULL,'',0,0,0,12,12,0,0,NULL,NULL,NULL,NULL,NULL,NULL,NULL,NULL,NULL,NULL,NULL,0,0,0,0.000,0,0.000,NULL,NULL,'en_US',NULL,NULL,1,'bookkeepercompany.png','','',0,NULL,NULL,NULL,NULL,'',0,NULL,NULL,NULL,1,'EUR',NULL,0,NULL,NULL,NULL,NULL,NULL),(29,0,NULL,'2020-01-13 12:56:22','2020-01-06 00:39:58','Patient',1,NULL,NULL,'CU2001-00022',NULL,'411CU200100022',NULL,'',NULL,NULL,0,117,'01',NULL,'02',NULL,NULL,'null',NULL,NULL,NULL,NULL,'','','','','',NULL,0,'aa < ddd',NULL,NULL,3,0,NULL,'',0,0,0,12,12,0,0,NULL,NULL,NULL,NULL,NULL,NULL,NULL,NULL,NULL,NULL,NULL,NULL,0,NULL,0.000,NULL,0.000,NULL,NULL,NULL,'patient@cabinetmed',NULL,1,NULL,'','',0,NULL,NULL,NULL,NULL,'',0,NULL,NULL,NULL,0,'',NULL,0,NULL,NULL,NULL,NULL,NULL),(30,0,NULL,'2022-12-28 00:56:01','2020-01-13 17:19:24','Italo',1,NULL,NULL,'CU2001-00023',NULL,'411CU200100023',NULL,'12 Alagio','123','Milano',777,3,NULL,NULL,NULL,NULL,'aaa@it.com','[]',NULL,0,NULL,NULL,'','','','','',NULL,0,NULL,NULL,NULL,3,0,NULL,'',0,0,0,12,12,0,0,NULL,NULL,NULL,NULL,NULL,NULL,NULL,NULL,NULL,NULL,NULL,1,0,NULL,0.000,NULL,0.000,NULL,4,NULL,NULL,NULL,1,NULL,'','',0,NULL,NULL,'','','',0,NULL,'',NULL,1,'EUR',NULL,0,NULL,NULL,NULL,NULL,NULL),(31,0,NULL,'2023-01-02 18:49:54','2022-12-26 12:12:11','aaa',1,NULL,NULL,'CU2212-00024',NULL,'411CU221200024',NULL,'',NULL,NULL,NULL,1,NULL,NULL,NULL,NULL,NULL,'[]',NULL,0,NULL,NULL,'','','','','',NULL,0,NULL,NULL,NULL,0,0,NULL,'',0,0,0,12,12,0,0,NULL,NULL,NULL,NULL,NULL,NULL,NULL,NULL,NULL,NULL,NULL,1,0,NULL,0.000,NULL,0.000,NULL,NULL,NULL,NULL,NULL,1,'1.JPG','','',0,NULL,NULL,'','','',0,NULL,'',NULL,1,'EUR',NULL,NULL,NULL,NULL,NULL,NULL,NULL),(32,0,NULL,'2022-12-26 12:12:43','2022-12-26 12:12:43','aaa',1,NULL,NULL,'CU2212-00025',NULL,'411CU221200025',NULL,'',NULL,NULL,NULL,1,NULL,NULL,NULL,NULL,NULL,'[]',NULL,0,NULL,NULL,'','','','','',NULL,0,NULL,NULL,NULL,3,0,NULL,'',0,0,0,12,12,0,0,NULL,NULL,NULL,NULL,NULL,NULL,NULL,NULL,NULL,NULL,NULL,1,0,NULL,0.000,NULL,0.000,NULL,NULL,NULL,NULL,NULL,1,NULL,'','',0,NULL,NULL,'','','',0,NULL,'',NULL,1,'EUR',NULL,NULL,NULL,NULL,NULL,NULL,NULL),(33,0,NULL,'2023-02-09 18:09:16','2022-12-26 12:14:10','aaainlux',1,NULL,NULL,'CU2212-00026',NULL,'411CU221200026',NULL,'',NULL,NULL,NULL,1,NULL,NULL,NULL,NULL,NULL,'[]',NULL,0,NULL,NULL,'','','','','',NULL,0,NULL,NULL,NULL,3,0,NULL,'',0,0,0,12,12,0,0,NULL,NULL,NULL,NULL,NULL,NULL,NULL,NULL,NULL,NULL,NULL,1,0,NULL,0.000,NULL,0.000,NULL,NULL,NULL,NULL,NULL,1,NULL,'','',0,NULL,NULL,'','','',0,NULL,'',NULL,1,'EUR',4,NULL,NULL,NULL,NULL,NULL,NULL),(34,0,NULL,'2023-02-15 23:08:31','2022-12-26 12:15:09','aaaincash',1,NULL,NULL,'CU2212-00027',NULL,'411CU221200027',NULL,'Direction des systèmes d\'information\r\n98-102 rue de Richelieu 75002 Paris.\r\nSiège: 1, place du Palais Royal, 75001','75001','Paris',77,1,'060606060606',NULL,'0705050505','https://aaa.com','aaa@aaa.com','[]',NULL,0,NULL,NULL,'','','','','',NULL,0,NULL,NULL,NULL,3,0,NULL,'',0,0,0,12,12,0,0,NULL,NULL,NULL,NULL,NULL,NULL,NULL,NULL,NULL,NULL,NULL,1,0,NULL,0.000,NULL,0.000,NULL,NULL,NULL,NULL,NULL,1,NULL,'','',0,NULL,NULL,'','','',0,NULL,'',NULL,1,'EUR',3,NULL,NULL,NULL,NULL,NULL,NULL),(35,0,NULL,'2022-12-28 00:21:00','2022-12-26 12:18:03','bbb',1,NULL,NULL,'CU2212-00028',NULL,'411CU221200028',NULL,'',NULL,NULL,NULL,1,NULL,NULL,NULL,NULL,'aaa@aa.com','[]',NULL,0,NULL,NULL,'','','','','',NULL,0,NULL,NULL,NULL,3,0,NULL,'',0,0,0,12,12,0,0,NULL,NULL,NULL,NULL,NULL,NULL,NULL,NULL,NULL,NULL,NULL,1,0,NULL,0.000,NULL,0.000,NULL,NULL,NULL,NULL,NULL,1,NULL,'','',0,NULL,NULL,'','','',0,NULL,'',NULL,1,'EUR',NULL,NULL,NULL,NULL,NULL,NULL,NULL),(36,0,NULL,'2022-12-26 12:21:55','2022-12-26 12:21:55','bbb',1,NULL,NULL,'CU2212-00029',NULL,'411CU221200029',NULL,'',NULL,NULL,NULL,1,NULL,NULL,NULL,NULL,NULL,'[]',NULL,0,NULL,NULL,'','','','','',NULL,0,NULL,NULL,NULL,3,0,NULL,'',0,0,0,12,12,0,0,NULL,NULL,NULL,NULL,NULL,NULL,NULL,NULL,NULL,NULL,NULL,1,0,NULL,0.000,NULL,0.000,NULL,NULL,NULL,NULL,NULL,1,NULL,'','',0,NULL,NULL,'','','',0,NULL,'',NULL,1,'EUR',NULL,NULL,NULL,NULL,NULL,NULL,NULL);

--
-- Table structure for table `llx_societe_account`
--

CREATE TABLE `llx_societe_account` (
  `rowid` int(11) NOT NULL AUTO_INCREMENT,
  `entity` int(11) DEFAULT 1,
  `login` varchar(128) NOT NULL,
  `pass_encoding` varchar(24) DEFAULT NULL,
  `pass_crypted` varchar(128) DEFAULT NULL,
  `pass_temp` varchar(128) DEFAULT NULL,
  `fk_soc` int(11) DEFAULT NULL,
  `site` varchar(128) NOT NULL,
  `fk_website` int(11) DEFAULT NULL,
  `note_private` mediumtext DEFAULT NULL,
  `date_last_login` datetime DEFAULT NULL,
  `date_previous_login` datetime DEFAULT NULL,
  `date_creation` datetime NOT NULL,
  `tms` timestamp NOT NULL DEFAULT current_timestamp() ON UPDATE current_timestamp(),
  `fk_user_creat` int(11) NOT NULL,
  `fk_user_modif` int(11) DEFAULT NULL,
  `import_key` varchar(14) DEFAULT NULL,
  `status` int(11) DEFAULT NULL,
  `key_account` varchar(128) DEFAULT NULL,
  `site_account` varchar(128) DEFAULT NULL,
  PRIMARY KEY (`rowid`),
  UNIQUE KEY `uk_societe_account_login_website_soc` (`entity`,`fk_soc`,`login`,`site`,`fk_website`),
  UNIQUE KEY `uk_societe_account_key_account_soc` (`entity`,`fk_soc`,`key_account`,`site`,`fk_website`),
  KEY `idx_societe_account_rowid` (`rowid`),
  KEY `idx_societe_account_login` (`login`),
  KEY `idx_societe_account_status` (`status`),
  KEY `idx_societe_account_fk_website` (`fk_website`),
  KEY `idx_societe_account_fk_soc` (`fk_soc`),
  CONSTRAINT `llx_societe_account_fk_societe` FOREIGN KEY (`fk_soc`) REFERENCES `llx_societe` (`rowid`)
) ENGINE=InnoDB AUTO_INCREMENT=53 DEFAULT CHARSET=utf8mb3 COLLATE=utf8mb3_unicode_ci;

--
-- Dumping data for table `llx_societe_account`
--

INSERT INTO `llx_societe_account` VALUES (1,1,'','',NULL,NULL,204,'stripe',NULL,NULL,NULL,NULL,'2018-03-13 19:25:01','2018-03-19 09:01:17',12,NULL,NULL,0,'',NULL),(4,1,'','',NULL,NULL,148,'stripe',NULL,NULL,NULL,NULL,'2018-03-14 01:04:19','2018-03-14 19:58:19',12,NULL,NULL,0,'cus_CTnHl6FRkiJJYC',NULL),(5,1,'','',NULL,NULL,148,'stripe',NULL,NULL,NULL,NULL,'2018-03-14 01:08:02','2018-03-14 19:58:19',12,NULL,NULL,0,'cus_CTnHl6FRkiJJYC',NULL),(6,1,'','',NULL,NULL,145,'stripe',NULL,NULL,NULL,NULL,'2018-03-14 17:09:36','2018-03-14 14:46:15',12,NULL,NULL,0,'cus_CUZzMg8S2T3oEo',NULL),(7,1,'','',NULL,NULL,145,'stripe',NULL,NULL,NULL,NULL,'2018-03-14 17:09:44','2018-03-14 14:46:15',12,NULL,NULL,0,'cus_CUZzMg8S2T3oEo',NULL),(8,1,'','',NULL,NULL,145,'stripe',NULL,NULL,NULL,NULL,'2018-03-14 18:43:23','2018-03-14 14:46:15',12,NULL,NULL,0,'cus_CUZzMg8S2T3oEo',NULL),(9,1,'','',NULL,NULL,145,'stripe',NULL,NULL,NULL,NULL,'2018-03-14 18:46:09','2018-03-14 14:46:15',12,NULL,NULL,0,'cus_CUZzMg8S2T3oEo',NULL),(10,1,'','',NULL,NULL,145,'stripe',NULL,NULL,NULL,NULL,'2018-03-14 18:46:15','2018-03-14 14:46:15',12,NULL,NULL,0,'cus_CUZzMg8S2T3oEo',NULL),(13,1,'',NULL,NULL,NULL,163,'stripe',NULL,NULL,NULL,NULL,'2018-03-14 19:33:19','2018-03-14 15:33:19',0,NULL,NULL,0,'cus_CUam8x0KCoKZlc',NULL),(14,1,'',NULL,NULL,NULL,182,'stripe',NULL,NULL,NULL,NULL,'2018-03-14 19:48:48','2018-03-14 15:48:49',0,NULL,NULL,0,'cus_CUb2Xt4A2p5vMd',NULL),(15,1,'',NULL,NULL,NULL,203,'stripe',NULL,NULL,NULL,NULL,'2018-03-14 19:52:13','2018-03-21 10:43:37',12,NULL,NULL,0,'',NULL),(17,1,'','',NULL,NULL,148,'stripe',NULL,NULL,NULL,NULL,'2018-03-14 23:57:42','2018-03-14 19:58:19',12,NULL,NULL,0,'cus_CTnHl6FRkiJJYC',NULL),(18,1,'','',NULL,NULL,148,'stripe',NULL,NULL,NULL,NULL,'2018-03-14 23:57:47','2018-03-14 19:58:19',12,NULL,NULL,0,'cus_CTnHl6FRkiJJYC',NULL),(19,1,'','',NULL,NULL,148,'stripe',NULL,NULL,NULL,NULL,'2018-03-14 23:58:13','2018-03-14 19:58:19',12,NULL,NULL,0,'cus_CTnHl6FRkiJJYC',NULL),(20,1,'','',NULL,NULL,148,'stripe',NULL,NULL,NULL,NULL,'2018-03-14 23:58:19','2018-03-14 19:58:19',12,NULL,NULL,0,'cus_CTnHl6FRkiJJYC',NULL),(21,1,'',NULL,NULL,NULL,151,'stripe',NULL,NULL,NULL,NULL,'2018-03-16 19:10:29','2018-03-16 15:10:29',12,NULL,NULL,0,'cus_CVKshSj8uuaATf',NULL),(22,1,'','',NULL,NULL,152,'stripe',NULL,NULL,NULL,NULL,'2018-03-16 19:11:15','2018-03-16 15:11:15',12,NULL,NULL,0,'cus_CTnHl6FRkiJJYC',NULL),(24,1,'',NULL,NULL,NULL,153,'stripe',NULL,NULL,NULL,NULL,'2018-03-16 20:15:45','2018-03-16 16:15:45',18,NULL,NULL,0,'cus_CVLv9rX4wMouSk',NULL),(25,1,'','',NULL,NULL,155,'stripe',NULL,NULL,NULL,NULL,'2018-03-18 23:55:37','2018-03-18 19:55:37',12,NULL,NULL,0,'cus_CVLLzP90RCWx76',NULL),(26,1,'','',NULL,NULL,155,'stripe',NULL,NULL,NULL,NULL,'2018-03-19 00:01:47','2018-03-18 20:01:47',12,NULL,NULL,1,'cus_CVLLzP90RCWx76',NULL),(27,1,'','',NULL,NULL,204,'stripe',NULL,NULL,NULL,NULL,'2018-03-19 13:01:17','2018-03-19 09:01:17',12,NULL,NULL,0,'',NULL),(28,1,'',NULL,NULL,NULL,204,'stripe',NULL,NULL,NULL,NULL,'2018-03-19 13:21:02','2018-03-19 09:21:02',0,NULL,NULL,0,'cus_CWMu7PlGViJN1S',NULL),(30,1,'','',NULL,NULL,203,'stripe',NULL,NULL,NULL,NULL,'2018-03-21 14:43:37','2018-03-21 10:43:37',12,NULL,NULL,0,'',NULL),(31,1,'',NULL,NULL,NULL,203,'stripe',NULL,NULL,NULL,NULL,'2018-03-21 14:44:18','2018-03-21 10:44:18',0,NULL,NULL,0,'cus_CX8hWwDQPMht5r',NULL),(32,1,'',NULL,NULL,NULL,211,'stripe',NULL,NULL,NULL,NULL,'2018-04-19 16:20:27','2018-04-19 14:20:27',18,NULL,NULL,0,'cus_Ci3khlxtfYB0Xl',NULL),(33,1,'',NULL,NULL,NULL,7,'stripe',NULL,NULL,NULL,NULL,'2018-04-30 14:57:29','2018-04-30 12:57:29',0,NULL,NULL,0,'cus_Cm9td5UQieFnlZ',NULL),(38,1,'',NULL,NULL,NULL,154,'stripe',NULL,NULL,NULL,NULL,'2018-05-16 17:01:24','2018-05-16 15:01:24',18,NULL,NULL,0,'cus_CsBVSuBeNzmYw9',NULL),(39,1,'','',NULL,NULL,151,'stripe',NULL,NULL,NULL,NULL,'2018-05-17 09:42:37','2018-05-17 07:42:37',12,NULL,NULL,1,'cus_CVKshSj8uuaATf',NULL),(40,1,'',NULL,NULL,NULL,217,'stripe',NULL,NULL,NULL,NULL,'2018-06-01 19:47:16','2018-06-01 17:47:16',18,NULL,NULL,0,'cus_CyDmj3FJD8rYsd',NULL),(41,1,'',NULL,NULL,NULL,218,'stripe',NULL,NULL,NULL,NULL,'2018-06-11 11:34:38','2018-06-11 09:34:38',12,NULL,NULL,0,'cus_D1q6IoIUoG7LMq',NULL),(42,1,'',NULL,NULL,NULL,10,'stripe',NULL,NULL,NULL,NULL,'2018-06-12 13:49:51','2018-06-12 11:49:51',0,NULL,NULL,0,'cus_D2FVgMTgsYjt6k',NULL),(44,1,'',NULL,NULL,NULL,215,'stripe',NULL,NULL,NULL,NULL,'2018-06-15 16:01:07','2018-06-15 14:01:07',18,NULL,NULL,0,'cus_D3PIZ5HzIeMj7B',NULL),(45,1,'',NULL,NULL,NULL,229,'stripe',NULL,NULL,NULL,NULL,'2018-06-27 01:40:40','2018-06-26 23:40:40',18,NULL,NULL,0,'cus_D7g8Bvgx0AFfha',NULL),(46,1,'',NULL,NULL,NULL,156,'stripe',NULL,NULL,NULL,NULL,'2018-07-17 14:13:48','2018-07-17 12:13:48',18,NULL,NULL,0,'cus_DFMnr5WsUoaCJX',NULL),(47,1,'',NULL,NULL,NULL,231,'stripe',NULL,NULL,NULL,NULL,'2018-07-17 17:46:42','2018-07-17 15:46:42',18,NULL,NULL,0,'cus_DFQEkv3jONVJwR',NULL),(48,1,'',NULL,NULL,NULL,250,'stripe',NULL,NULL,NULL,NULL,'2018-09-17 09:27:23','2018-09-17 07:27:23',18,NULL,NULL,0,'cus_DcWBnburaSkf0c',NULL),(49,1,'',NULL,NULL,NULL,11,'stripe',NULL,NULL,NULL,NULL,'2018-10-12 20:08:01','2018-10-12 18:08:01',0,NULL,NULL,0,'cus_Dm39EV1tf8CRBT',NULL),(50,1,'',NULL,NULL,NULL,214,'stripe',NULL,NULL,NULL,NULL,'2018-10-12 20:57:17','2018-10-12 18:57:17',18,NULL,NULL,0,'cus_Dm3wMg8aMLoRC9',NULL),(51,1,'',NULL,NULL,NULL,213,'stripe',NULL,NULL,NULL,NULL,'2018-10-12 20:59:41','2018-10-12 18:59:41',18,NULL,NULL,0,'cus_Dm3zHwLuFKePzk',NULL),(52,1,'',NULL,NULL,NULL,19,'stripe',NULL,NULL,NULL,NULL,'2020-01-02 23:41:45','2020-01-02 19:41:45',12,NULL,NULL,0,'cus_GTWb6Y0oPo4ciI',NULL);

--
-- Table structure for table `llx_societe_commerciaux`
--

CREATE TABLE `llx_societe_commerciaux` (
  `rowid` int(11) NOT NULL AUTO_INCREMENT,
  `fk_soc` int(11) DEFAULT NULL,
  `fk_user` int(11) DEFAULT NULL,
  `import_key` varchar(14) DEFAULT NULL,
  `fk_c_type_contact_code` varchar(32) NOT NULL DEFAULT 'SALESREPTHIRD',
  PRIMARY KEY (`rowid`),
  UNIQUE KEY `uk_societe_commerciaux_c_type_contact` (`fk_soc`,`fk_user`,`fk_c_type_contact_code`),
  KEY `fk_societe_commerciaux_fk_c_type_contact_code` (`fk_c_type_contact_code`),
  KEY `fk_societe_commerciaux_fk_user` (`fk_user`),
  CONSTRAINT `fk_societe_commerciaux_fk_c_type_contact_code` FOREIGN KEY (`fk_c_type_contact_code`) REFERENCES `llx_c_type_contact` (`code`),
  CONSTRAINT `fk_societe_commerciaux_fk_soc` FOREIGN KEY (`fk_soc`) REFERENCES `llx_societe` (`rowid`),
  CONSTRAINT `fk_societe_commerciaux_fk_user` FOREIGN KEY (`fk_user`) REFERENCES `llx_user` (`rowid`)
) ENGINE=InnoDB AUTO_INCREMENT=13 DEFAULT CHARSET=utf8mb3 COLLATE=utf8mb3_unicode_ci;

--
-- Dumping data for table `llx_societe_commerciaux`
--

INSERT INTO `llx_societe_commerciaux` VALUES (1,2,2,NULL,'SALESREPTHIRD'),(2,3,2,NULL,'SALESREPTHIRD'),(5,17,1,NULL,'SALESREPTHIRD'),(6,19,1,NULL,'SALESREPTHIRD'),(8,19,3,NULL,'SALESREPTHIRD'),(9,11,16,NULL,'SALESREPTHIRD'),(10,13,17,NULL,'SALESREPTHIRD'),(11,26,12,NULL,'SALESREPTHIRD'),(12,29,12,NULL,'SALESREPTHIRD');

--
-- Table structure for table `llx_societe_contacts`
--

CREATE TABLE `llx_societe_contacts` (
  `rowid` int(11) NOT NULL AUTO_INCREMENT,
  `entity` int(11) NOT NULL DEFAULT 1,
  `date_creation` datetime NOT NULL,
  `fk_soc` int(11) NOT NULL,
  `fk_c_type_contact` int(11) NOT NULL,
  `fk_socpeople` int(11) NOT NULL,
  `tms` timestamp NOT NULL DEFAULT current_timestamp() ON UPDATE current_timestamp(),
  `import_key` varchar(14) DEFAULT NULL,
  PRIMARY KEY (`rowid`),
  UNIQUE KEY `idx_societe_contacts_idx1` (`entity`,`fk_soc`,`fk_c_type_contact`,`fk_socpeople`),
  KEY `fk_societe_contacts_fk_c_type_contact` (`fk_c_type_contact`),
  KEY `fk_societe_contacts_fk_soc` (`fk_soc`),
  KEY `fk_societe_contacts_fk_socpeople` (`fk_socpeople`),
  CONSTRAINT `fk_societe_contacts_fk_c_type_contact` FOREIGN KEY (`fk_c_type_contact`) REFERENCES `llx_c_type_contact` (`rowid`),
  CONSTRAINT `fk_societe_contacts_fk_soc` FOREIGN KEY (`fk_soc`) REFERENCES `llx_societe` (`rowid`),
  CONSTRAINT `fk_societe_contacts_fk_socpeople` FOREIGN KEY (`fk_socpeople`) REFERENCES `llx_socpeople` (`rowid`)
) ENGINE=InnoDB DEFAULT CHARSET=utf8mb3 COLLATE=utf8mb3_unicode_ci;

--
-- Dumping data for table `llx_societe_contacts`
--


--
-- Table structure for table `llx_societe_extrafields`
--

CREATE TABLE `llx_societe_extrafields` (
  `rowid` int(11) NOT NULL AUTO_INCREMENT,
  `tms` timestamp NOT NULL DEFAULT current_timestamp() ON UPDATE current_timestamp(),
  `fk_object` int(11) NOT NULL,
  `import_key` varchar(14) DEFAULT NULL,
  `height` varchar(128) DEFAULT NULL,
  `weight` varchar(128) DEFAULT NULL,
  `prof` varchar(128) DEFAULT NULL,
  `birthdate` date DEFAULT NULL,
  `dolicloud` varchar(255) NOT NULL DEFAULT 'no',
  `date_registration` datetime DEFAULT NULL,
  `domain_registration_page` varchar(128) DEFAULT NULL,
  `ip_confirm_email` varchar(128) DEFAULT NULL,
  `source` varchar(64) DEFAULT NULL,
  `source_utm` varchar(64) DEFAULT NULL,
  `firstname` varchar(64) DEFAULT NULL,
  `lastname` varchar(64) DEFAULT NULL,
  `password` varchar(128) DEFAULT NULL,
  `oldpassword` varchar(128) DEFAULT NULL,
  `pass_temp` varchar(128) DEFAULT NULL,
  `optinmessages` int(1) DEFAULT NULL,
  `emailccinvoice` varchar(255) DEFAULT NULL,
  `manualcollection` int(1) DEFAULT NULL,
  `commission` int(3) DEFAULT NULL,
  `stripeaccount` varchar(255) DEFAULT NULL,
  `maxnbofinstances` int(3) DEFAULT 4,
  `checkboxnonprofitorga` varchar(255) DEFAULT NULL,
  PRIMARY KEY (`rowid`),
  UNIQUE KEY `uk_societe_extrafields` (`fk_object`)
) ENGINE=InnoDB AUTO_INCREMENT=123 DEFAULT CHARSET=utf8mb3 COLLATE=utf8mb3_unicode_ci;

--
-- Dumping data for table `llx_societe_extrafields`
--

INSERT INTO `llx_societe_extrafields` VALUES (79,'2018-01-22 17:13:16',13,NULL,NULL,NULL,NULL,NULL,'no',NULL,NULL,NULL,NULL,NULL,NULL,NULL,NULL,NULL,NULL,NULL,NULL,NULL,NULL,NULL,4,NULL),(81,'2018-01-22 17:18:08',19,NULL,NULL,NULL,NULL,NULL,'no',NULL,NULL,NULL,NULL,NULL,NULL,NULL,NULL,NULL,NULL,NULL,NULL,NULL,NULL,NULL,4,NULL),(82,'2018-01-22 17:21:17',25,NULL,NULL,NULL,NULL,NULL,'no',NULL,NULL,NULL,NULL,NULL,NULL,NULL,NULL,NULL,NULL,NULL,NULL,NULL,NULL,NULL,4,NULL),(85,'2018-01-22 17:22:32',3,NULL,NULL,NULL,NULL,NULL,'no',NULL,NULL,NULL,NULL,NULL,NULL,NULL,NULL,NULL,NULL,NULL,NULL,NULL,NULL,NULL,4,NULL),(88,'2018-01-22 17:25:26',6,NULL,NULL,NULL,NULL,NULL,'no',NULL,NULL,NULL,NULL,NULL,NULL,NULL,NULL,NULL,NULL,NULL,NULL,NULL,NULL,NULL,4,NULL),(89,'2018-01-22 17:25:41',7,NULL,NULL,NULL,NULL,NULL,'no',NULL,NULL,NULL,NULL,NULL,NULL,NULL,NULL,NULL,NULL,NULL,NULL,NULL,NULL,NULL,4,NULL),(92,'2018-07-30 11:45:49',2,NULL,NULL,NULL,NULL,NULL,'no',NULL,NULL,NULL,NULL,NULL,NULL,NULL,NULL,NULL,NULL,NULL,NULL,NULL,NULL,NULL,4,NULL),(96,'2017-02-21 11:01:17',5,NULL,NULL,NULL,NULL,NULL,'no',NULL,NULL,NULL,NULL,NULL,NULL,NULL,NULL,NULL,NULL,NULL,NULL,NULL,NULL,NULL,4,NULL),(97,'2017-05-12 09:06:31',11,NULL,NULL,NULL,NULL,NULL,'no',NULL,NULL,NULL,NULL,NULL,NULL,NULL,NULL,NULL,NULL,NULL,NULL,NULL,NULL,NULL,4,NULL),(99,'2019-09-26 12:06:05',26,NULL,NULL,NULL,NULL,NULL,'no',NULL,NULL,NULL,NULL,NULL,NULL,NULL,NULL,NULL,NULL,NULL,NULL,NULL,NULL,NULL,4,NULL),(100,'2020-01-05 20:39:58',29,NULL,NULL,NULL,NULL,NULL,'no',NULL,NULL,NULL,NULL,NULL,NULL,NULL,NULL,NULL,NULL,NULL,NULL,NULL,NULL,NULL,4,NULL),(103,'2022-12-16 11:20:27',4,NULL,NULL,NULL,NULL,NULL,'no',NULL,NULL,NULL,NULL,NULL,NULL,NULL,NULL,NULL,NULL,NULL,NULL,NULL,NULL,NULL,4,NULL),(107,'2022-12-26 12:12:43',32,NULL,NULL,NULL,NULL,NULL,'no',NULL,NULL,NULL,NULL,NULL,NULL,NULL,NULL,NULL,NULL,NULL,NULL,NULL,NULL,NULL,4,NULL),(111,'2022-12-26 12:21:55',36,NULL,NULL,NULL,NULL,NULL,'no',NULL,NULL,NULL,NULL,NULL,NULL,NULL,NULL,NULL,NULL,NULL,NULL,NULL,NULL,NULL,4,NULL),(112,'2022-12-28 00:21:00',35,NULL,NULL,NULL,NULL,NULL,'no',NULL,NULL,NULL,NULL,NULL,NULL,NULL,NULL,NULL,NULL,NULL,NULL,NULL,NULL,NULL,4,NULL),(114,'2022-12-28 00:56:09',30,NULL,NULL,NULL,NULL,NULL,'no',NULL,NULL,NULL,NULL,NULL,NULL,NULL,NULL,NULL,NULL,NULL,NULL,NULL,NULL,NULL,4,NULL),(115,'2023-01-02 18:49:54',31,NULL,NULL,NULL,NULL,NULL,'no',NULL,NULL,NULL,NULL,NULL,NULL,NULL,NULL,NULL,NULL,NULL,NULL,NULL,NULL,NULL,4,NULL),(116,'2023-01-14 10:46:33',12,NULL,NULL,NULL,NULL,NULL,'no',NULL,NULL,NULL,NULL,NULL,NULL,NULL,NULL,NULL,NULL,NULL,NULL,NULL,NULL,NULL,4,NULL),(117,'2023-01-24 09:58:57',10,NULL,NULL,NULL,NULL,NULL,'no',NULL,NULL,NULL,NULL,NULL,NULL,NULL,NULL,NULL,NULL,NULL,NULL,NULL,NULL,NULL,4,'0'),(119,'2023-02-09 18:09:09',33,NULL,NULL,NULL,NULL,NULL,'no',NULL,NULL,NULL,NULL,NULL,NULL,NULL,NULL,NULL,NULL,NULL,NULL,NULL,NULL,NULL,4,'0'),(120,'2023-02-15 23:08:31',34,NULL,NULL,NULL,NULL,NULL,'no',NULL,NULL,NULL,NULL,NULL,NULL,NULL,NULL,NULL,NULL,NULL,NULL,NULL,NULL,NULL,4,'0'),(121,'2023-03-01 22:02:40',1,NULL,NULL,NULL,NULL,NULL,'no',NULL,NULL,NULL,NULL,NULL,NULL,NULL,NULL,NULL,NULL,NULL,NULL,NULL,NULL,NULL,4,'0'),(122,'2024-06-22 10:44:35',17,NULL,NULL,NULL,NULL,NULL,'no',NULL,NULL,NULL,NULL,NULL,NULL,NULL,NULL,NULL,NULL,NULL,NULL,NULL,NULL,NULL,4,NULL);

--
-- Table structure for table `llx_societe_perentity`
--

CREATE TABLE `llx_societe_perentity` (
  `rowid` int(11) NOT NULL AUTO_INCREMENT,
  `fk_soc` int(11) DEFAULT NULL,
  `entity` int(11) NOT NULL DEFAULT 1,
  `accountancy_code_customer` varchar(24) DEFAULT NULL,
  `accountancy_code_supplier` varchar(24) DEFAULT NULL,
  `accountancy_code_sell` varchar(32) DEFAULT NULL,
  `accountancy_code_buy` varchar(32) DEFAULT NULL,
  PRIMARY KEY (`rowid`),
  UNIQUE KEY `uk_societe_perentity` (`fk_soc`,`entity`),
  KEY `idx_societe_perentity_fk_soc` (`fk_soc`)
) ENGINE=InnoDB DEFAULT CHARSET=utf8mb3 COLLATE=utf8mb3_unicode_ci;

--
-- Dumping data for table `llx_societe_perentity`
--


--
-- Table structure for table `llx_societe_prices`
--

CREATE TABLE `llx_societe_prices` (
  `rowid` int(11) NOT NULL AUTO_INCREMENT,
  `fk_soc` int(11) DEFAULT 0,
  `tms` timestamp NULL DEFAULT NULL,
  `datec` datetime DEFAULT NULL,
  `fk_user_author` int(11) DEFAULT NULL,
  `price_level` tinyint(4) DEFAULT 1,
  PRIMARY KEY (`rowid`)
) ENGINE=InnoDB AUTO_INCREMENT=4 DEFAULT CHARSET=utf8mb3 COLLATE=utf8mb3_unicode_ci;

--
-- Dumping data for table `llx_societe_prices`
--

INSERT INTO `llx_societe_prices` VALUES (1,30,NULL,'2020-01-17 14:54:44',12,4),(2,30,NULL,'2020-01-17 15:19:28',12,1),(3,30,NULL,'2020-01-17 15:21:26',12,4);

--
-- Table structure for table `llx_societe_remise`
--

CREATE TABLE `llx_societe_remise` (
  `rowid` int(11) NOT NULL AUTO_INCREMENT,
  `entity` int(11) NOT NULL DEFAULT 1,
  `fk_soc` int(11) NOT NULL,
  `tms` timestamp NOT NULL DEFAULT current_timestamp() ON UPDATE current_timestamp(),
  `datec` datetime DEFAULT NULL,
  `fk_user_author` int(11) DEFAULT NULL,
  `remise_client` double(6,3) NOT NULL DEFAULT 0.000,
  `note` text DEFAULT NULL,
  PRIMARY KEY (`rowid`)
) ENGINE=InnoDB DEFAULT CHARSET=utf8mb3 COLLATE=utf8mb3_unicode_ci;

--
-- Dumping data for table `llx_societe_remise`
--


--
-- Table structure for table `llx_societe_remise_except`
--

CREATE TABLE `llx_societe_remise_except` (
  `rowid` int(11) NOT NULL AUTO_INCREMENT,
  `entity` int(11) NOT NULL DEFAULT 1,
  `fk_soc` int(11) NOT NULL,
  `discount_type` int(11) NOT NULL DEFAULT 0,
  `datec` datetime DEFAULT NULL,
  `amount_ht` double(24,8) NOT NULL,
  `amount_tva` double(24,8) NOT NULL DEFAULT 0.00000000,
  `amount_ttc` double(24,8) NOT NULL DEFAULT 0.00000000,
  `tva_tx` double(6,3) NOT NULL DEFAULT 0.000,
  `fk_user` int(11) NOT NULL,
  `fk_facture_line` int(11) DEFAULT NULL,
  `fk_facture` int(11) DEFAULT NULL,
  `fk_facture_source` int(11) DEFAULT NULL,
  `description` text NOT NULL,
  `multicurrency_amount_ht` double(24,8) NOT NULL DEFAULT 0.00000000,
  `multicurrency_amount_tva` double(24,8) NOT NULL DEFAULT 0.00000000,
  `multicurrency_amount_ttc` double(24,8) NOT NULL DEFAULT 0.00000000,
  `fk_invoice_supplier_line` int(11) DEFAULT NULL,
  `fk_invoice_supplier` int(11) DEFAULT NULL,
  `fk_invoice_supplier_source` int(11) DEFAULT NULL,
  `vat_src_code` varchar(10) DEFAULT '',
  `multicurrency_code` varchar(3) DEFAULT NULL,
  `multicurrency_tx` double(24,8) DEFAULT NULL,
  PRIMARY KEY (`rowid`),
  KEY `idx_societe_remise_except_fk_user` (`fk_user`),
  KEY `idx_societe_remise_except_fk_soc` (`fk_soc`),
  KEY `idx_societe_remise_except_fk_facture_line` (`fk_facture_line`),
  KEY `idx_societe_remise_except_fk_facture` (`fk_facture`),
  KEY `idx_societe_remise_except_fk_facture_source` (`fk_facture_source`),
  KEY `fk_soc_remise_fk_invoice_supplier_line` (`fk_invoice_supplier_line`),
  KEY `fk_societe_remise_fk_invoice_supplier_source` (`fk_invoice_supplier`),
  KEY `idx_societe_remise_except_discount_type` (`discount_type`),
  CONSTRAINT `fk_soc_remise_fk_facture_line` FOREIGN KEY (`fk_facture_line`) REFERENCES `llx_facturedet` (`rowid`),
  CONSTRAINT `fk_soc_remise_fk_invoice_supplier_line` FOREIGN KEY (`fk_invoice_supplier_line`) REFERENCES `llx_facture_fourn_det` (`rowid`),
  CONSTRAINT `fk_soc_remise_fk_soc` FOREIGN KEY (`fk_soc`) REFERENCES `llx_societe` (`rowid`),
  CONSTRAINT `fk_societe_remise_fk_facture` FOREIGN KEY (`fk_facture`) REFERENCES `llx_facture` (`rowid`),
  CONSTRAINT `fk_societe_remise_fk_facture_line` FOREIGN KEY (`fk_facture_line`) REFERENCES `llx_facturedet` (`rowid`),
  CONSTRAINT `fk_societe_remise_fk_facture_source` FOREIGN KEY (`fk_facture_source`) REFERENCES `llx_facture` (`rowid`),
  CONSTRAINT `fk_societe_remise_fk_invoice_supplier` FOREIGN KEY (`fk_invoice_supplier`) REFERENCES `llx_facture_fourn` (`rowid`),
  CONSTRAINT `fk_societe_remise_fk_invoice_supplier_source` FOREIGN KEY (`fk_invoice_supplier`) REFERENCES `llx_facture_fourn` (`rowid`),
  CONSTRAINT `fk_societe_remise_fk_soc` FOREIGN KEY (`fk_soc`) REFERENCES `llx_societe` (`rowid`),
  CONSTRAINT `fk_societe_remise_fk_user` FOREIGN KEY (`fk_user`) REFERENCES `llx_user` (`rowid`)
) ENGINE=InnoDB AUTO_INCREMENT=20 DEFAULT CHARSET=utf8mb3 COLLATE=utf8mb3_unicode_ci;

--
-- Dumping data for table `llx_societe_remise_except`
--

INSERT INTO `llx_societe_remise_except` VALUES (2,1,19,0,'2015-03-19 09:36:15',10.00000000,1.25000000,11.25000000,12.500,1,NULL,NULL,NULL,'hfghgf',0.00000000,0.00000000,0.00000000,NULL,NULL,NULL,'',NULL,NULL),(14,1,17,1,'2020-01-01 22:06:30',79.16444000,9.89556000,89.06000000,12.500,12,NULL,NULL,NULL,'(CREDIT_NOTE)',0.00000000,0.00000000,0.00000000,NULL,NULL,27,'',NULL,NULL),(15,1,19,0,'2020-01-16 02:34:47',20.50000000,0.00000000,20.50000000,0.000,12,1065,NULL,224,'(DEPOSIT)',20.50000000,0.00000000,20.50000000,NULL,NULL,NULL,'',NULL,NULL),(16,1,1,0,'2020-01-19 14:49:41',10.00000000,1.96000000,11.96000000,19.600,12,NULL,NULL,NULL,'111',10.00000000,1.96000000,11.96000000,NULL,NULL,NULL,'',NULL,NULL),(19,1,1,0,'2020-01-19 15:16:27',48.60000000,1.94000000,50.54000000,4.000,12,NULL,NULL,228,'(DEPOSIT)',48.60000000,1.94000000,50.54000000,NULL,NULL,NULL,'',NULL,NULL);

--
-- Table structure for table `llx_societe_remise_supplier`
--

CREATE TABLE `llx_societe_remise_supplier` (
  `rowid` int(11) NOT NULL AUTO_INCREMENT,
  `entity` int(11) NOT NULL DEFAULT 1,
  `fk_soc` int(11) NOT NULL,
  `tms` timestamp NOT NULL DEFAULT current_timestamp() ON UPDATE current_timestamp(),
  `datec` datetime DEFAULT NULL,
  `fk_user_author` int(11) DEFAULT NULL,
  `remise_supplier` double(6,3) NOT NULL DEFAULT 0.000,
  `note` mediumtext DEFAULT NULL,
  PRIMARY KEY (`rowid`)
) ENGINE=InnoDB AUTO_INCREMENT=2 DEFAULT CHARSET=utf8mb3 COLLATE=utf8mb3_unicode_ci;

--
-- Dumping data for table `llx_societe_remise_supplier`
--

INSERT INTO `llx_societe_remise_supplier` VALUES (1,1,1,'2018-04-06 18:21:00','2018-04-06 20:21:00',12,6.000,'llll');

--
-- Table structure for table `llx_societe_rib`
--

CREATE TABLE `llx_societe_rib` (
  `rowid` int(11) NOT NULL AUTO_INCREMENT,
  `type` varchar(32) NOT NULL,
  `fk_soc` int(11) NOT NULL,
  `datec` datetime DEFAULT NULL,
  `tms` timestamp NOT NULL DEFAULT current_timestamp() ON UPDATE current_timestamp(),
  `label` varchar(200) DEFAULT NULL,
  `bank` varchar(255) DEFAULT NULL,
  `code_banque` varchar(128) DEFAULT NULL,
  `code_guichet` varchar(6) DEFAULT NULL,
  `number` varchar(255) DEFAULT NULL,
  `cle_rib` varchar(5) DEFAULT NULL,
  `bic` varchar(20) DEFAULT NULL,
  `bic_intermediate` varchar(11) DEFAULT NULL,
  `iban_prefix` varchar(34) DEFAULT NULL,
  `domiciliation` varchar(255) DEFAULT NULL,
  `proprio` varchar(60) DEFAULT NULL,
  `owner_address` varchar(255) DEFAULT NULL,
  `default_rib` smallint(6) NOT NULL DEFAULT 0,
  `state_id` int(11) DEFAULT NULL,
  `fk_country` int(11) DEFAULT NULL,
  `currency_code` varchar(3) DEFAULT NULL,
  `model_pdf` varchar(255) DEFAULT NULL,
  `last_main_doc` varchar(255) DEFAULT NULL,
  `rum` varchar(32) DEFAULT NULL,
  `date_rum` date DEFAULT NULL,
  `frstrecur` varchar(16) DEFAULT 'FRST',
  `import_key` varchar(14) DEFAULT NULL,
  `last_four` varchar(4) DEFAULT NULL,
  `card_type` varchar(255) DEFAULT NULL,
  `cvn` varchar(255) DEFAULT NULL,
  `exp_date_month` int(11) DEFAULT NULL,
  `exp_date_year` int(11) DEFAULT NULL,
  `country_code` varchar(10) DEFAULT NULL,
  `approved` int(11) DEFAULT 0,
  `email` varchar(255) DEFAULT NULL,
  `ending_date` date DEFAULT NULL,
  `max_total_amount_of_all_payments` double(24,8) DEFAULT NULL,
  `preapproval_key` varchar(255) DEFAULT NULL,
  `starting_date` date DEFAULT NULL,
  `total_amount_of_all_payments` double(24,8) DEFAULT NULL,
  `stripe_card_ref` varchar(128) DEFAULT NULL,
  `status` int(11) NOT NULL DEFAULT 1,
  `comment` varchar(255) DEFAULT NULL,
  `ipaddress` varchar(68) DEFAULT NULL,
  `stripe_account` varchar(128) DEFAULT NULL,
  `date_signature` datetime DEFAULT NULL,
  `online_sign_ip` varchar(48) DEFAULT NULL,
  `online_sign_name` varchar(64) DEFAULT NULL,
  `ext_payment_site` varchar(128) DEFAULT NULL,
  `extraparams` varchar(255) DEFAULT NULL,
  PRIMARY KEY (`rowid`)
) ENGINE=InnoDB AUTO_INCREMENT=6 DEFAULT CHARSET=utf8mb3 COLLATE=utf8mb3_unicode_ci;

--
-- Dumping data for table `llx_societe_rib`
--

INSERT INTO `llx_societe_rib` VALUES (1,'ban',19,'2017-02-21 15:50:32','2017-02-21 11:53:08','Morgan Bank','Morgan Bank','','','','','PSPBFIHH',NULL,'ES80 2310 0001 1800 0001 2345','Royal via,\r\nMadrid','Mr Esposito','10 via ferrata,\r\nMadrid',1,NULL,NULL,NULL,NULL,NULL,'RUM1301-0008-0',NULL,'FRST',NULL,NULL,NULL,NULL,NULL,NULL,NULL,0,NULL,NULL,NULL,NULL,NULL,NULL,NULL,1,NULL,NULL,NULL,NULL,NULL,NULL,NULL,NULL),(2,'ban',10,'2023-02-06 14:28:24','2023-02-06 17:28:24','NLTechno','aaaa','','','','','LIABLT2XXXX',NULL,'FR76 1223 9000 0740 4608 0100 091','','','',1,NULL,NULL,NULL,NULL,NULL,'UMR-CU1212-0005-2-1675704504',NULL,'FRST',NULL,NULL,NULL,NULL,NULL,NULL,NULL,0,NULL,NULL,NULL,NULL,NULL,NULL,'',1,NULL,NULL,'',NULL,NULL,NULL,NULL,NULL),(3,'ban',33,'2023-02-21 21:33:04','2023-02-22 00:33:04','aaainlux','aaa','','','','','aaa',NULL,'aaa','','','',1,NULL,NULL,NULL,NULL,NULL,'UMR-2302212133-3-CU2212-00026',NULL,'FRST',NULL,NULL,NULL,NULL,NULL,NULL,NULL,0,NULL,NULL,NULL,NULL,NULL,NULL,'',1,NULL,NULL,'',NULL,NULL,NULL,NULL,NULL),(4,'card',33,'2023-02-21 22:26:00','2023-02-22 01:26:00','aa','',NULL,NULL,'',NULL,NULL,NULL,NULL,NULL,'aa',NULL,0,NULL,NULL,NULL,NULL,NULL,NULL,NULL,NULL,NULL,'',NULL,'',1,2032,'FR',NULL,NULL,NULL,NULL,NULL,NULL,NULL,'',0,NULL,NULL,NULL,NULL,NULL,NULL,NULL,NULL),(5,'ban',1,'2023-03-08 06:41:28','2023-03-08 09:41:28','Indian SAS','dfgdfgfd','','','','','LIABLT2XXXX',NULL,'FR76 1223 9000 0740 4608 0100 091','','','',1,NULL,NULL,NULL,NULL,NULL,'RUM-2303080641-5-CU1212-0007',NULL,'FRST',NULL,NULL,NULL,NULL,NULL,NULL,NULL,0,NULL,NULL,NULL,NULL,NULL,NULL,'',1,NULL,NULL,'',NULL,NULL,NULL,NULL,NULL);

--
-- Table structure for table `llx_socpeople`
--

CREATE TABLE `llx_socpeople` (
  `rowid` int(11) NOT NULL AUTO_INCREMENT,
  `datec` datetime DEFAULT NULL,
  `tms` timestamp NOT NULL DEFAULT current_timestamp() ON UPDATE current_timestamp(),
  `fk_soc` int(11) DEFAULT NULL,
  `entity` int(11) NOT NULL DEFAULT 1,
  `ref_ext` varchar(255) DEFAULT NULL,
  `civility` varchar(6) DEFAULT NULL,
  `lastname` varchar(50) DEFAULT NULL,
  `firstname` varchar(50) DEFAULT NULL,
  `address` varchar(255) DEFAULT NULL,
  `zip` varchar(25) DEFAULT NULL,
  `town` text DEFAULT NULL,
  `fk_departement` int(11) DEFAULT NULL,
  `fk_pays` int(11) DEFAULT 0,
  `birthday` date DEFAULT NULL,
  `poste` varchar(255) DEFAULT NULL,
  `phone` varchar(30) DEFAULT NULL,
  `phone_perso` varchar(30) DEFAULT NULL,
  `phone_mobile` varchar(30) DEFAULT NULL,
  `fax` varchar(30) DEFAULT NULL,
  `email` varchar(255) DEFAULT NULL,
  `socialnetworks` text DEFAULT NULL,
  `photo` varchar(255) DEFAULT NULL,
  `priv` smallint(6) NOT NULL DEFAULT 0,
  `fk_prospectlevel` varchar(12) DEFAULT NULL,
  `fk_stcommcontact` int(11) NOT NULL DEFAULT 0,
  `no_email` smallint(6) NOT NULL DEFAULT 0,
  `fk_user_creat` int(11) DEFAULT 0,
  `fk_user_modif` int(11) DEFAULT NULL,
  `note_private` text DEFAULT NULL,
  `note_public` text DEFAULT NULL,
  `default_lang` varchar(6) DEFAULT NULL,
  `canvas` varchar(32) DEFAULT NULL,
  `import_key` varchar(14) DEFAULT NULL,
  `statut` tinyint(4) NOT NULL DEFAULT 1,
  `role_list` varchar(255) DEFAULT NULL,
  `geolat` double(24,8) DEFAULT NULL,
  `geolong` double(24,8) DEFAULT NULL,
  `geopoint` point DEFAULT NULL,
  `georesultcode` varchar(16) DEFAULT NULL,
  `name_alias` varchar(255) DEFAULT NULL,
  `fk_parent` int(11) DEFAULT NULL,
  `url` varchar(255) DEFAULT NULL,
  PRIMARY KEY (`rowid`),
  KEY `idx_socpeople_fk_soc` (`fk_soc`),
  KEY `idx_socpeople_fk_user_creat` (`fk_user_creat`),
  KEY `idx_socpeople_lastname` (`lastname`),
  CONSTRAINT `fk_socpeople_fk_soc` FOREIGN KEY (`fk_soc`) REFERENCES `llx_societe` (`rowid`),
  CONSTRAINT `fk_socpeople_user_creat_user_rowid` FOREIGN KEY (`fk_user_creat`) REFERENCES `llx_user` (`rowid`)
) ENGINE=InnoDB AUTO_INCREMENT=13 DEFAULT CHARSET=utf8mb3 COLLATE=utf8mb3_unicode_ci;

--
-- Dumping data for table `llx_socpeople`
--

INSERT INTO `llx_socpeople` VALUES (1,'2012-07-08 14:26:14','2019-11-28 11:52:58',1,1,NULL,'MR','Indra','Mahala','','','',297,117,'2012-07-08','Project leader','','','','','','[]',NULL,0,NULL,0,0,1,12,'Met during a congress at Dubai','',NULL,NULL,NULL,1,NULL,NULL,NULL,NULL,NULL,NULL,NULL,NULL),(2,'2012-07-08 22:44:50','2019-11-28 11:52:58',NULL,1,NULL,'MR','Freeman','Public','','','',200,11,NULL,'','','','','','','[]',NULL,0,NULL,0,0,1,1,'A friend that is a free contact not linked to any company',NULL,NULL,NULL,NULL,1,NULL,NULL,NULL,NULL,NULL,NULL,NULL,NULL),(3,'2012-07-08 22:59:02','2019-11-28 11:52:58',NULL,1,NULL,'MR','Mywife','Nicy','','','',NULL,11,'1980-10-03','','','','','','','[]',NULL,1,NULL,0,0,1,12,'This is a private contact','',NULL,NULL,NULL,1,NULL,NULL,NULL,NULL,NULL,NULL,NULL,NULL),(4,'2012-07-09 00:16:58','2019-11-28 11:52:58',6,1,NULL,'MR','Rotchield','Evan','','','',NULL,6,NULL,'Bank director','','','','','','[]',NULL,0,NULL,0,0,1,1,'The bank director',NULL,NULL,NULL,NULL,1,NULL,NULL,NULL,NULL,NULL,NULL,NULL,NULL),(6,'2013-08-01 02:41:26','2019-11-28 11:52:58',17,1,NULL,'','Bookkeeper','Bob','','','',NULL,NULL,NULL,'book keeper','','','','','bbookkeeper@example.com','{\"skype\":\"skypebbookkeeper\"}','',0,NULL,0,0,1,12,'','',NULL,NULL,NULL,1,NULL,NULL,NULL,NULL,NULL,NULL,NULL,NULL),(7,'2018-07-30 16:11:06','2019-11-28 11:52:58',NULL,1,'','MR','Dad','','','','',NULL,14,'1967-09-04','','','','','','','[]','',1,NULL,0,0,12,12,'','',NULL,NULL,NULL,1,NULL,NULL,NULL,NULL,NULL,NULL,NULL,NULL),(8,'2018-07-30 16:13:03','2019-11-28 11:52:58',NULL,1,'','MLE','Mom','','','','',NULL,14,NULL,'','','','','','','[]','',1,NULL,0,0,12,12,'','',NULL,NULL,NULL,1,NULL,NULL,NULL,NULL,NULL,NULL,NULL,NULL),(9,'2018-07-30 16:14:41','2019-11-28 11:52:58',NULL,1,'','MR','Francky','','','89455','Virigia',NULL,205,'1980-07-09','Baker','555-98989898','','','','francky@example.com','[]','',0,NULL,0,0,12,12,'','',NULL,NULL,NULL,1,NULL,NULL,NULL,NULL,NULL,NULL,NULL,NULL),(10,'2018-07-30 16:26:22','2019-11-28 11:52:58',10,1,'','','Destailleur','Laurent','','','',NULL,NULL,'1972-10-10','Dolibarr project leader','','','','','ldestailleur@example.com','[]','ldestailleur_200x200.jpg',0,NULL,0,0,NULL,12,'','',NULL,NULL,NULL,1,NULL,NULL,NULL,NULL,NULL,NULL,NULL,NULL),(11,'2017-05-12 13:16:36','2019-11-28 11:52:58',11,1,'','MR','Smith','Laurent','45 Big road','897','Seattle',NULL,11,NULL,'Director','','','','','','[]','ldestailleur_200x200.png',0,NULL,0,0,12,12,'','',NULL,NULL,NULL,1,NULL,NULL,NULL,NULL,NULL,NULL,NULL,NULL),(12,'2017-05-12 13:19:31','2019-11-28 11:52:58',11,1,'','MR','Einstein','','','','',NULL,11,NULL,'Genius','333444555','','','','genius@example.com','[]','Einstein.jpg',0,NULL,0,0,12,12,'','',NULL,NULL,NULL,1,NULL,NULL,NULL,NULL,NULL,NULL,NULL,NULL);

--
-- Table structure for table `llx_socpeople_extrafields`
--

CREATE TABLE `llx_socpeople_extrafields` (
  `rowid` int(11) NOT NULL AUTO_INCREMENT,
  `tms` timestamp NOT NULL DEFAULT current_timestamp() ON UPDATE current_timestamp(),
  `fk_object` int(11) NOT NULL,
  `import_key` varchar(14) DEFAULT NULL,
  PRIMARY KEY (`rowid`),
  UNIQUE KEY `uk_socpeople_extrafields` (`fk_object`)
) ENGINE=InnoDB DEFAULT CHARSET=utf8mb3 COLLATE=utf8mb3_unicode_ci;

--
-- Dumping data for table `llx_socpeople_extrafields`
--


--
-- Table structure for table `llx_stock_mouvement`
--

CREATE TABLE `llx_stock_mouvement` (
  `rowid` int(11) NOT NULL AUTO_INCREMENT,
  `tms` timestamp NOT NULL DEFAULT current_timestamp() ON UPDATE current_timestamp(),
  `datem` datetime DEFAULT NULL,
  `fk_product` int(11) NOT NULL,
  `fk_entrepot` int(11) NOT NULL,
  `value` double DEFAULT NULL,
  `price` double(24,8) DEFAULT 0.00000000,
  `type_mouvement` smallint(6) DEFAULT NULL,
  `fk_user_author` int(11) DEFAULT NULL,
  `label` varchar(255) DEFAULT NULL,
  `fk_origin` int(11) DEFAULT NULL,
  `origintype` varchar(64) DEFAULT NULL,
  `model_pdf` varchar(255) DEFAULT NULL,
  `fk_projet` int(11) NOT NULL DEFAULT 0,
  `inventorycode` varchar(128) DEFAULT NULL,
  `batch` varchar(30) DEFAULT NULL,
  `eatby` date DEFAULT NULL,
  `sellby` date DEFAULT NULL,
  `fk_project` int(11) DEFAULT NULL,
  PRIMARY KEY (`rowid`),
  KEY `idx_stock_mouvement_fk_product` (`fk_product`),
  KEY `idx_stock_mouvement_fk_entrepot` (`fk_entrepot`)
) ENGINE=InnoDB AUTO_INCREMENT=80 DEFAULT CHARSET=utf8mb3 COLLATE=utf8mb3_unicode_ci;

--
-- Dumping data for table `llx_stock_mouvement`
--

INSERT INTO `llx_stock_mouvement` VALUES (1,'2012-07-08 22:43:51','2012-07-09 00:43:51',2,2,1000,0.00000000,0,1,'Correct stock',NULL,NULL,NULL,0,NULL,NULL,NULL,NULL,NULL),(3,'2012-07-10 22:56:18','2012-07-11 00:56:18',4,2,500,0.00000000,0,1,'Init',NULL,NULL,NULL,0,NULL,NULL,NULL,NULL,NULL),(4,'2012-07-10 23:02:20','2012-07-11 01:02:20',4,2,500,0.00000000,0,1,'',NULL,NULL,NULL,0,NULL,NULL,NULL,NULL,NULL),(5,'2012-07-11 16:49:44','2012-07-11 18:49:44',4,1,2,10.00000000,3,1,'',NULL,NULL,NULL,0,NULL,NULL,NULL,NULL,NULL),(6,'2012-07-11 16:49:44','2012-07-11 18:49:44',1,1,4,0.00000000,3,1,'',NULL,NULL,NULL,0,NULL,NULL,NULL,NULL,NULL),(7,'2015-01-19 17:22:48','2015-01-19 18:22:48',11,1,-1,0.00000000,2,1,'Facture cr&eacute;&eacute;e dans DoliPOS',NULL,NULL,NULL,0,NULL,NULL,NULL,NULL,NULL),(8,'2015-01-19 17:22:48','2015-01-19 18:22:48',4,1,-1,5.00000000,2,1,'Facture cr&eacute;&eacute;e dans DoliPOS',NULL,NULL,NULL,0,NULL,NULL,NULL,NULL,NULL),(9,'2015-01-19 17:22:48','2015-01-19 18:22:48',1,1,-2,0.00000000,2,1,'Facture cr&eacute;&eacute;e dans DoliPOS',NULL,NULL,NULL,0,NULL,NULL,NULL,NULL,NULL),(10,'2015-01-19 17:31:10','2015-01-19 18:31:10',2,1,-1,0.00000000,2,1,'Facture cr&eacute;&eacute;e dans DoliPOS',NULL,NULL,NULL,0,NULL,NULL,NULL,NULL,NULL),(11,'2015-01-19 17:31:58','2015-01-19 18:31:58',2,1,-1,0.00000000,2,1,'Facture cr&eacute;&eacute;e dans DoliPOS',NULL,NULL,NULL,0,NULL,NULL,NULL,NULL,NULL),(12,'2018-07-30 13:39:31','2018-07-30 17:39:31',10,2,50,0.00000000,0,12,'Stock correction for product COMP-XP4523',0,'',NULL,0,NULL,'5599887766452',NULL,NULL,NULL),(13,'2018-07-30 13:40:12','2018-07-30 17:40:12',10,2,60,0.00000000,0,12,'Stock correction for product COMP-XP4523',0,'',NULL,0,NULL,'4494487766452',NULL,NULL,NULL),(14,'2018-07-30 13:40:39','2018-07-30 17:40:39',10,2,-35,0.00000000,1,12,'Stock transfer of product COMP-XP4523 into another warehouse',0,'',NULL,0,'160730174015','5599887766452',NULL,NULL,NULL),(15,'2018-07-30 13:40:39','2018-07-30 17:40:39',10,1,35,0.00000000,0,12,'Stock transfer of product COMP-XP4523 into another warehouse',0,'',NULL,0,'160730174015','5599887766452',NULL,NULL,NULL),(16,'2017-02-15 23:58:08','2017-02-16 03:58:08',10,1,-1,100.00000000,2,12,'Exp&eacute;dition SH1702-0002 valid&eacute;e',3,'shipping',NULL,0,NULL,'5599887766452',NULL,NULL,NULL),(17,'2017-02-16 00:12:09','2017-02-16 04:12:09',10,1,1,0.00000000,3,12,'Exp&eacute;dition SH1702-0002 supprim&eacute;e',0,'',NULL,0,NULL,'5599887766452',NULL,NULL,NULL),(18,'2020-01-02 20:57:29','2020-01-03 00:57:29',25,1,50,0.00000000,0,12,'Stock correction for product POS-APPLE',0,'',NULL,0,'200103005654',NULL,NULL,NULL,NULL),(23,'2020-01-06 01:44:30','2020-01-06 05:44:30',25,1,-12,0.00000000,2,12,'Production MO1912-0002 - 2020-01-06 05:26:49',0,'',NULL,0,'MO1912-0002_20200106052649',NULL,NULL,NULL,NULL),(24,'2020-01-06 01:44:30','2020-01-06 05:44:30',4,2,3,0.00000000,3,12,'Production MO1912-0002 - 2020-01-06 05:26:49',0,'',NULL,0,'MO1912-0002_20200106052649',NULL,'2020-01-06',NULL,NULL),(25,'2020-01-06 01:54:05','2020-01-06 05:54:05',25,1,-2,0.00000000,2,12,'Production MO1912-0002 - 2020-01-06 05:53:52',0,'',NULL,0,'MO1912-0002_20200106055352',NULL,NULL,NULL,NULL),(26,'2020-01-06 01:54:05','2020-01-06 05:54:05',4,2,3,0.00000000,3,12,'Production MO1912-0002 - 2020-01-06 05:53:52',0,'',NULL,0,'MO1912-0002_20200106055352',NULL,'2020-01-06',NULL,NULL),(27,'2020-01-06 02:44:49','2020-01-06 06:44:49',25,1,-1,0.00000000,2,12,'Production MO2001-0003 - 2020-01-06 06:44:37',0,'',NULL,0,'MO2001-0003',NULL,NULL,NULL,NULL),(28,'2020-01-06 02:44:49','2020-01-06 06:44:49',4,1,1,0.00000000,3,12,'Production MO2001-0003 - 2020-01-06 06:44:37',0,'',NULL,0,'MO2001-0003',NULL,'2020-01-06',NULL,NULL),(29,'2020-01-06 02:46:03','2020-01-06 06:46:03',25,1,-1,0.00000000,2,12,'Production MO2001-0003 - 2020-01-06 06:45:53',0,'',NULL,0,'MO2001-0003',NULL,NULL,NULL,NULL),(30,'2020-01-06 02:46:03','2020-01-06 06:46:03',4,1,1,0.00000000,3,12,'Production MO2001-0003 - 2020-01-06 06:45:53',0,'',NULL,0,'MO2001-0003',NULL,'2020-01-06',NULL,NULL),(31,'2020-01-06 02:48:22','2020-01-06 06:48:22',25,1,-1,0.00000000,2,12,'Production MO2001-0003 - 2020-01-06 06:48:11',0,'',NULL,0,'MO2001-0003',NULL,NULL,NULL,NULL),(32,'2020-01-06 02:48:22','2020-01-06 06:48:22',4,1,1,0.00000000,3,12,'Production MO2001-0003 - 2020-01-06 06:48:11',0,'',NULL,0,'MO2001-0003',NULL,'2020-01-06',NULL,NULL),(33,'2020-01-06 02:50:05','2020-01-06 06:50:05',25,1,-1,0.00000000,2,12,'Production MO2001-0003 - 2020-01-06 06:49:57',0,'',NULL,0,'MO2001-0003',NULL,NULL,NULL,NULL),(34,'2020-01-06 02:50:05','2020-01-06 06:50:05',4,1,1,0.00000000,3,12,'Production MO2001-0003 - 2020-01-06 06:49:57',0,'',NULL,0,'MO2001-0003',NULL,'2020-01-06',NULL,NULL),(35,'2020-01-07 16:25:02','2020-01-07 20:25:02',25,1,-2,0.00000000,2,12,'Production MO1912-0002 - 2020-01-07 20:24:49',0,'',NULL,0,'MO1912-0002',NULL,NULL,NULL,NULL),(36,'2020-01-07 16:25:02','2020-01-07 20:25:02',4,2,1,0.00000000,3,12,'Production MO1912-0002 - 2020-01-07 20:24:49',0,'',NULL,0,'MO1912-0002',NULL,'2020-01-07',NULL,NULL),(37,'2020-01-07 17:12:37','2020-01-07 21:12:37',25,1,0,0.00000000,2,12,'Production MO1912-0002 - 2020-01-07 21:12:26',0,'',NULL,0,'MO1912-0002',NULL,NULL,NULL,NULL),(38,'2020-01-07 17:12:37','2020-01-07 21:12:37',4,2,0,0.00000000,3,12,'Production MO1912-0002 - 2020-01-07 21:12:26',0,'',NULL,0,'MO1912-0002',NULL,'2020-01-07',NULL,NULL),(39,'2020-01-07 17:13:00','2020-01-07 21:13:00',25,1,0,0.00000000,2,12,'Production MO1912-0002 - 2020-01-07 21:12:58',0,'',NULL,0,'MO1912-0002',NULL,NULL,NULL,NULL),(40,'2020-01-07 17:13:00','2020-01-07 21:13:00',4,2,0,0.00000000,3,12,'Production MO1912-0002 - 2020-01-07 21:12:58',0,'',NULL,0,'MO1912-0002',NULL,'2020-01-07',NULL,NULL),(41,'2020-01-07 17:13:49','2020-01-07 21:13:49',25,1,0,0.00000000,2,12,'Production MO1912-0002 - 2020-01-07 21:12:58',0,'',NULL,0,'MO1912-0002',NULL,NULL,NULL,NULL),(42,'2020-01-07 17:13:49','2020-01-07 21:13:49',4,2,0,0.00000000,3,12,'Production MO1912-0002 - 2020-01-07 21:12:58',0,'',NULL,0,'MO1912-0002',NULL,'2020-01-07',NULL,NULL),(43,'2020-01-07 17:46:58','2020-01-07 21:46:58',4,2,0,0.00000000,3,12,'Production MO1912-0002 - 2020-01-07 21:46:55',0,'',NULL,0,'MO1912-0002',NULL,'2020-01-07',NULL,NULL),(44,'2020-01-07 17:52:34','2020-01-07 21:52:34',4,2,0,0.00000000,3,12,'Production MO1912-0002 - 2020-01-07 21:52:28',0,'',NULL,0,'MO1912-0002',NULL,'2020-01-07',NULL,NULL),(45,'2020-01-07 17:53:44','2020-01-07 21:53:44',4,2,0,0.00000000,3,12,'Production MO1912-0002 - 2020-01-07 21:52:37',0,'',NULL,0,'MO1912-0002',NULL,'2020-01-07',NULL,NULL),(46,'2020-01-07 17:53:58','2020-01-07 21:53:58',25,1,-1,0.00000000,2,12,'Production MO1912-0002 - 2020-01-07 21:53:46',0,'',NULL,0,'MO1912-0002',NULL,NULL,NULL,NULL),(47,'2020-01-07 17:53:58','2020-01-07 21:53:58',4,2,0,0.00000000,3,12,'Production MO1912-0002 - 2020-01-07 21:53:46',0,'',NULL,0,'MO1912-0002',NULL,'2020-01-07',NULL,NULL),(48,'2020-01-07 17:54:11','2020-01-07 21:54:11',25,1,-1,0.00000000,2,12,'Production MO1912-0002 - 2020-01-07 21:54:00',0,'',NULL,0,'MO1912-0002',NULL,NULL,NULL,NULL),(49,'2020-01-07 17:54:12','2020-01-07 21:54:12',4,2,0,0.00000000,3,12,'Production MO1912-0002 - 2020-01-07 21:54:00',0,'',NULL,0,'MO1912-0002',NULL,'2020-01-07',NULL,NULL),(51,'2020-01-07 18:00:55','2020-01-07 22:00:55',25,1,-1,0.00000000,2,12,'Production MO1912-0002 - 2020-01-07 22:00:40',5,'mo',NULL,7,'MO1912-0002',NULL,NULL,NULL,NULL),(52,'2020-01-07 18:00:55','2020-01-07 22:00:55',4,1,1,0.00000000,3,12,'Production MO1912-0002 - 2020-01-07 22:00:40',5,'mo',NULL,7,'MO1912-0002',NULL,'2020-01-07',NULL,NULL),(53,'2020-01-07 18:39:52','2020-01-07 22:39:52',25,1,-1,0.00000000,2,12,'Production MO2001-0003 - 2020-01-07 22:39:38',14,'mo',NULL,0,'MO2001-0003',NULL,NULL,NULL,NULL),(54,'2020-01-07 18:39:52','2020-01-07 22:39:52',4,1,2,0.00000000,3,12,'Production MO2001-0003 - 2020-01-07 22:39:38',14,'mo',NULL,0,'MO2001-0003',NULL,'2020-01-07',NULL,NULL),(55,'2020-01-07 19:09:04','2020-01-07 23:09:04',25,1,-2,0.00000000,2,12,'Production of MO2001-0003',14,'mo',NULL,0,'Production of MO2001-0003',NULL,NULL,NULL,NULL),(56,'2020-01-07 19:09:04','2020-01-07 23:09:04',4,1,4,0.00000000,3,12,'Production of MO2001-0003',14,'mo',NULL,0,'Production of MO2001-0003',NULL,'2020-01-07',NULL,NULL),(57,'2020-01-07 19:50:40','2020-01-07 23:50:40',25,1,-1,0.00000000,2,12,'Production of MO1912-0002',5,'mo',NULL,7,'Production of MO1912-0002',NULL,NULL,NULL,NULL),(58,'2020-01-07 19:50:40','2020-01-07 23:50:40',4,2,0,0.00000000,3,12,'Production of MO1912-0002',5,'mo',NULL,7,'Production of MO1912-0002',NULL,'2020-01-07',NULL,NULL),(59,'2020-01-07 19:51:27','2020-01-07 23:51:27',25,1,-1,0.00000000,2,12,'Production of MO1912-0002',5,'mo',NULL,7,'Production of MO1912-0002',NULL,NULL,NULL,NULL),(60,'2020-01-07 19:51:27','2020-01-07 23:51:27',4,2,0,0.00000000,3,12,'Production of MO1912-0002',5,'mo',NULL,7,'Production of MO1912-0002',NULL,'2020-01-07',NULL,NULL),(61,'2020-01-07 20:25:23','2020-01-08 00:25:23',4,2,0,0.00000000,3,12,'Production of MO1912-0002',5,'mo',NULL,7,'Production of MO1912-0002',NULL,'2020-01-08',NULL,NULL),(62,'2020-01-07 20:25:43','2020-01-08 00:25:43',4,2,0,0.00000000,3,12,'Production of MO1912-0002',5,'mo',NULL,7,'Production of MO1912-0002',NULL,'2020-01-08',NULL,NULL),(63,'2020-01-07 20:29:24','2020-01-08 00:29:24',25,1,-1.1,0.00000000,2,12,'Production of MO1912-0002',5,'mo',NULL,7,'Production of MO1912-0002',NULL,NULL,NULL,NULL),(64,'2020-01-07 20:29:24','2020-01-08 00:29:24',4,2,0,0.00000000,3,12,'Production of MO1912-0002',5,'mo',NULL,7,'Production of MO1912-0002',NULL,'2020-01-08',NULL,NULL),(65,'2020-01-07 20:29:43','2020-01-08 00:29:43',4,2,0,0.00000000,3,12,'Production of MO1912-0002',5,'mo',NULL,7,'Production of MO1912-0002',NULL,'2020-01-08',NULL,NULL),(66,'2020-01-07 21:09:15','2020-01-08 01:09:15',25,1,-1.1,0.00000000,2,12,'Production of MO1912-0002',5,'mo',NULL,7,'Production of MO1912-0002',NULL,NULL,NULL,NULL),(67,'2020-01-07 21:09:15','2020-01-08 01:09:15',4,2,0,0.00000000,3,12,'Production of MO1912-0002',5,'mo',NULL,7,'Production of MO1912-0002',NULL,'2020-01-08',NULL,NULL),(68,'2020-01-07 21:15:02','2020-01-08 01:15:02',25,1,-1.1,0.00000000,2,12,'Production of MO1912-0002',5,'mo',NULL,7,'Production of MO1912-0002',NULL,NULL,NULL,NULL),(69,'2020-01-07 21:17:16','2020-01-08 01:17:16',25,1,-1.1,0.00000000,2,12,'Production of MO1912-0002',5,'mo',NULL,7,'Production of MO1912-0002',NULL,NULL,NULL,NULL),(70,'2020-01-08 16:21:22','2020-01-08 20:21:22',25,1,-1,0.00000000,2,12,'Production of MO2001-0005',28,'mo',NULL,0,'Production of MO2001-0005',NULL,NULL,NULL,NULL),(73,'2020-01-08 16:41:18','2020-01-08 20:41:18',1,1,-1.1,0.00000000,2,12,'Production of MO2001-0005',28,'mo',NULL,0,'Production of MO2001-0005','000000',NULL,NULL,NULL),(74,'2020-01-08 16:41:18','2020-01-08 20:41:18',4,1,1.2,0.00000000,3,12,'Production of MO2001-0005',28,'mo',NULL,0,'Production of MO2001-0005','aaa',NULL,NULL,NULL),(75,'2020-01-13 11:13:19','2020-01-13 15:13:19',25,1,-1,0.00000000,2,12,'Production of MO2001-0006',24,'mo',NULL,6,'Production of MO2001-0006',NULL,NULL,NULL,NULL),(76,'2020-01-13 11:14:15','2020-01-13 15:14:15',1,1,-0.1,0.00000000,2,12,'Production of MO2001-0006',24,'mo',NULL,6,'Production of MO2001-0006','000000',NULL,NULL,NULL),(77,'2020-01-18 19:16:58','2020-01-18 20:16:58',1,1,1,0.00000000,3,12,'string',0,'',NULL,0,'string','string',NULL,NULL,NULL),(78,'2020-01-18 19:17:03','2020-01-18 20:17:03',1,1,1,0.00000000,3,12,'string',0,'',NULL,0,'string','string',NULL,NULL,NULL),(79,'2021-04-15 11:40:18','2021-04-15 08:40:18',4,20,1,10.00000000,3,12,'Reception RCP2104-0001 validated',1,'reception',NULL,0,NULL,'Lot 2021-02',NULL,NULL,NULL);

--
-- Table structure for table `llx_stock_mouvement_extrafields`
--

CREATE TABLE `llx_stock_mouvement_extrafields` (
  `rowid` int(11) NOT NULL AUTO_INCREMENT,
  `tms` timestamp NOT NULL DEFAULT current_timestamp() ON UPDATE current_timestamp(),
  `fk_object` int(11) NOT NULL,
  `import_key` varchar(14) DEFAULT NULL,
  PRIMARY KEY (`rowid`),
  UNIQUE KEY `uk_stock_mouvement_extrafields` (`fk_object`)
) ENGINE=InnoDB DEFAULT CHARSET=utf8mb3 COLLATE=utf8mb3_unicode_ci;

--
-- Dumping data for table `llx_stock_mouvement_extrafields`
--


--
-- Table structure for table `llx_subscription`
--

CREATE TABLE `llx_subscription` (
  `rowid` int(11) NOT NULL AUTO_INCREMENT,
  `tms` timestamp NOT NULL DEFAULT current_timestamp() ON UPDATE current_timestamp(),
  `datec` datetime DEFAULT NULL,
  `fk_adherent` int(11) DEFAULT NULL,
  `dateadh` datetime DEFAULT NULL,
  `datef` datetime DEFAULT NULL,
  `subscription` double(24,8) DEFAULT NULL,
  `fk_bank` int(11) DEFAULT NULL,
  `note` text DEFAULT NULL,
  `fk_type` int(11) DEFAULT NULL,
  `fk_user_creat` int(11) DEFAULT NULL,
  `fk_user_valid` int(11) DEFAULT NULL,
  PRIMARY KEY (`rowid`),
  UNIQUE KEY `uk_subscription` (`fk_adherent`,`dateadh`)
) ENGINE=InnoDB AUTO_INCREMENT=7 DEFAULT CHARSET=utf8mb3 COLLATE=utf8mb3_unicode_ci;

--
-- Dumping data for table `llx_subscription`
--

INSERT INTO `llx_subscription` VALUES (2,'2020-01-21 00:02:14','2020-01-21 01:02:14',3,'2013-07-18 00:00:00','2014-07-17 00:00:00',50.00000000,51,'Subscription 2013',2,NULL,NULL),(3,'2020-01-21 09:22:37','2020-01-21 10:22:37',4,'2017-07-18 00:00:00','2018-07-17 00:00:00',50.00000000,52,'Subscription 2017',2,NULL,NULL),(4,'2020-01-21 09:23:17','2020-01-21 10:23:17',2,'2017-07-18 00:00:00','2018-07-17 00:00:00',50.00000000,53,'Subscription 2017',2,NULL,NULL),(5,'2020-01-21 09:23:28','2020-01-21 10:23:28',2,'2018-07-18 00:00:00','2019-07-17 00:00:00',50.00000000,54,'Subscription 2018',2,NULL,NULL),(6,'2020-01-21 09:23:49','2020-01-21 10:23:49',2,'2019-07-18 00:00:00','2020-07-17 00:00:00',50.00000000,55,'Subscription 2019',2,NULL,NULL);

--
-- Table structure for table `llx_supplier_proposal`
--

CREATE TABLE `llx_supplier_proposal` (
  `rowid` int(11) NOT NULL AUTO_INCREMENT,
  `ref` varchar(30) NOT NULL,
  `entity` int(11) NOT NULL DEFAULT 1,
  `ref_ext` varchar(255) DEFAULT NULL,
  `ref_int` varchar(255) DEFAULT NULL,
  `fk_soc` int(11) DEFAULT NULL,
  `fk_projet` int(11) DEFAULT NULL,
  `tms` timestamp NOT NULL DEFAULT current_timestamp() ON UPDATE current_timestamp(),
  `datec` datetime DEFAULT NULL,
  `date_valid` datetime DEFAULT NULL,
  `date_cloture` datetime DEFAULT NULL,
  `fk_user_author` int(11) DEFAULT NULL,
  `fk_user_modif` int(11) DEFAULT NULL,
  `fk_user_valid` int(11) DEFAULT NULL,
  `fk_user_cloture` int(11) DEFAULT NULL,
  `fk_statut` smallint(6) NOT NULL DEFAULT 0,
  `price` double DEFAULT 0,
  `remise_percent` double DEFAULT 0,
  `remise_absolue` double DEFAULT 0,
  `remise` double DEFAULT 0,
  `total_ht` double(24,8) DEFAULT 0.00000000,
  `total_tva` double(24,8) DEFAULT 0.00000000,
  `localtax1` double(24,8) DEFAULT 0.00000000,
  `localtax2` double(24,8) DEFAULT 0.00000000,
  `total_ttc` double(24,8) DEFAULT 0.00000000,
  `fk_account` int(11) DEFAULT NULL,
  `fk_currency` varchar(3) DEFAULT NULL,
  `fk_cond_reglement` int(11) DEFAULT NULL,
  `fk_mode_reglement` int(11) DEFAULT NULL,
  `note_private` text DEFAULT NULL,
  `note_public` text DEFAULT NULL,
  `model_pdf` varchar(255) DEFAULT NULL,
  `date_livraison` date DEFAULT NULL,
  `fk_shipping_method` int(11) DEFAULT NULL,
  `import_key` varchar(14) DEFAULT NULL,
  `extraparams` varchar(255) DEFAULT NULL,
  `fk_multicurrency` int(11) DEFAULT NULL,
  `multicurrency_code` varchar(3) DEFAULT NULL,
  `multicurrency_tx` double(24,8) DEFAULT 1.00000000,
  `multicurrency_total_ht` double(24,8) DEFAULT 0.00000000,
  `multicurrency_total_tva` double(24,8) DEFAULT 0.00000000,
  `multicurrency_total_ttc` double(24,8) DEFAULT 0.00000000,
  `last_main_doc` varchar(255) DEFAULT NULL,
  PRIMARY KEY (`rowid`),
  UNIQUE KEY `uk_supplier_proposal_ref` (`ref`,`entity`),
  KEY `idx_supplier_proposal_fk_soc` (`fk_soc`),
  KEY `idx_supplier_proposal_fk_user_author` (`fk_user_author`),
  KEY `idx_supplier_proposal_fk_user_valid` (`fk_user_valid`),
  KEY `idx_supplier_proposal_fk_projet` (`fk_projet`),
  KEY `idx_supplier_proposal_fk_account` (`fk_account`)
) ENGINE=InnoDB AUTO_INCREMENT=5 DEFAULT CHARSET=utf8mb3 COLLATE=utf8mb3_unicode_ci;

--
-- Dumping data for table `llx_supplier_proposal`
--

INSERT INTO `llx_supplier_proposal` VALUES (2,'(PROV2)',1,NULL,NULL,10,NULL,'2024-06-20 09:34:25','2024-02-17 04:40:14',NULL,NULL,12,12,NULL,NULL,0,0,NULL,NULL,0,290.00000000,0.00000000,0.00000000,0.00000000,290.00000000,NULL,NULL,2,7,'Private note','Public note','aurore','2017-02-17',1,NULL,NULL,1,'EUR',1.00000000,290.00000000,0.00000000,290.00000000,NULL),(3,'(PROV3)',1,NULL,NULL,1,NULL,'2024-06-20 09:34:25','2024-01-20 12:06:39',NULL,NULL,12,NULL,NULL,NULL,0,0,NULL,NULL,0,0.00000000,0.00000000,0.00000000,0.00000000,0.00000000,NULL,NULL,NULL,NULL,'','','aurore',NULL,NULL,NULL,NULL,1,'EUR',1.00000000,0.00000000,0.00000000,0.00000000,NULL),(4,'(PROV4)',1,NULL,NULL,17,NULL,'2024-06-20 09:34:25','2024-01-20 12:23:22',NULL,NULL,12,NULL,NULL,NULL,0,0,NULL,NULL,0,198.00000000,0.17000000,0.00000000,0.00000000,198.17000000,NULL,NULL,NULL,NULL,'','','aurore',NULL,NULL,NULL,NULL,1,'EUR',1.00000000,198.00000000,0.17000000,198.17000000,'supplier_proposal/(PROV4)/(PROV4).pdf');

--
-- Table structure for table `llx_supplier_proposal_extrafields`
--

CREATE TABLE `llx_supplier_proposal_extrafields` (
  `rowid` int(11) NOT NULL AUTO_INCREMENT,
  `tms` timestamp NOT NULL DEFAULT current_timestamp() ON UPDATE current_timestamp(),
  `fk_object` int(11) NOT NULL,
  `import_key` varchar(14) DEFAULT NULL,
  PRIMARY KEY (`rowid`),
  UNIQUE KEY `uk_supplier_proposal_extrafields` (`fk_object`)
) ENGINE=InnoDB DEFAULT CHARSET=utf8mb3 COLLATE=utf8mb3_unicode_ci;

--
-- Dumping data for table `llx_supplier_proposal_extrafields`
--


--
-- Table structure for table `llx_supplier_proposaldet`
--

CREATE TABLE `llx_supplier_proposaldet` (
  `rowid` int(11) NOT NULL AUTO_INCREMENT,
  `fk_supplier_proposal` int(11) NOT NULL,
  `fk_parent_line` int(11) DEFAULT NULL,
  `fk_product` int(11) DEFAULT NULL,
  `label` varchar(255) DEFAULT NULL,
  `description` text DEFAULT NULL,
  `fk_remise_except` int(11) DEFAULT NULL,
  `tva_tx` double(6,3) DEFAULT 0.000,
  `vat_src_code` varchar(10) DEFAULT '',
  `localtax1_tx` double(6,3) DEFAULT 0.000,
  `localtax1_type` varchar(10) DEFAULT NULL,
  `localtax2_tx` double(6,3) DEFAULT 0.000,
  `localtax2_type` varchar(10) DEFAULT NULL,
  `qty` double DEFAULT NULL,
  `remise_percent` double DEFAULT 0,
  `remise` double DEFAULT 0,
  `price` double DEFAULT NULL,
  `subprice` double(24,8) DEFAULT 0.00000000,
  `total_ht` double(24,8) DEFAULT 0.00000000,
  `total_tva` double(24,8) DEFAULT 0.00000000,
  `total_localtax1` double(24,8) DEFAULT 0.00000000,
  `total_localtax2` double(24,8) DEFAULT 0.00000000,
  `total_ttc` double(24,8) DEFAULT 0.00000000,
  `product_type` int(11) DEFAULT 0,
  `info_bits` int(11) DEFAULT 0,
  `buy_price_ht` double(24,8) DEFAULT 0.00000000,
  `fk_product_fournisseur_price` int(11) DEFAULT NULL,
  `special_code` int(11) DEFAULT 0,
  `rang` int(11) DEFAULT 0,
  `ref_fourn` varchar(128) DEFAULT NULL,
  `fk_multicurrency` int(11) DEFAULT NULL,
  `multicurrency_code` varchar(3) DEFAULT NULL,
  `multicurrency_subprice` double(24,8) DEFAULT 0.00000000,
  `multicurrency_total_ht` double(24,8) DEFAULT 0.00000000,
  `multicurrency_total_tva` double(24,8) DEFAULT 0.00000000,
  `multicurrency_total_ttc` double(24,8) DEFAULT 0.00000000,
  `fk_unit` int(11) DEFAULT NULL,
  `date_start` datetime DEFAULT NULL,
  `date_end` datetime DEFAULT NULL,
  PRIMARY KEY (`rowid`),
  KEY `idx_supplier_proposaldet_fk_supplier_proposal` (`fk_supplier_proposal`),
  KEY `idx_supplier_proposaldet_fk_product` (`fk_product`),
  KEY `fk_supplier_proposaldet_fk_unit` (`fk_unit`),
  CONSTRAINT `fk_supplier_proposaldet_fk_supplier_proposal` FOREIGN KEY (`fk_supplier_proposal`) REFERENCES `llx_supplier_proposal` (`rowid`),
  CONSTRAINT `fk_supplier_proposaldet_fk_unit` FOREIGN KEY (`fk_unit`) REFERENCES `llx_c_units` (`rowid`)
) ENGINE=InnoDB AUTO_INCREMENT=19 DEFAULT CHARSET=utf8mb3 COLLATE=utf8mb3_unicode_ci;

--
-- Dumping data for table `llx_supplier_proposaldet`
--

INSERT INTO `llx_supplier_proposaldet` VALUES (2,2,NULL,NULL,NULL,'A powerfull computer with 8Gb memory.',NULL,0.000,'',0.000,'0',0.000,'0',1,0,0,NULL,200.00000000,200.00000000,0.00000000,0.00000000,0.00000000,200.00000000,0,0,0.00000000,NULL,0,1,'',1,'EUR',200.00000000,200.00000000,0.00000000,200.00000000,NULL,NULL,NULL),(7,3,NULL,1,NULL,'A beatifull pink dress 2',NULL,12.500,'',0.000,'0',0.000,'0',1,0,0,NULL,0.00000000,0.00000000,0.00000000,0.00000000,0.00000000,0.00000000,0,0,0.00000000,NULL,0,1,NULL,1,'EUR',0.00000000,0.00000000,0.00000000,0.00000000,NULL,NULL,NULL),(9,2,NULL,1,'Pink dress','A beatifull pink dress',NULL,0.000,'',0.000,'0',0.000,'0',1,10,0,NULL,100.00000000,90.00000000,0.00000000,0.00000000,0.00000000,90.00000000,0,0,79.16667000,3,0,2,'aaa',1,'EUR',100.00000000,90.00000000,0.00000000,90.00000000,NULL,NULL,NULL),(10,4,NULL,1,NULL,'A beatifull pink dress. 2',NULL,0.000,'',0.000,'0',0.000,'0',1,0,0,NULL,95.00000000,95.00000000,0.00000000,0.00000000,0.00000000,95.00000000,0,0,0.00000000,NULL,0,1,'BK01',1,'EUR',95.00000000,95.00000000,0.00000000,95.00000000,NULL,NULL,NULL),(11,4,NULL,1,'Pink dress','A beatifull pink dress',NULL,0.000,'',0.000,'0',0.000,'0',1,0,0,NULL,100.00000000,100.00000000,0.00000000,0.00000000,0.00000000,100.00000000,0,0,79.16667000,7,0,2,'bbb',1,'EUR',100.00000000,100.00000000,0.00000000,100.00000000,NULL,NULL,NULL),(17,4,NULL,NULL,NULL,'a',NULL,5.500,'bbb',0.000,'0',0.000,'0',1,0,0,NULL,1.00000000,1.00000000,0.06000000,0.00000000,0.00000000,1.06000000,0,0,0.00000000,NULL,0,3,'',1,'EUR',1.00000000,1.00000000,0.06000000,1.06000000,NULL,NULL,NULL),(18,4,NULL,NULL,NULL,'a',NULL,5.500,'bbb',0.000,'0',0.000,'0',1,0,0,NULL,2.00000000,2.00000000,0.11000000,0.00000000,0.00000000,2.11000000,0,0,0.00000000,NULL,0,4,NULL,1,'EUR',2.00000000,2.00000000,0.11000000,2.11000000,NULL,NULL,NULL);

--
-- Table structure for table `llx_supplier_proposaldet_extrafields`
--

CREATE TABLE `llx_supplier_proposaldet_extrafields` (
  `rowid` int(11) NOT NULL AUTO_INCREMENT,
  `tms` timestamp NOT NULL DEFAULT current_timestamp() ON UPDATE current_timestamp(),
  `fk_object` int(11) NOT NULL,
  `import_key` varchar(14) DEFAULT NULL,
  PRIMARY KEY (`rowid`),
  UNIQUE KEY `uk_supplier_proposaldet_extrafields` (`fk_object`)
) ENGINE=InnoDB DEFAULT CHARSET=utf8mb3 COLLATE=utf8mb3_unicode_ci;

--
-- Dumping data for table `llx_supplier_proposaldet_extrafields`
--


--
-- Table structure for table `llx_takepos_floor_tables`
--

CREATE TABLE `llx_takepos_floor_tables` (
  `rowid` int(11) NOT NULL AUTO_INCREMENT,
  `entity` int(11) NOT NULL DEFAULT 1,
  `label` varchar(255) DEFAULT NULL,
  `leftpos` float DEFAULT NULL,
  `toppos` float DEFAULT NULL,
  `floor` int(3) DEFAULT NULL,
  PRIMARY KEY (`rowid`),
  UNIQUE KEY `entity` (`entity`,`label`),
  UNIQUE KEY `entity_2` (`entity`,`label`),
  UNIQUE KEY `entity_3` (`entity`,`label`),
  UNIQUE KEY `entity_4` (`entity`,`label`),
  UNIQUE KEY `uk_takepos_floor_tables` (`entity`,`label`)
) ENGINE=InnoDB DEFAULT CHARSET=utf8mb3 COLLATE=utf8mb3_unicode_ci;

--
-- Dumping data for table `llx_takepos_floor_tables`
--


--
-- Table structure for table `llx_ticket`
--

CREATE TABLE `llx_ticket` (
  `rowid` int(11) NOT NULL AUTO_INCREMENT,
  `entity` int(11) DEFAULT 1,
  `ref` varchar(128) NOT NULL,
  `track_id` varchar(128) NOT NULL,
  `fk_soc` int(11) DEFAULT 0,
  `fk_project` int(11) DEFAULT 0,
  `fk_contract` int(11) DEFAULT 0,
  `origin_email` varchar(128) DEFAULT NULL,
  `fk_user_create` int(11) DEFAULT NULL,
  `fk_user_assign` int(11) DEFAULT NULL,
  `subject` varchar(255) DEFAULT NULL,
  `message` mediumtext DEFAULT NULL,
  `fk_statut` int(11) DEFAULT NULL,
  `resolution` int(11) DEFAULT NULL,
  `progress` int(11) DEFAULT NULL,
  `timing` varchar(20) DEFAULT NULL,
  `type_code` varchar(32) DEFAULT NULL,
  `category_code` varchar(32) DEFAULT NULL,
  `severity_code` varchar(32) DEFAULT NULL,
  `datec` datetime DEFAULT NULL,
  `date_read` datetime DEFAULT NULL,
  `date_last_msg_sent` datetime DEFAULT NULL,
  `date_close` datetime DEFAULT NULL,
  `notify_tiers_at_create` tinyint(4) DEFAULT NULL,
  `tms` timestamp NOT NULL DEFAULT current_timestamp() ON UPDATE current_timestamp(),
  `import_key` varchar(14) DEFAULT NULL,
  `email_msgid` varchar(255) DEFAULT NULL,
  `email_date` datetime DEFAULT NULL,
  `ip` varchar(250) DEFAULT NULL,
  `model_pdf` varchar(255) DEFAULT NULL,
  `last_main_doc` varchar(255) DEFAULT NULL,
  `extraparams` varchar(255) DEFAULT NULL,
  `barcode` varchar(255) DEFAULT NULL,
  `fk_barcode_type` int(11) DEFAULT NULL,
  `origin_replyto` varchar(128) DEFAULT NULL,
  `origin_references` text DEFAULT NULL,
  PRIMARY KEY (`rowid`),
  UNIQUE KEY `uk_ticket_track_id` (`track_id`),
  UNIQUE KEY `uk_ticket_ref` (`ref`,`entity`),
  UNIQUE KEY `uk_ticket_barcode_barcode_type` (`barcode`,`fk_barcode_type`,`entity`),
  KEY `idx_ticket_entity` (`entity`),
  KEY `idx_ticket_fk_soc` (`fk_soc`),
  KEY `idx_ticket_fk_user_assign` (`fk_user_assign`),
  KEY `idx_ticket_fk_project` (`fk_project`),
  KEY `idx_ticket_fk_statut` (`fk_statut`),
  KEY `llx_ticket_fk_product_barcode_type` (`fk_barcode_type`),
  CONSTRAINT `llx_ticket_fk_product_barcode_type` FOREIGN KEY (`fk_barcode_type`) REFERENCES `llx_c_barcode_type` (`rowid`)
) ENGINE=InnoDB AUTO_INCREMENT=8 DEFAULT CHARSET=utf8mb3 COLLATE=utf8mb3_unicode_ci;

--
-- Dumping data for table `llx_ticket`
--

INSERT INTO `llx_ticket` VALUES (2,1,'TS1909-0001','15ff11cay39skiaa',NULL,6,0,NULL,12,12,'Increase memory on server','Pleae increase the memory of server to 164GB',3,NULL,0,NULL,'REQUEST','OTHER','NORMAL','2023-09-26 14:08:46',NULL,NULL,NULL,0,'2024-01-03 16:32:23',NULL,NULL,NULL,NULL,NULL,NULL,NULL,NULL,NULL,NULL,NULL),(3,1,'TS1909-0002','r5ya6gdi9f39dcjt',1,NULL,0,NULL,12,14,'Problem with customer','Please recontact customer.<br />\r\nNeed someone speaking chinese...',0,NULL,100,NULL,'ISSUE','OTHER','NORMAL','2023-09-26 14:10:31',NULL,NULL,'2023-10-04 13:05:55',0,'2024-01-03 16:32:23',NULL,NULL,NULL,NULL,NULL,NULL,NULL,NULL,NULL,NULL,NULL),(4,1,'TS1910-0003','fdv9wrzcte7b3c8b',NULL,NULL,0,NULL,12,NULL,'test','test',2,NULL,0,NULL,'COM','OTHER','NORMAL','2023-10-04 12:58:04',NULL,NULL,NULL,0,'2024-01-03 16:32:23',NULL,NULL,NULL,NULL,NULL,NULL,NULL,NULL,NULL,NULL,NULL),(6,1,'TS1911-0004','5gvo9bsjri55zef9',NULL,4,0,NULL,12,3,'What is the price for Dolibarr ERP CRM ?','I need to use it for 10 users.',2,NULL,0,NULL,'COM','OTHER','NORMAL','2023-11-29 12:46:29','2023-11-29 12:46:34',NULL,NULL,0,'2024-01-03 16:32:23',NULL,NULL,NULL,NULL,NULL,NULL,NULL,NULL,NULL,NULL,NULL),(7,1,'TS1911-0005','d51wjy4nym7wltg7',NULL,NULL,0,'customer@customercompany.com',NULL,16,'What is the price for Dolibarr ERP CRM ?','I need it for 10 people...',8,NULL,100,NULL,'COM','OTHER','NORMAL','2023-11-29 12:50:45','2023-11-29 12:52:32',NULL,'2024-03-13 06:17:35',1,'2024-01-03 16:32:23',NULL,NULL,NULL,NULL,NULL,NULL,NULL,NULL,NULL,NULL,NULL);

--
-- Table structure for table `llx_ticket_extrafields`
--

CREATE TABLE `llx_ticket_extrafields` (
  `rowid` int(11) NOT NULL AUTO_INCREMENT,
  `tms` timestamp NOT NULL DEFAULT current_timestamp() ON UPDATE current_timestamp(),
  `fk_object` int(11) NOT NULL,
  `import_key` varchar(14) DEFAULT NULL,
  `aaa` int(10) DEFAULT NULL,
  PRIMARY KEY (`rowid`),
  UNIQUE KEY `uk_ticket_extrafields` (`fk_object`),
  KEY `idx_ticket_extrafields` (`fk_object`)
) ENGINE=InnoDB DEFAULT CHARSET=utf8mb3 COLLATE=utf8mb3_unicode_ci;

--
-- Dumping data for table `llx_ticket_extrafields`
--


--
-- Table structure for table `llx_tva`
--

CREATE TABLE `llx_tva` (
  `rowid` int(11) NOT NULL AUTO_INCREMENT,
  `tms` timestamp NOT NULL DEFAULT current_timestamp() ON UPDATE current_timestamp(),
  `datec` date DEFAULT NULL,
  `datep` date DEFAULT NULL,
  `datev` date DEFAULT NULL,
  `amount` double(24,8) DEFAULT NULL,
  `label` varchar(255) DEFAULT NULL,
  `entity` int(11) NOT NULL DEFAULT 1,
  `note` text DEFAULT NULL,
  `fk_bank` int(11) DEFAULT NULL,
  `fk_user_creat` int(11) DEFAULT NULL,
  `fk_user_modif` int(11) DEFAULT NULL,
  `fk_typepayment` int(11) DEFAULT NULL,
  `num_payment` varchar(50) DEFAULT NULL,
  `import_key` varchar(14) DEFAULT NULL,
  `paye` smallint(6) NOT NULL DEFAULT 0,
  `fk_account` int(11) DEFAULT NULL,
  PRIMARY KEY (`rowid`)
) ENGINE=InnoDB DEFAULT CHARSET=utf8mb3 COLLATE=utf8mb3_unicode_ci;

--
-- Dumping data for table `llx_tva`
--


--
-- Table structure for table `llx_user`
--

CREATE TABLE `llx_user` (
  `rowid` int(11) NOT NULL AUTO_INCREMENT,
  `datec` datetime DEFAULT NULL,
  `tms` timestamp NOT NULL DEFAULT current_timestamp() ON UPDATE current_timestamp(),
  `fk_user_creat` int(11) DEFAULT NULL,
  `fk_user_modif` int(11) DEFAULT NULL,
  `login` varchar(50) NOT NULL,
  `entity` int(11) NOT NULL DEFAULT 1,
  `ref_employee` varchar(50) DEFAULT NULL,
  `civility` varchar(6) DEFAULT NULL,
  `ref_ext` varchar(50) DEFAULT NULL,
  `employee` smallint(6) DEFAULT 1,
  `fk_establishment` int(11) DEFAULT 0,
  `pass` varchar(128) DEFAULT NULL,
  `pass_crypted` varchar(128) DEFAULT NULL,
  `pass_temp` varchar(128) DEFAULT NULL,
  `api_key` varchar(128) DEFAULT NULL,
  `lastname` varchar(50) DEFAULT NULL,
  `firstname` varchar(50) DEFAULT NULL,
  `job` varchar(128) DEFAULT NULL,
  `office_phone` varchar(20) DEFAULT NULL,
  `office_fax` varchar(20) DEFAULT NULL,
  `user_mobile` varchar(20) DEFAULT NULL,
  `personal_mobile` varchar(20) DEFAULT NULL,
  `email` varchar(255) DEFAULT NULL,
  `personal_email` varchar(255) DEFAULT NULL,
  `socialnetworks` text DEFAULT NULL,
  `signature` text DEFAULT NULL,
  `admin` smallint(6) DEFAULT 0,
  `fk_soc` int(11) DEFAULT NULL,
  `fk_socpeople` int(11) DEFAULT NULL,
  `fk_member` int(11) DEFAULT NULL,
  `note_private` text DEFAULT NULL,
  `datelastlogin` datetime DEFAULT NULL,
  `datepreviouslogin` datetime DEFAULT NULL,
  `egroupware_id` int(11) DEFAULT NULL,
  `ldap_sid` varchar(255) DEFAULT NULL,
  `statut` tinyint(4) DEFAULT 1,
  `photo` varchar(255) DEFAULT NULL,
  `lang` varchar(6) DEFAULT NULL,
  `openid` varchar(255) DEFAULT NULL,
  `fk_user` int(11) DEFAULT NULL,
  `fk_user_expense_validator` int(11) DEFAULT NULL,
  `fk_user_holiday_validator` int(11) DEFAULT NULL,
  `thm` double(24,8) DEFAULT NULL,
  `address` varchar(255) DEFAULT NULL,
  `zip` varchar(25) DEFAULT NULL,
  `town` varchar(50) DEFAULT NULL,
  `fk_state` int(11) DEFAULT 0,
  `fk_country` int(11) DEFAULT 0,
  `color` varchar(6) DEFAULT NULL,
  `accountancy_code` varchar(32) DEFAULT NULL,
  `barcode` varchar(255) DEFAULT NULL,
  `fk_barcode_type` int(11) DEFAULT 0,
  `nb_holiday` int(11) DEFAULT 0,
  `salary` double(24,8) DEFAULT NULL,
  `tjm` double(24,8) DEFAULT NULL,
  `salaryextra` double(24,8) DEFAULT NULL,
  `weeklyhours` double(16,8) DEFAULT NULL,
  `gender` varchar(10) DEFAULT NULL,
  `note_public` text DEFAULT NULL,
  `dateemployment` datetime DEFAULT NULL,
  `import_key` varchar(14) DEFAULT NULL,
  `model_pdf` varchar(255) DEFAULT NULL,
  `birth` date DEFAULT NULL,
  `pass_encoding` varchar(24) DEFAULT NULL,
  `default_range` int(11) DEFAULT NULL,
  `default_c_exp_tax_cat` int(11) DEFAULT NULL,
  `dateemploymentend` date DEFAULT NULL,
  `fk_warehouse` int(11) DEFAULT NULL,
  `iplastlogin` varchar(250) DEFAULT NULL,
  `ippreviouslogin` varchar(250) DEFAULT NULL,
  `datelastpassvalidation` datetime DEFAULT NULL,
  `datestartvalidity` datetime DEFAULT NULL,
  `dateendvalidity` datetime DEFAULT NULL,
  `national_registration_number` varchar(50) DEFAULT NULL,
  `birth_place` varchar(64) DEFAULT NULL,
  `flagdelsessionsbefore` datetime DEFAULT NULL,
  `email_oauth2` varchar(255) DEFAULT NULL,
  PRIMARY KEY (`rowid`),
  UNIQUE KEY `uk_user_login` (`login`,`entity`),
  UNIQUE KEY `uk_user_fk_socpeople` (`fk_socpeople`),
  UNIQUE KEY `uk_user_fk_member` (`fk_member`),
  UNIQUE KEY `uk_user_api_key` (`api_key`),
  KEY `idx_user_api_key` (`api_key`),
  KEY `idx_user_fk_societe` (`fk_soc`)
) ENGINE=InnoDB AUTO_INCREMENT=30 DEFAULT CHARSET=utf8mb3 COLLATE=utf8mb3_unicode_ci;

--
-- Dumping data for table `llx_user`
--

INSERT INTO `llx_user` VALUES (1,'2012-07-08 13:20:11','2024-06-21 23:39:57',NULL,NULL,'aeinstein',0,'','',NULL,1,NULL,NULL,'$2y$10$lIvMb5RJjxqmd6OxnZLqvuLZGOXj3gxIQhZQUqcY8fQTyh0cTtUpa',NULL,'dolcrypt:AES-256-CTR:10fbb3f05469219f:tdZj4NEPnVQAs3x0SURYlrKyhNWDD5PaD/6+pArBInw=','Einstein','Albert','','123456789','','','','aeinstein@example.com','','[]','',0,NULL,NULL,NULL,'','2017-10-05 08:32:44','2017-10-03 11:43:50',NULL,'',1,'alberteinstein.jpg',NULL,NULL,14,NULL,NULL,NULL,'','','',NULL,NULL,'aaaaff','',NULL,0,0,NULL,NULL,NULL,44.00000000,'man','',NULL,NULL,NULL,NULL,NULL,NULL,NULL,NULL,NULL,NULL,NULL,NULL,NULL,NULL,'',NULL,NULL,NULL),(2,'2012-07-08 13:54:48','2021-04-15 10:41:35',NULL,NULL,'demo',1,NULL,NULL,NULL,1,0,NULL,'$2y$10$Hgawd0DFS2bgBiM6rJuAZ.ff250vlm111HVWBJQvRzRq5hNijLxam',NULL,NULL,'Doe','David','Trainee','09123123','','','','daviddoe@example.com','','[]','',0,NULL,NULL,NULL,'','2018-07-30 23:10:54','2018-07-30 23:04:17',NULL,'',1,'person9.jpeg',NULL,NULL,11,NULL,NULL,NULL,'','','',NULL,NULL,'','',NULL,0,0,NULL,NULL,NULL,35.00000000,'man',NULL,NULL,NULL,NULL,NULL,NULL,NULL,NULL,NULL,-1,NULL,NULL,NULL,NULL,NULL,NULL,NULL,NULL,NULL),(3,'2012-07-11 16:18:59','2023-01-14 10:46:33',NULL,NULL,'pcurie',1,'','',NULL,1,0,NULL,'$2y$10$Hgawd0DFS2bgBiM6rJuAZ.ff250vlm111HVWBJQvRzRq5hNijLxam',NULL,NULL,'Curie','Pierre','','','','','','pcurie@example.com','','[]','',0,NULL,NULL,2,'','2014-12-21 17:38:55',NULL,NULL,'',1,'dolicloud_avent_saas.png',NULL,NULL,14,NULL,NULL,NULL,'','','',NULL,NULL,'','',NULL,0,0,NULL,NULL,NULL,39.00000000,NULL,'',NULL,NULL,NULL,NULL,NULL,NULL,NULL,NULL,NULL,NULL,NULL,NULL,NULL,NULL,'',NULL,NULL,NULL),(4,'2015-01-23 17:52:27','2021-04-15 10:41:35',NULL,NULL,'bbookkeeper',1,NULL,NULL,NULL,1,0,NULL,'$2y$10$Hgawd0DFS2bgBiM6rJuAZ.ff250vlm111HVWBJQvRzRq5hNijLxam',NULL,NULL,'Bookkeeper','Bob','Bookkeeper','','','','','bbookkeeper@example.com','','{\"skype\":\"skypebbookkeeper\"}','',0,17,6,NULL,'','2015-02-25 10:18:41','2015-01-23 17:53:20',NULL,'',1,'person8.jpeg',NULL,NULL,11,NULL,NULL,NULL,'','','',NULL,NULL,'','',NULL,0,0,NULL,NULL,NULL,16.00000000,'man',NULL,NULL,NULL,NULL,NULL,NULL,NULL,NULL,NULL,-1,NULL,NULL,NULL,NULL,NULL,NULL,NULL,NULL,NULL),(10,'2017-10-03 11:47:41','2023-03-15 15:07:13',NULL,NULL,'mcurie',1,NULL,NULL,NULL,1,0,NULL,'$2y$10$Hgawd0DFS2bgBiM6rJuAZ.ff250vlm111HVWBJQvRzRq5hNijLxam',NULL,NULL,'Curie','Marie','','','','','','mcurie@example.com','','[]','',0,NULL,NULL,NULL,'',NULL,NULL,NULL,'',1,'mariecurie.jpg',NULL,NULL,14,NULL,NULL,NULL,'','','',NULL,NULL,'ffaaff','',NULL,0,0,NULL,NULL,NULL,44.00000000,'woman',NULL,NULL,NULL,NULL,NULL,NULL,NULL,NULL,NULL,-1,NULL,NULL,NULL,NULL,NULL,NULL,NULL,NULL,NULL),(11,'2017-10-05 09:07:52','2023-03-15 15:07:13',NULL,NULL,'zzeceo',1,NULL,'',NULL,1,0,NULL,'$2y$10$Hgawd0DFS2bgBiM6rJuAZ.ff250vlm111HVWBJQvRzRq5hNijLxam',NULL,NULL,'Zeceo','Zack','President - CEO','','','','','zzeceo@example.com','','{\"facebook\":\"\",\"skype\":\"\",\"twitter\":\"\",\"linkedin\":\"\",\"instagram\":\"\",\"snapchat\":\"\",\"googleplus\":\"\",\"youtube\":\"\",\"whatsapp\":\"\",\"tumblr\":\"\",\"vero\":\"\",\"viadeo\":\"\",\"slack\":\"\",\"xing\":\"\",\"meetup\":\"\",\"pinterest\":\"\",\"flickr\":\"\",\"500px\":\"\",\"giphy\":\"\",\"gifycat\":\"\",\"dailymotion\":\"\",\"vimeo\":\"\",\"periscope\":\"\",\"twitch\":\"\",\"discord\":\"\",\"wikipedia\":\"\",\"reddit\":\"\",\"quora\":\"\",\"tripadvisor\":\"\",\"mastodon\":\"\",\"diaspora\":\"\",\"viber\":\"\",\"github\":\"\"}','',0,NULL,NULL,NULL,'','2017-10-05 22:48:08','2017-10-05 21:18:46',NULL,'',1,'person4.jpeg',NULL,NULL,NULL,NULL,NULL,NULL,'','','',NULL,NULL,'','',NULL,0,0,NULL,NULL,NULL,39.00000000,NULL,'','2019-06-10 00:00:00',NULL,NULL,NULL,NULL,NULL,NULL,NULL,NULL,NULL,NULL,NULL,NULL,NULL,NULL,NULL,NULL,NULL),(12,'2017-10-05 09:09:46','2024-06-21 23:39:43',NULL,12,'admin',0,'','',NULL,1,NULL,NULL,'$2y$10$5qk/U.aOy.7uBSNxpwiqkOfBlCUop9c2wKWuFZ/wZ2hAC9lriGqnG',NULL,'dolcrypt:AES-256-CTR:10fbb3f05469219f:mbY0u8IU/ChCnws6Ny9/58bWkdK0V6WCBYjJoh7XXEA=','Adminson','Alice','Admin Technical','','','','','myemail@mycompany.com','','[]','Alice - 123',1,NULL,NULL,NULL,'kmlk','2024-06-23 11:19:42','2024-06-22 10:27:50',NULL,'',1,'ldestailleur_200x200.jpg',NULL,NULL,11,NULL,NULL,NULL,'','','',NULL,NULL,'','',NULL,0,0,2700.00000000,NULL,NULL,39.00000000,'woman','',NULL,NULL,'generic_user_odt','1985-09-15',NULL,NULL,NULL,NULL,NULL,'127.0.0.1','127.0.0.1',NULL,NULL,NULL,'',NULL,NULL,NULL),(13,'2017-10-05 21:29:35','2023-03-15 15:07:36',NULL,NULL,'ccommercy',1,NULL,'',NULL,1,0,NULL,'$2y$10$KTaKE0NyYyJSCogsxtwR.eADst17XYMrOWlsFfVLR60IbjANIVLHK',NULL,NULL,'Commercy','Coraly','Commercial leader','','','','','ccommercy@example.com','','{\"facebook\":\"\",\"skype\":\"\",\"twitter\":\"\",\"linkedin\":\"\",\"instagram\":\"\",\"snapchat\":\"\",\"googleplus\":\"\",\"youtube\":\"\",\"whatsapp\":\"\",\"tumblr\":\"\",\"vero\":\"\",\"viadeo\":\"\",\"slack\":\"\",\"xing\":\"\",\"meetup\":\"\",\"pinterest\":\"\",\"flickr\":\"\",\"500px\":\"\",\"giphy\":\"\",\"gifycat\":\"\",\"dailymotion\":\"\",\"vimeo\":\"\",\"periscope\":\"\",\"twitch\":\"\",\"discord\":\"\",\"wikipedia\":\"\",\"reddit\":\"\",\"quora\":\"\",\"tripadvisor\":\"\",\"mastodon\":\"\",\"diaspora\":\"\",\"viber\":\"\",\"github\":\"\"}','',0,NULL,NULL,NULL,'',NULL,NULL,NULL,'',1,'person7.jpeg',NULL,NULL,11,NULL,NULL,NULL,'','','',NULL,NULL,'','',NULL,0,0,1890.00000000,NULL,NULL,25.00000000,'woman','','2018-09-11 00:00:00',NULL,NULL,'1998-12-08',NULL,NULL,NULL,NULL,NULL,NULL,NULL,NULL,NULL,NULL,NULL,NULL,NULL,NULL),(14,'2017-10-05 21:33:33','2023-03-15 15:07:36',NULL,NULL,'sscientol',1,NULL,NULL,NULL,1,0,NULL,'$2y$10$Hgawd0DFS2bgBiM6rJuAZ.ff250vlm111HVWBJQvRzRq5hNijLxam',NULL,NULL,'Scientol','Sam','Scientist leader','','','','','sscientol@example.com','','[]','',0,NULL,NULL,NULL,'',NULL,NULL,NULL,'',1,'person3.jpeg',NULL,NULL,11,NULL,NULL,NULL,'','','',NULL,NULL,'','',NULL,0,0,3500.00000000,NULL,NULL,39.00000000,NULL,NULL,'2018-07-03 00:00:00',NULL,NULL,NULL,NULL,NULL,NULL,NULL,-1,NULL,NULL,NULL,NULL,NULL,NULL,NULL,NULL,NULL),(16,'2017-10-05 22:47:52','2023-03-15 15:07:36',NULL,NULL,'ccommerson',1,NULL,NULL,NULL,1,0,NULL,'$2y$10$Hgawd0DFS2bgBiM6rJuAZ.ff250vlm111HVWBJQvRzRq5hNijLxam',NULL,NULL,'Charle1','Commerson','Sale representative','','','','','ccommerson@example.com','','[]','',0,NULL,NULL,NULL,'','2017-10-05 23:46:24','2017-10-05 23:37:31',NULL,'',1,'person1.jpeg',NULL,NULL,13,NULL,NULL,NULL,'','','',NULL,NULL,'','',NULL,0,0,2900.00000000,NULL,NULL,39.00000000,NULL,NULL,'2019-09-01 00:00:00',NULL,NULL,'1976-02-05',NULL,NULL,NULL,NULL,-1,NULL,NULL,NULL,NULL,NULL,NULL,NULL,NULL,NULL),(17,'2017-10-05 22:48:39','2023-03-15 15:07:36',NULL,NULL,'aleerfok',1,NULL,NULL,NULL,1,0,NULL,'$2y$10$Hgawd0DFS2bgBiM6rJuAZ.ff250vlm111HVWBJQvRzRq5hNijLxam',NULL,NULL,'Leerfok','Amanda','Sale representative','','','','','aleerfok@example.com','','[]','',0,NULL,NULL,NULL,'','2017-10-05 23:16:06',NULL,NULL,'',0,'person5.jpeg',NULL,NULL,13,NULL,NULL,NULL,'','','',NULL,NULL,'','',NULL,0,0,NULL,NULL,NULL,39.00000000,'woman',NULL,NULL,NULL,NULL,NULL,NULL,NULL,NULL,NULL,-1,NULL,NULL,NULL,NULL,NULL,NULL,NULL,NULL,NULL),(18,'2018-01-22 17:27:02','2023-03-15 15:08:17',NULL,NULL,'ldestailleur',1,NULL,NULL,NULL,1,0,NULL,'$2y$10$Hgawd0DFS2bgBiM6rJuAZ.ff250vlm111HVWBJQvRzRq5hNijLxam',NULL,NULL,'Destailleur','Laurent','Project leader of Dolibarr ERP CRM','','','','','ldestailleur@example.com','','[]','',0,10,10,NULL,'More information on http://www.mydomain.com','2019-10-04 10:06:40','2017-09-06 11:55:30',NULL,'',1,'ldestailleur_200x200.jpg',NULL,NULL,NULL,NULL,NULL,NULL,'','','',NULL,NULL,'007f7f','',NULL,0,0,NULL,NULL,NULL,NULL,'man',NULL,NULL,NULL,NULL,NULL,NULL,NULL,NULL,NULL,-1,NULL,NULL,NULL,NULL,NULL,NULL,NULL,NULL,NULL),(19,'2017-02-02 03:55:44','2021-04-15 10:41:35',NULL,NULL,'aboston',1,NULL,NULL,NULL,1,0,NULL,'$2y$10$Hgawd0DFS2bgBiM6rJuAZ.ff250vlm111HVWBJQvRzRq5hNijLxam',NULL,NULL,'Boston','Alex','','','','','','aboston@example.com','','[]','<strong>Alex Boston</strong><br />\r\nAdmin support service - 555 01 02 03 04',0,NULL,NULL,NULL,'',NULL,NULL,NULL,'',0,'person2.jpeg',NULL,NULL,12,NULL,NULL,25.00000000,'','','',NULL,NULL,'ff00ff','',NULL,0,0,2700.00000000,NULL,NULL,32.00000000,NULL,NULL,'2016-11-04 00:00:00',NULL,NULL,NULL,NULL,NULL,NULL,NULL,-1,NULL,NULL,NULL,NULL,NULL,NULL,NULL,NULL,NULL),(22,'2022-12-13 11:28:20','2023-02-25 15:00:16',NULL,NULL,'noperm',1,'','',NULL,1,0,NULL,'$2y$10$g.VTJej0pV4ozOY.X/e5muWjbKkayuu6gvf7mVgUqxsArqSoy7qnC',NULL,NULL,'noperm','noperm','','','','','','','','[]','',0,NULL,NULL,NULL,'','2023-02-25 12:00:24','2022-12-13 11:29:23',NULL,'',1,NULL,NULL,NULL,12,12,12,NULL,'','','',NULL,NULL,'','',NULL,0,0,NULL,NULL,NULL,NULL,NULL,'',NULL,NULL,NULL,NULL,NULL,NULL,NULL,NULL,NULL,'127.0.0.1','127.0.0.1',NULL,NULL,NULL,'',NULL,NULL,NULL),(29,'2023-02-25 12:08:43','2023-03-15 15:07:36',NULL,NULL,'test',1,'','',NULL,1,0,NULL,'$2y$10$etr5jNn7iShYbwhjcnGq2.QC1UZJfljdt/Y83KkdXya4akasUGgUy',NULL,NULL,'test','test','','','','','','','','[]','',0,NULL,NULL,NULL,'','2023-02-25 12:09:28',NULL,NULL,'',1,NULL,NULL,NULL,12,12,12,NULL,'','','',NULL,NULL,'','',NULL,0,0,NULL,NULL,NULL,NULL,NULL,'',NULL,NULL,NULL,NULL,NULL,NULL,NULL,NULL,NULL,'127.0.0.1',NULL,NULL,NULL,NULL,'',NULL,NULL,NULL);

--
-- Table structure for table `llx_user_alert`
--

CREATE TABLE `llx_user_alert` (
  `rowid` int(11) NOT NULL AUTO_INCREMENT,
  `type` int(11) DEFAULT NULL,
  `fk_contact` int(11) DEFAULT NULL,
  `fk_user` int(11) DEFAULT NULL,
  PRIMARY KEY (`rowid`)
) ENGINE=InnoDB AUTO_INCREMENT=3 DEFAULT CHARSET=utf8mb3 COLLATE=utf8mb3_unicode_ci;

--
-- Dumping data for table `llx_user_alert`
--

INSERT INTO `llx_user_alert` VALUES (1,1,1,1),(2,1,10,12);

--
-- Table structure for table `llx_user_clicktodial`
--

CREATE TABLE `llx_user_clicktodial` (
  `fk_user` int(11) NOT NULL,
  `url` varchar(255) DEFAULT NULL,
  `login` varchar(32) DEFAULT NULL,
  `pass` varchar(64) DEFAULT NULL,
  `poste` varchar(20) DEFAULT NULL,
  PRIMARY KEY (`fk_user`)
) ENGINE=InnoDB DEFAULT CHARSET=utf8mb3 COLLATE=utf8mb3_unicode_ci;

--
-- Dumping data for table `llx_user_clicktodial`
--


--
-- Table structure for table `llx_user_employment`
--

CREATE TABLE `llx_user_employment` (
  `rowid` int(11) NOT NULL AUTO_INCREMENT,
  `entity` int(11) NOT NULL DEFAULT 1,
  `ref` varchar(50) DEFAULT NULL,
  `ref_ext` varchar(50) DEFAULT NULL,
  `fk_user` int(11) DEFAULT NULL,
  `datec` datetime DEFAULT NULL,
  `tms` timestamp NOT NULL DEFAULT current_timestamp() ON UPDATE current_timestamp(),
  `fk_user_creat` int(11) DEFAULT NULL,
  `fk_user_modif` int(11) DEFAULT NULL,
  `job` varchar(128) DEFAULT NULL,
  `status` int(11) NOT NULL,
  `salary` double(24,8) DEFAULT NULL,
  `salaryextra` double(24,8) DEFAULT NULL,
  `weeklyhours` double(16,8) DEFAULT NULL,
  `dateemployment` date DEFAULT NULL,
  `dateemploymentend` date DEFAULT NULL,
  PRIMARY KEY (`rowid`),
  UNIQUE KEY `uk_user_employment` (`ref`,`entity`),
  KEY `fk_user_employment_fk_user` (`fk_user`),
  CONSTRAINT `fk_user_employment_fk_user` FOREIGN KEY (`fk_user`) REFERENCES `llx_user` (`rowid`)
) ENGINE=InnoDB DEFAULT CHARSET=utf8mb3 COLLATE=utf8mb3_unicode_ci;

--
-- Dumping data for table `llx_user_employment`
--


--
-- Table structure for table `llx_user_extrafields`
--

CREATE TABLE `llx_user_extrafields` (
  `rowid` int(11) NOT NULL AUTO_INCREMENT,
  `tms` timestamp NOT NULL DEFAULT current_timestamp() ON UPDATE current_timestamp(),
  `fk_object` int(11) NOT NULL,
  `import_key` varchar(14) DEFAULT NULL,
  `rsapublicmain` text DEFAULT NULL,
  `ippublicmain` varchar(255) DEFAULT NULL,
  `aaa` varchar(255) DEFAULT NULL,
  `news_viewed` int(1) DEFAULT NULL,
  `a_custom_field` varchar(255) DEFAULT NULL,
  PRIMARY KEY (`rowid`),
  UNIQUE KEY `uk_user_extrafields` (`fk_object`)
) ENGINE=InnoDB AUTO_INCREMENT=27 DEFAULT CHARSET=utf8mb3 COLLATE=utf8mb3_unicode_ci;

--
-- Dumping data for table `llx_user_extrafields`
--

INSERT INTO `llx_user_extrafields` VALUES (2,'2023-02-25 15:00:16',22,NULL,NULL,NULL,NULL,NULL,NULL),(6,'2023-02-28 08:49:59',19,NULL,NULL,NULL,NULL,0,NULL),(8,'2023-02-28 08:49:59',17,NULL,NULL,NULL,NULL,0,NULL),(9,'2023-02-28 08:49:59',4,NULL,NULL,NULL,NULL,0,NULL),(10,'2023-02-28 08:49:59',13,NULL,NULL,NULL,NULL,0,NULL),(11,'2023-02-28 08:49:59',16,NULL,NULL,NULL,NULL,0,NULL),(12,'2023-02-28 08:49:59',2,NULL,NULL,NULL,NULL,0,NULL),(13,'2023-02-28 08:49:59',18,NULL,NULL,NULL,NULL,0,NULL),(14,'2023-02-28 08:49:59',10,NULL,NULL,NULL,NULL,0,NULL),(15,'2023-02-28 08:49:59',3,NULL,NULL,NULL,NULL,0,NULL),(16,'2023-02-28 08:49:59',14,NULL,NULL,NULL,NULL,0,NULL),(17,'2023-02-28 08:49:59',11,NULL,NULL,NULL,NULL,0,NULL),(18,'2023-03-13 11:03:08',29,NULL,NULL,NULL,NULL,NULL,NULL),(25,'2024-06-21 23:39:43',12,NULL,NULL,NULL,NULL,NULL,NULL),(26,'2024-06-21 23:39:57',1,NULL,NULL,NULL,NULL,0,NULL);

--
-- Table structure for table `llx_user_param`
--

CREATE TABLE `llx_user_param` (
  `fk_user` int(11) NOT NULL,
  `entity` int(11) NOT NULL DEFAULT 1,
  `param` varchar(255) NOT NULL,
  `value` text NOT NULL,
  UNIQUE KEY `uk_user_param` (`fk_user`,`param`,`entity`)
) ENGINE=InnoDB DEFAULT CHARSET=utf8mb3 COLLATE=utf8mb3_unicode_ci;

--
-- Dumping data for table `llx_user_param`
--

INSERT INTO `llx_user_param` VALUES (1,1,'MAIN_BOXES_0','1'),(1,1,'MAIN_THEME','eldy'),(1,3,'THEME_ELDY_ENABLE_PERSONALIZED','1'),(1,1,'THEME_ELDY_RGB','ded0ed'),(1,3,'THEME_ELDY_RGB','d0ddc3'),(2,1,'MAIN_BOXES_0','1'),(11,1,'MAIN_BOXES_0','1'),(12,1,'MAIN_BOXES_0','1'),(12,1,'MAIN_BOXES_2','1'),(12,1,'MAIN_BOXES_27','1'),(12,1,'MAIN_LANG_DEFAULT','fr_FR'),(12,1,'MAIN_SELECTEDFIELDS_/dolibarr_4.0/htdocs/adherents/list.php','d.zip,d.ref,d.lastname,d.firstname,d.company,d.login,d.morphy,t.libelle,d.email,d.datefin,d.statut,'),(12,1,'MAIN_SELECTEDFIELDS_accountingaccountlist','categories,aa.account_number,aa.label,aa.labelshort,aa.account_parent,aa.pcg_type,aa.active,aa.import_key,'),(12,1,'MAIN_SELECTEDFIELDS_cashcontrol','t.ref,t.posmodule,t.posnumber,t.opening,t.cash,t.cheque,t.card,t.year_close,t.month_close,t.day_close,t.status,'),(12,1,'MAIN_SELECTEDFIELDS_conferenceorboothlist','t.fk_project,t.ref,t.label,t.fk_soc,t.fk_action,t.datep,t.datep2,t.num_vote,t.status,'),(12,1,'MAIN_SELECTEDFIELDS_customerlist','s.email,s.nom,s.name_alias,s.barcode,s.code_client,s.code_compta,s.zip,s.phone,typent.code,customerorsupplier,s.status,'),(12,1,'MAIN_SELECTEDFIELDS_directdebitcredittransferlist','ref,label,datep,type,project,bank,entry,account,subledger,debit,credit,'),(12,1,'MAIN_SELECTEDFIELDS_emailsenderprofilelist','t.tms,t.label,t.email,t.private,t.position,t.date_creation,t.active,'),(12,1,'MAIN_SELECTEDFIELDS_inventorylist','t.fk_user_creat,t.ref,t.title,t.fk_warehouse,t.fk_product,t.date_inventory,t.fk_user_modif,t.fk_user_valid,t.status,'),(12,1,'MAIN_SELECTEDFIELDS_invoicelist','typent.code,f.ref,f.type,f.datef,f.date_lim_reglement,p.ref,s.nom,f.total_ht,f.total_ttc,rtp,u.login,f.fk_statut,'),(12,1,'MAIN_SELECTEDFIELDS_jobpositionlist','t.fk_user_creat,t.rowid,t.date_start,t.date_end,t.fk_user,t.fk_job,'),(12,1,'MAIN_SELECTEDFIELDS_knowledgerecordlist','t.fk_c_ticket_category,t.ref,t.question,t.lang,t.tms,t.status,'),(12,1,'MAIN_SELECTEDFIELDS_molist','t.ref,t.fk_bom,t.mrptype,t.fk_product,t.qty,t.label,t.fk_warehouse,t.date_start_planned,t.date_end_planned,t.status,'),(12,1,'MAIN_SELECTEDFIELDS_partnershippartnershiplist','t.import_key,t.ip,t.reason_decline_or_cancel,t.last_check_backlink,t.count_last_url_check_error,t.entity,t.url_to_check,t.ref,t.fk_type,t.fk_soc,t.date_partnership_start,t.date_partnership_end,t.status,'),(12,1,'MAIN_SELECTEDFIELDS_poslist','f.ref,f.ref_client,f.date,f.date_lim_reglement,p.ref,s.nom,s.town,s.zip,f.total_ht,f.fk_statut,'),(12,1,'MAIN_SELECTEDFIELDS_productlist','p.numbuyprice,p.ref,p.label,p.barcode,p.sellprice,p.minbuyprice,p.desiredstock,p.stock,stock_virtual,p.tosell,p.tobuy,'),(12,1,'MAIN_SELECTEDFIELDS_proposallist','p.ref,p.ref_client,s.nom,s.zip,country.code_iso,p.date,p.fin_validite,p.total_ht,u.login,p.datec,p.fk_statut,'),(12,1,'MAIN_SELECTEDFIELDS_servicelist','p.ref,p.label,p.duration,p.sellprice,p.minbuyprice,p.tosell,p.tobuy,'),(12,1,'MAIN_SELECTEDFIELDS_supplierorderlist','cf.tms,cf.ref,cf.ref_supplier,cf.fk_soc,s.town,s.zip,cf.date_commande,cf.date_livraison,cf.total_ht,cf.total_tva,cf.fk_statut,cf.billed,'),(12,1,'MAIN_SELECTEDFIELDS_targetlist','t.trigger_codes,t.ref,t.label,t.url,t.status,'),(12,1,'MAIN_SELECTEDFIELDS_tasklist','s.nom,t.ref,t.label,t.dateo,t.datee,p.ref,p.fk_statut,t.planned_workload,t.duration_effective,t.progress_calculated,t.progress,t.progress_summary,'),(12,1,'MAIN_SELECTEDFIELDS_ticketlist','t.origin_email,t.ref,t.fk_user_create,t.subject,t.type_code,t.severity_code,t.fk_soc,t.datec,t.date_read,t.fk_user_assign,t.fk_statut,'),(12,1,'MAIN_SELECTEDFIELDS_userlist','u.api_key,u.login,u.lastname,u.firstname,u.employee,u.fk_user,u.email,u.fk_soc,u.job,u.datelastlogin,u.statut,'),(12,1,'MAIN_SELECTEDFIELDS_vendorpaymentlist','pndf.rowid,pndf.datep,u.login,c.libelle,pndf.num_payment,ba.label,pndf.amount,');

--
-- Table structure for table `llx_user_rib`
--

CREATE TABLE `llx_user_rib` (
  `rowid` int(11) NOT NULL AUTO_INCREMENT,
  `fk_user` int(11) NOT NULL,
  `entity` int(11) NOT NULL DEFAULT 1,
  `datec` datetime DEFAULT NULL,
  `tms` timestamp NOT NULL DEFAULT current_timestamp() ON UPDATE current_timestamp(),
  `label` varchar(30) DEFAULT NULL,
  `bank` varchar(255) DEFAULT NULL,
  `code_banque` varchar(128) DEFAULT NULL,
  `code_guichet` varchar(6) DEFAULT NULL,
  `number` varchar(255) DEFAULT NULL,
  `cle_rib` varchar(5) DEFAULT NULL,
  `bic` varchar(11) DEFAULT NULL,
  `bic_intermediate` varchar(11) DEFAULT NULL,
  `iban_prefix` varchar(34) DEFAULT NULL,
  `domiciliation` varchar(255) DEFAULT NULL,
  `proprio` varchar(60) DEFAULT NULL,
  `owner_address` varchar(255) DEFAULT NULL,
  `state_id` int(11) DEFAULT NULL,
  `fk_country` int(11) DEFAULT NULL,
  `currency_code` varchar(3) DEFAULT NULL,
  PRIMARY KEY (`rowid`)
) ENGINE=InnoDB AUTO_INCREMENT=4 DEFAULT CHARSET=utf8mb3 COLLATE=utf8mb3_unicode_ci;

--
-- Dumping data for table `llx_user_rib`
--


--
-- Table structure for table `llx_user_rights`
--

CREATE TABLE `llx_user_rights` (
  `rowid` int(11) NOT NULL AUTO_INCREMENT,
  `entity` int(11) NOT NULL DEFAULT 1,
  `fk_user` int(11) NOT NULL,
  `fk_id` int(11) NOT NULL,
  PRIMARY KEY (`rowid`),
  UNIQUE KEY `uk_user_rights` (`entity`,`fk_user`,`fk_id`),
  KEY `fk_user_rights_fk_user_user` (`fk_user`),
  CONSTRAINT `fk_user_rights_fk_user_user` FOREIGN KEY (`fk_user`) REFERENCES `llx_user` (`rowid`)
) ENGINE=InnoDB AUTO_INCREMENT=25488 DEFAULT CHARSET=utf8mb3 COLLATE=utf8mb3_unicode_ci;

--
-- Dumping data for table `llx_user_rights`
--

INSERT INTO `llx_user_rights` VALUES (12402,1,1,11),(12380,1,1,12),(12385,1,1,13),(12389,1,1,14),(12393,1,1,15),(12398,1,1,16),(12404,1,1,19),(9726,1,1,21),(9700,1,1,22),(9706,1,1,24),(9711,1,1,25),(9716,1,1,26),(9722,1,1,27),(9728,1,1,28),(9978,1,1,31),(9968,1,1,32),(9974,1,1,34),(9980,1,1,38),(11573,1,1,41),(11574,1,1,42),(11575,1,1,44),(11576,1,1,45),(7184,1,1,61),(7181,1,1,62),(7183,1,1,64),(7185,1,1,67),(7186,1,1,68),(1678,1,1,71),(1673,1,1,72),(1675,1,1,74),(1679,1,1,75),(1677,1,1,76),(1681,1,1,78),(1682,1,1,79),(12322,1,1,81),(12309,1,1,82),(12312,1,1,84),(12314,1,1,86),(12317,1,1,87),(12320,1,1,88),(12323,1,1,89),(11580,1,1,91),(11581,1,1,92),(11582,1,1,93),(11583,1,1,94),(7139,1,1,101),(7134,1,1,102),(7136,1,1,104),(7137,1,1,105),(7138,1,1,106),(7140,1,1,109),(10229,1,1,111),(10201,1,1,112),(10207,1,1,113),(10213,1,1,114),(10219,1,1,115),(10225,1,1,116),(10231,1,1,117),(12518,1,1,121),(12508,1,1,122),(12514,1,1,125),(12520,1,1,126),(11577,1,1,141),(11578,1,1,142),(11579,1,1,144),(2307,1,1,151),(2304,1,1,152),(2306,1,1,153),(2308,1,1,154),(10092,1,1,161),(10093,1,1,162),(10094,1,1,163),(10095,1,1,164),(10096,1,1,165),(10000,1,1,221),(9990,1,1,222),(9996,1,1,223),(10002,1,1,229),(10007,1,1,237),(10011,1,1,238),(10015,1,1,239),(1686,1,1,241),(1685,1,1,242),(1687,1,1,243),(12604,1,1,251),(12566,1,1,252),(12569,1,1,253),(12572,1,1,254),(12575,1,1,255),(12579,1,1,256),(12525,1,1,262),(12544,1,1,281),(12534,1,1,282),(12540,1,1,283),(12546,1,1,286),(12290,1,1,301),(1763,1,1,331),(1762,1,1,332),(1764,1,1,333),(12582,1,1,341),(12584,1,1,342),(12586,1,1,343),(12588,1,1,344),(12600,1,1,351),(12593,1,1,352),(12597,1,1,353),(12601,1,1,354),(12605,1,1,358),(12560,1,1,531),(12553,1,1,532),(12557,1,1,534),(12561,1,1,538),(12348,1,1,701),(12354,1,1,702),(12360,1,1,703),(1755,1,1,1001),(1754,1,1,1002),(1756,1,1,1003),(1758,1,1,1004),(1759,1,1,1005),(7146,1,1,1101),(7143,1,1,1102),(7145,1,1,1104),(7147,1,1,1109),(12412,1,1,1181),(12458,1,1,1182),(12417,1,1,1183),(12420,1,1,1184),(12423,1,1,1185),(12427,1,1,1186),(12431,1,1,1187),(12437,1,1,1188),(12434,1,1,1189),(1578,1,1,1201),(1579,1,1,1202),(12454,1,1,1231),(12443,1,1,1232),(12446,1,1,1233),(12449,1,1,1234),(12452,1,1,1235),(12455,1,1,1236),(1736,1,1,1251),(12409,1,1,1321),(12326,1,1,1421),(12264,1,1,2401),(12260,1,1,2402),(12266,1,1,2403),(12280,1,1,2411),(12276,1,1,2412),(12282,1,1,2413),(12286,1,1,2414),(12370,1,1,2501),(12367,1,1,2503),(12371,1,1,2515),(12490,1,1,20001),(12474,1,1,20003),(12480,1,1,20004),(12486,1,1,20005),(12492,1,1,20006),(12302,1,1,23001),(12295,1,1,23002),(12299,1,1,23003),(12303,1,1,23004),(4984,1,1,50401),(4987,1,1,50411),(4988,1,1,50412),(4989,1,1,50415),(12498,1,1,55001),(12499,1,1,55002),(9596,1,1,101051),(9604,1,1,101060),(9605,1,1,101061),(10353,1,1,101250),(10355,1,1,101251),(132,1,2,11),(133,1,2,12),(134,1,2,13),(135,1,2,14),(136,1,2,16),(137,1,2,19),(138,1,2,21),(139,1,2,22),(140,1,2,24),(141,1,2,25),(142,1,2,26),(143,1,2,27),(10359,1,2,31),(145,1,2,32),(10361,1,2,34),(147,1,2,41),(148,1,2,42),(149,1,2,44),(150,1,2,61),(151,1,2,62),(152,1,2,64),(153,1,2,71),(154,1,2,72),(155,1,2,74),(156,1,2,75),(157,1,2,78),(158,1,2,79),(159,1,2,81),(160,1,2,82),(161,1,2,84),(162,1,2,86),(163,1,2,87),(164,1,2,88),(165,1,2,89),(166,1,2,91),(167,1,2,92),(168,1,2,93),(169,1,2,101),(170,1,2,102),(171,1,2,104),(172,1,2,109),(173,1,2,111),(174,1,2,112),(175,1,2,113),(176,1,2,114),(177,1,2,116),(178,1,2,117),(179,1,2,121),(180,1,2,122),(181,1,2,125),(182,1,2,141),(183,1,2,142),(184,1,2,144),(2479,1,2,151),(2480,1,2,152),(2481,1,2,153),(2482,1,2,154),(185,1,2,161),(186,1,2,162),(187,1,2,163),(188,1,2,164),(189,1,2,165),(193,1,2,221),(194,1,2,222),(195,1,2,229),(196,1,2,241),(197,1,2,242),(198,1,2,243),(199,1,2,251),(201,1,2,262),(202,1,2,281),(203,1,2,282),(204,1,2,283),(205,1,2,331),(2483,1,2,531),(207,1,2,532),(2484,1,2,534),(210,1,2,701),(211,1,2,702),(2474,1,2,703),(15064,1,2,771),(15057,1,2,772),(15059,1,2,773),(15063,1,2,775),(15065,1,2,776),(212,1,2,1001),(213,1,2,1002),(214,1,2,1003),(215,1,2,1004),(216,1,2,1005),(217,1,2,1101),(218,1,2,1102),(219,1,2,1104),(220,1,2,1109),(15073,1,2,1121),(15074,1,2,1122),(15075,1,2,1123),(15076,1,2,1124),(15077,1,2,1125),(15078,1,2,1126),(221,1,2,1181),(222,1,2,1182),(223,1,2,1183),(224,1,2,1184),(225,1,2,1185),(226,1,2,1186),(227,1,2,1187),(228,1,2,1188),(229,1,2,1201),(230,1,2,1202),(231,1,2,1231),(232,1,2,1232),(233,1,2,1233),(234,1,2,1234),(235,1,2,1421),(236,1,2,2401),(237,1,2,2402),(238,1,2,2403),(239,1,2,2411),(240,1,2,2412),(241,1,2,2413),(2470,1,2,2501),(243,1,2,2515),(10363,1,2,20001),(10365,1,2,20003),(10366,1,2,20004),(10367,1,2,20005),(10368,1,2,20006),(15054,1,2,23001),(15067,1,2,55001),(15066,1,2,59001),(15068,1,2,63001),(15069,1,2,63002),(15070,1,2,63003),(15071,1,2,63004),(10372,1,2,101250),(1807,1,3,11),(1808,1,3,31),(1810,1,3,41),(1811,1,3,61),(1812,1,3,71),(1813,1,3,72),(1814,1,3,74),(1815,1,3,75),(1816,1,3,78),(1817,1,3,79),(1818,1,3,91),(1821,1,3,111),(1822,1,3,121),(1823,1,3,122),(1824,1,3,125),(1825,1,3,161),(1829,1,3,221),(1830,1,3,222),(1831,1,3,229),(1832,1,3,241),(1833,1,3,242),(1834,1,3,243),(1835,1,3,251),(1836,1,3,255),(1837,1,3,256),(1838,1,3,262),(1839,1,3,281),(1840,1,3,282),(1841,1,3,283),(1842,1,3,331),(1843,1,3,531),(1846,1,3,1001),(1847,1,3,1002),(1848,1,3,1003),(1849,1,3,1004),(1850,1,3,1005),(1851,1,3,1181),(1852,1,3,1182),(1853,1,3,1201),(1854,1,3,1202),(1855,1,3,1231),(1856,1,3,2401),(1857,1,3,2402),(1858,1,3,2403),(1859,1,3,2411),(1860,1,3,2412),(1861,1,3,2413),(1863,1,3,2515),(8026,1,4,11),(8027,1,4,21),(8028,1,4,31),(8029,1,4,41),(8030,1,4,61),(8031,1,4,71),(8032,1,4,72),(8033,1,4,74),(8034,1,4,75),(8035,1,4,78),(8036,1,4,79),(8037,1,4,81),(8038,1,4,91),(8041,1,4,101),(8042,1,4,111),(8043,1,4,121),(8044,1,4,151),(8045,1,4,161),(8047,1,4,221),(8048,1,4,222),(8049,1,4,229),(8050,1,4,241),(8051,1,4,242),(8052,1,4,243),(8146,1,4,251),(8147,1,4,253),(8053,1,4,262),(8054,1,4,281),(8055,1,4,331),(8056,1,4,341),(8057,1,4,342),(8058,1,4,343),(8059,1,4,344),(8060,1,4,531),(8062,1,4,1001),(8063,1,4,1002),(8064,1,4,1003),(8065,1,4,1004),(8066,1,4,1005),(8067,1,4,1101),(8068,1,4,1181),(8069,1,4,1182),(8070,1,4,1201),(8071,1,4,1202),(8072,1,4,1231),(8073,1,4,2401),(8074,1,4,2501),(8075,1,4,2503),(8076,1,4,2515),(8077,1,4,20001),(12608,1,10,11),(12609,1,10,21),(12610,1,10,31),(12611,1,10,41),(12612,1,10,61),(12613,1,10,71),(12614,1,10,72),(12615,1,10,74),(12616,1,10,75),(12617,1,10,78),(12618,1,10,79),(12619,1,10,81),(12620,1,10,91),(12623,1,10,101),(12624,1,10,111),(12625,1,10,121),(12626,1,10,151),(12627,1,10,161),(12629,1,10,221),(12630,1,10,222),(12631,1,10,229),(12632,1,10,241),(12633,1,10,242),(12634,1,10,243),(12635,1,10,262),(12636,1,10,281),(12638,1,10,331),(12639,1,10,341),(12640,1,10,342),(12641,1,10,343),(12642,1,10,344),(12643,1,10,531),(12645,1,10,1001),(12646,1,10,1002),(12647,1,10,1003),(12648,1,10,1004),(12649,1,10,1005),(12650,1,10,1101),(12651,1,10,1181),(12652,1,10,1182),(12653,1,10,1201),(12654,1,10,1202),(12655,1,10,1231),(12656,1,10,2401),(12657,1,10,2501),(12658,1,10,2503),(12659,1,10,2515),(12660,1,10,20001),(12662,1,10,23001),(12664,1,11,11),(12665,1,11,21),(12666,1,11,31),(12667,1,11,41),(12668,1,11,61),(12669,1,11,71),(12670,1,11,72),(12671,1,11,74),(12672,1,11,75),(12673,1,11,78),(12674,1,11,79),(12675,1,11,81),(12676,1,11,91),(12679,1,11,101),(12680,1,11,111),(12681,1,11,121),(12682,1,11,151),(12683,1,11,161),(12685,1,11,221),(12686,1,11,222),(12687,1,11,229),(12688,1,11,241),(12689,1,11,242),(12690,1,11,243),(12691,1,11,262),(12692,1,11,281),(12694,1,11,331),(12695,1,11,341),(12696,1,11,342),(12697,1,11,343),(12698,1,11,344),(12699,1,11,531),(12701,1,11,1001),(12702,1,11,1002),(12703,1,11,1003),(12704,1,11,1004),(12705,1,11,1005),(12706,1,11,1101),(12707,1,11,1181),(12708,1,11,1182),(12709,1,11,1201),(12710,1,11,1202),(12711,1,11,1231),(12712,1,11,2401),(12713,1,11,2501),(12714,1,11,2503),(12715,1,11,2515),(12716,1,11,20001),(12718,1,11,23001),(25356,1,12,11),(25357,1,12,12),(25358,1,12,13),(25359,1,12,14),(25360,1,12,15),(25361,1,12,16),(25362,1,12,19),(23583,1,12,21),(23584,1,12,22),(23585,1,12,24),(23586,1,12,25),(23587,1,12,26),(23588,1,12,27),(23589,1,12,28),(23590,1,12,31),(23591,1,12,32),(23592,1,12,33),(23593,1,12,34),(23594,1,12,38),(23595,1,12,39),(23596,1,12,41),(23597,1,12,42),(23598,1,12,44),(23599,1,12,45),(25390,1,12,61),(25391,1,12,62),(25392,1,12,64),(25393,1,12,67),(25394,1,12,68),(25395,1,12,69),(25396,1,12,70),(24331,1,12,71),(24326,1,12,72),(24328,1,12,74),(24332,1,12,75),(24330,1,12,76),(24334,1,12,78),(24335,1,12,79),(25333,1,12,81),(25334,1,12,82),(25335,1,12,84),(25336,1,12,85),(25337,1,12,86),(25338,1,12,87),(25339,1,12,88),(25340,1,12,89),(23622,1,12,91),(23623,1,12,92),(23624,1,12,93),(23625,1,12,94),(23627,1,12,101),(23628,1,12,102),(23629,1,12,104),(23630,1,12,105),(23631,1,12,106),(23632,1,12,109),(25319,1,12,111),(25320,1,12,112),(25321,1,12,113),(25322,1,12,114),(25323,1,12,115),(25324,1,12,116),(25325,1,12,117),(25435,1,12,121),(25436,1,12,122),(25437,1,12,125),(25438,1,12,126),(25439,1,12,130),(23645,1,12,141),(23646,1,12,142),(23647,1,12,144),(23648,1,12,145),(23649,1,12,151),(23650,1,12,152),(23651,1,12,153),(23652,1,12,154),(23653,1,12,161),(23654,1,12,162),(23655,1,12,163),(23656,1,12,164),(23657,1,12,165),(23658,1,12,167),(23906,1,12,221),(23903,1,12,222),(23905,1,12,223),(23907,1,12,229),(23908,1,12,237),(23909,1,12,238),(23910,1,12,239),(23666,1,12,241),(23667,1,12,242),(23668,1,12,243),(25476,1,12,251),(25457,1,12,252),(25459,1,12,253),(25460,1,12,254),(25462,1,12,255),(25464,1,12,256),(25440,1,12,262),(25446,1,12,281),(25443,1,12,282),(25445,1,12,283),(25447,1,12,286),(25326,1,12,301),(25327,1,12,304),(25328,1,12,305),(23683,1,12,331),(23684,1,12,332),(23685,1,12,333),(25465,1,12,341),(25466,1,12,342),(25467,1,12,343),(25468,1,12,344),(25474,1,12,351),(25471,1,12,352),(25473,1,12,353),(25475,1,12,354),(25477,1,12,358),(25425,1,12,511),(25426,1,12,512),(25427,1,12,514),(25428,1,12,517),(25429,1,12,519),(23700,1,12,520),(23701,1,12,521),(23702,1,12,522),(23703,1,12,524),(23704,1,12,525),(23705,1,12,527),(25430,1,12,531),(25431,1,12,532),(25432,1,12,533),(25433,1,12,534),(25434,1,12,538),(23711,1,12,561),(23712,1,12,562),(23713,1,12,563),(23714,1,12,564),(25481,1,12,610),(25480,1,12,611),(25482,1,12,612),(25316,1,12,651),(25317,1,12,652),(25318,1,12,653),(25407,1,12,661),(25408,1,12,662),(25409,1,12,663),(24297,1,12,691),(24296,1,12,692),(24298,1,12,693),(25342,1,12,701),(25343,1,12,702),(25344,1,12,703),(25416,1,12,750),(25415,1,12,751),(25417,1,12,752),(25348,1,12,771),(25349,1,12,772),(25350,1,12,773),(25351,1,12,775),(25352,1,12,776),(25353,1,12,777),(25354,1,12,778),(25355,1,12,779),(25281,1,12,1001),(25282,1,12,1002),(25283,1,12,1003),(25285,1,12,1004),(25286,1,12,1005),(25290,1,12,1011),(25289,1,12,1012),(25291,1,12,1013),(23745,1,12,1014),(23746,1,12,1015),(23747,1,12,1016),(23748,1,12,1101),(23749,1,12,1102),(23750,1,12,1104),(23751,1,12,1109),(23752,1,12,1121),(23753,1,12,1122),(23754,1,12,1123),(23755,1,12,1124),(23756,1,12,1125),(23757,1,12,1126),(25365,1,12,1181),(25379,1,12,1182),(25368,1,12,1183),(25369,1,12,1184),(25371,1,12,1185),(25373,1,12,1186),(25375,1,12,1187),(25378,1,12,1188),(25376,1,12,1189),(25380,1,12,1191),(23768,1,12,1201),(23769,1,12,1202),(25388,1,12,1231),(25383,1,12,1232),(25384,1,12,1233),(25386,1,12,1234),(25387,1,12,1235),(25389,1,12,1236),(23776,1,12,1251),(25363,1,12,1321),(25364,1,12,1322),(25341,1,12,1421),(25308,1,12,2401),(25307,1,12,2402),(25309,1,12,2403),(25313,1,12,2411),(25312,1,12,2412),(25314,1,12,2413),(25315,1,12,2414),(24302,1,12,2451),(24301,1,12,2452),(24303,1,12,2453),(25345,1,12,2501),(25346,1,12,2503),(25347,1,12,2515),(23793,1,12,2610),(23794,1,12,2801),(23795,1,12,2802),(23796,1,12,3201),(23854,1,12,3301),(23873,1,12,4001),(23872,1,12,4002),(23874,1,12,4003),(23884,1,12,4021),(23877,1,12,4022),(23878,1,12,4023),(23880,1,12,4025),(23881,1,12,4028),(23882,1,12,4031),(23883,1,12,4032),(23885,1,12,4033),(25483,1,12,10001),(25484,1,12,10002),(25485,1,12,10003),(25486,1,12,10005),(25487,1,12,10008),(25397,1,12,20001),(25398,1,12,20002),(25399,1,12,20003),(25401,1,12,20004),(25402,1,12,20005),(25403,1,12,20006),(25400,1,12,20007),(25329,1,12,23001),(25330,1,12,23002),(25331,1,12,23003),(25332,1,12,23004),(25453,1,12,50151),(25454,1,12,50152),(25455,1,12,50153),(25293,1,12,50401),(25301,1,12,50411),(25296,1,12,50412),(25298,1,12,50414),(25300,1,12,50415),(25302,1,12,50418),(25303,1,12,50420),(25304,1,12,50430),(25292,1,12,50440),(25410,1,12,55001),(25411,1,12,55002),(25448,1,12,56001),(25449,1,12,56002),(25450,1,12,56003),(25451,1,12,56004),(25452,1,12,56006),(23833,1,12,57001),(23834,1,12,57002),(23835,1,12,57003),(24310,1,12,58000),(24309,1,12,58001),(24311,1,12,58002),(25404,1,12,59001),(25405,1,12,59002),(25406,1,12,59003),(25423,1,12,63001),(25420,1,12,63002),(25422,1,12,63003),(25424,1,12,63004),(25412,1,12,64001),(23844,1,12,101051),(23845,1,12,101060),(23846,1,12,101061),(23847,1,12,101062),(24305,1,12,101701),(24306,1,12,101702),(23958,1,12,436150),(23957,1,12,436151),(23959,1,12,436152),(23848,1,12,941601),(23849,1,12,941602),(23850,1,12,941603),(23851,1,12,941604),(23852,1,12,941605),(23853,1,12,941606),(23894,1,12,6830501),(23893,1,12,6830502),(23895,1,12,6830503),(23868,1,12,50000001),(23867,1,12,50000002),(23869,1,12,50000003),(12776,1,13,11),(12777,1,13,21),(12778,1,13,31),(12779,1,13,41),(12780,1,13,61),(12781,1,13,71),(12782,1,13,72),(12783,1,13,74),(12784,1,13,75),(12785,1,13,78),(12786,1,13,79),(12787,1,13,81),(12788,1,13,91),(12791,1,13,101),(12792,1,13,111),(12793,1,13,121),(12794,1,13,151),(12795,1,13,161),(12797,1,13,221),(12798,1,13,222),(12799,1,13,229),(12800,1,13,241),(12801,1,13,242),(12802,1,13,243),(12803,1,13,262),(12804,1,13,281),(12806,1,13,331),(12807,1,13,341),(12808,1,13,342),(12809,1,13,343),(12810,1,13,344),(12811,1,13,531),(12813,1,13,1001),(12814,1,13,1002),(12815,1,13,1003),(12816,1,13,1004),(12817,1,13,1005),(12818,1,13,1101),(12819,1,13,1181),(12820,1,13,1182),(12821,1,13,1201),(12822,1,13,1202),(12823,1,13,1231),(12824,1,13,2401),(12825,1,13,2501),(12826,1,13,2503),(12827,1,13,2515),(12828,1,13,20001),(12830,1,13,23001),(12832,1,14,11),(12833,1,14,21),(12834,1,14,31),(12835,1,14,41),(12836,1,14,61),(12837,1,14,71),(12838,1,14,72),(12839,1,14,74),(12840,1,14,75),(12841,1,14,78),(12842,1,14,79),(12843,1,14,81),(12844,1,14,91),(12847,1,14,101),(12848,1,14,111),(12849,1,14,121),(12850,1,14,151),(12851,1,14,161),(12853,1,14,221),(12854,1,14,222),(12855,1,14,229),(12856,1,14,241),(12857,1,14,242),(12858,1,14,243),(12859,1,14,262),(12860,1,14,281),(12862,1,14,331),(12863,1,14,341),(12864,1,14,342),(12865,1,14,343),(12866,1,14,344),(12867,1,14,531),(12869,1,14,1001),(12870,1,14,1002),(12871,1,14,1003),(12872,1,14,1004),(12873,1,14,1005),(12874,1,14,1101),(12875,1,14,1181),(12876,1,14,1182),(12877,1,14,1201),(12878,1,14,1202),(12879,1,14,1231),(12880,1,14,2401),(12881,1,14,2501),(12882,1,14,2503),(12883,1,14,2515),(12884,1,14,20001),(12886,1,14,23001),(12944,1,16,11),(12945,1,16,21),(12946,1,16,31),(13056,1,16,41),(13057,1,16,42),(13058,1,16,44),(13059,1,16,45),(12948,1,16,61),(12949,1,16,71),(12950,1,16,72),(12951,1,16,74),(12952,1,16,75),(12953,1,16,78),(12954,1,16,79),(12955,1,16,81),(12956,1,16,91),(12959,1,16,101),(12960,1,16,111),(12961,1,16,121),(13060,1,16,141),(13061,1,16,142),(13062,1,16,144),(12962,1,16,151),(12963,1,16,161),(12965,1,16,221),(12966,1,16,222),(12967,1,16,229),(12968,1,16,241),(12969,1,16,242),(12970,1,16,243),(13128,1,16,251),(13064,1,16,262),(12972,1,16,281),(12974,1,16,331),(12975,1,16,341),(12976,1,16,342),(12977,1,16,343),(12978,1,16,344),(12979,1,16,531),(12981,1,16,1001),(12982,1,16,1002),(12983,1,16,1003),(12984,1,16,1004),(12985,1,16,1005),(12986,1,16,1101),(12987,1,16,1181),(12988,1,16,1182),(12989,1,16,1201),(12990,1,16,1202),(12991,1,16,1231),(12992,1,16,2401),(12993,1,16,2501),(12994,1,16,2503),(12995,1,16,2515),(12996,1,16,20001),(12998,1,16,23001),(13000,1,17,11),(13001,1,17,21),(13002,1,17,31),(13065,1,17,41),(13066,1,17,42),(13067,1,17,44),(13068,1,17,45),(13004,1,17,61),(13005,1,17,71),(13006,1,17,72),(13007,1,17,74),(13008,1,17,75),(13009,1,17,78),(13010,1,17,79),(13011,1,17,81),(13012,1,17,91),(13015,1,17,101),(13016,1,17,111),(13017,1,17,121),(13069,1,17,141),(13070,1,17,142),(13071,1,17,144),(13018,1,17,151),(13019,1,17,161),(13021,1,17,221),(13022,1,17,222),(13023,1,17,229),(13024,1,17,241),(13025,1,17,242),(13026,1,17,243),(13028,1,17,281),(13030,1,17,331),(13031,1,17,341),(13032,1,17,342),(13033,1,17,343),(13034,1,17,344),(13035,1,17,531),(13037,1,17,1001),(13038,1,17,1002),(13039,1,17,1003),(13040,1,17,1004),(13041,1,17,1005),(13042,1,17,1101),(13043,1,17,1181),(13044,1,17,1182),(13045,1,17,1201),(13046,1,17,1202),(13047,1,17,1231),(13048,1,17,2401),(13049,1,17,2501),(13050,1,17,2503),(13051,1,17,2515),(13052,1,17,20001),(13054,1,17,23001),(14504,1,18,11),(14505,1,18,21),(14506,1,18,31),(14507,1,18,41),(14508,1,18,61),(14509,1,18,71),(14510,1,18,78),(14511,1,18,81),(14512,1,18,91),(14514,1,18,101),(14515,1,18,111),(14516,1,18,121),(14517,1,18,151),(14518,1,18,161),(14519,1,18,221),(14520,1,18,241),(14521,1,18,262),(14522,1,18,281),(14524,1,18,331),(14525,1,18,332),(14526,1,18,333),(14527,1,18,341),(14528,1,18,342),(14529,1,18,343),(14530,1,18,344),(14531,1,18,531),(14532,1,18,701),(14533,1,18,771),(14535,1,18,1001),(14536,1,18,1004),(14537,1,18,1101),(14538,1,18,1181),(14539,1,18,1182),(14540,1,18,1201),(14541,1,18,1231),(14542,1,18,2401),(14543,1,18,2501),(14544,1,18,2503),(14545,1,18,2515),(14546,1,18,20001),(14549,1,18,59001),(15242,1,19,21),(15243,1,19,31),(15244,1,19,41),(15245,1,19,61),(15246,1,19,71),(15247,1,19,78),(15248,1,19,81),(15249,1,19,101),(15250,1,19,121),(15251,1,19,151),(15252,1,19,161),(15253,1,19,221),(15254,1,19,241),(15255,1,19,262),(15256,1,19,281),(15258,1,19,331),(15259,1,19,332),(15260,1,19,341),(15261,1,19,342),(15262,1,19,343),(15263,1,19,344),(15264,1,19,531),(15265,1,19,701),(15266,1,19,771),(15268,1,19,777),(15269,1,19,1001),(15270,1,19,1004),(15271,1,19,1101),(15272,1,19,1121),(15273,1,19,1181),(15274,1,19,1182),(15275,1,19,1201),(15276,1,19,1231),(15277,1,19,2401),(15278,1,19,2501),(15279,1,19,20001),(15282,1,19,59001),(15283,1,19,63001),(22910,1,22,701),(23925,1,29,21),(23926,1,29,31),(23927,1,29,41),(23928,1,29,61),(23929,1,29,151),(23930,1,29,161),(23931,1,29,241),(23940,1,29,251),(23932,1,29,301),(23933,1,29,304),(23939,1,29,342),(23941,1,29,358),(23935,1,29,701),(23936,1,29,1001),(23937,1,29,1004),(23938,1,29,1201);

--
-- Table structure for table `llx_usergroup`
--

CREATE TABLE `llx_usergroup` (
  `rowid` int(11) NOT NULL AUTO_INCREMENT,
  `nom` varchar(255) NOT NULL,
  `entity` int(11) NOT NULL DEFAULT 1,
  `datec` datetime DEFAULT NULL,
  `tms` timestamp NOT NULL DEFAULT current_timestamp() ON UPDATE current_timestamp(),
  `note` text DEFAULT NULL,
  `model_pdf` varchar(255) DEFAULT NULL,
  PRIMARY KEY (`rowid`),
  UNIQUE KEY `uk_usergroup_name` (`nom`,`entity`)
) ENGINE=InnoDB AUTO_INCREMENT=5 DEFAULT CHARSET=utf8mb3 COLLATE=utf8mb3_unicode_ci;

--
-- Dumping data for table `llx_usergroup`
--

INSERT INTO `llx_usergroup` VALUES (1,'Sale representatives',1,'2015-01-16 20:48:08','2017-10-03 09:44:44','All sales representative users',NULL),(2,'Management',1,'2017-10-03 11:46:25','2017-10-03 09:46:25','',NULL),(3,'Scientists',1,'2017-10-03 11:46:46','2017-10-03 09:46:46','',NULL),(4,'Commercial',1,'2017-10-05 21:30:13','2017-10-05 19:30:13','',NULL);

--
-- Table structure for table `llx_usergroup_extrafields`
--

CREATE TABLE `llx_usergroup_extrafields` (
  `rowid` int(11) NOT NULL AUTO_INCREMENT,
  `tms` timestamp NOT NULL DEFAULT current_timestamp() ON UPDATE current_timestamp(),
  `fk_object` int(11) NOT NULL,
  `import_key` varchar(14) DEFAULT NULL,
  PRIMARY KEY (`rowid`),
  UNIQUE KEY `uk_usergroup_extrafields` (`fk_object`)
) ENGINE=InnoDB DEFAULT CHARSET=utf8mb3 COLLATE=utf8mb3_unicode_ci;

--
-- Dumping data for table `llx_usergroup_extrafields`
--


--
-- Table structure for table `llx_usergroup_rights`
--

CREATE TABLE `llx_usergroup_rights` (
  `rowid` int(11) NOT NULL AUTO_INCREMENT,
  `entity` int(11) NOT NULL DEFAULT 1,
  `fk_usergroup` int(11) NOT NULL,
  `fk_id` int(11) NOT NULL,
  PRIMARY KEY (`rowid`),
  UNIQUE KEY `uk_usergroup_rights` (`entity`,`fk_usergroup`,`fk_id`),
  KEY `fk_usergroup_rights_fk_usergroup` (`fk_usergroup`),
  CONSTRAINT `fk_usergroup_rights_fk_usergroup` FOREIGN KEY (`fk_usergroup`) REFERENCES `llx_usergroup` (`rowid`)
) ENGINE=InnoDB AUTO_INCREMENT=200 DEFAULT CHARSET=utf8mb3 COLLATE=utf8mb3_unicode_ci;

--
-- Dumping data for table `llx_usergroup_rights`
--

INSERT INTO `llx_usergroup_rights` VALUES (1,1,1,2401),(2,1,1,2402),(3,1,1,2403),(4,1,1,2411),(5,1,1,2412),(6,1,1,2413),(78,1,2,11),(79,1,2,12),(80,1,2,13),(81,1,2,14),(82,1,2,15),(83,1,2,16),(84,1,2,19),(144,1,2,21),(145,1,2,22),(146,1,2,24),(147,1,2,25),(148,1,2,26),(149,1,2,27),(150,1,2,28),(133,1,2,31),(134,1,2,32),(135,1,2,34),(136,1,2,38),(137,1,2,41),(138,1,2,42),(139,1,2,44),(140,1,2,45),(86,1,2,61),(87,1,2,62),(88,1,2,64),(89,1,2,67),(90,1,2,68),(7,1,2,71),(8,1,2,72),(9,1,2,74),(10,1,2,75),(11,1,2,76),(12,1,2,78),(13,1,2,79),(32,1,2,81),(33,1,2,82),(34,1,2,84),(35,1,2,86),(36,1,2,87),(37,1,2,88),(38,1,2,89),(173,1,2,91),(174,1,2,92),(175,1,2,93),(176,1,2,94),(66,1,2,101),(67,1,2,102),(68,1,2,104),(69,1,2,105),(70,1,2,106),(71,1,2,109),(21,1,2,111),(22,1,2,112),(23,1,2,113),(24,1,2,114),(25,1,2,115),(26,1,2,116),(27,1,2,117),(164,1,2,121),(165,1,2,122),(166,1,2,125),(167,1,2,126),(141,1,2,141),(142,1,2,142),(143,1,2,144),(129,1,2,151),(130,1,2,152),(131,1,2,153),(132,1,2,154),(44,1,2,161),(45,1,2,162),(46,1,2,163),(47,1,2,164),(48,1,2,165),(49,1,2,167),(120,1,2,221),(121,1,2,222),(122,1,2,223),(123,1,2,229),(124,1,2,237),(125,1,2,238),(126,1,2,239),(29,1,2,241),(30,1,2,242),(31,1,2,243),(182,1,2,251),(183,1,2,252),(184,1,2,253),(185,1,2,254),(186,1,2,255),(187,1,2,256),(168,1,2,262),(169,1,2,281),(170,1,2,282),(171,1,2,283),(172,1,2,286),(197,1,2,331),(198,1,2,332),(199,1,2,333),(188,1,2,341),(189,1,2,342),(190,1,2,343),(191,1,2,344),(192,1,2,351),(193,1,2,352),(194,1,2,353),(195,1,2,354),(196,1,2,358),(151,1,2,531),(152,1,2,532),(153,1,2,534),(154,1,2,538),(60,1,2,701),(61,1,2,702),(62,1,2,703),(177,1,2,1001),(178,1,2,1002),(179,1,2,1003),(180,1,2,1004),(181,1,2,1005),(72,1,2,1101),(73,1,2,1102),(74,1,2,1104),(75,1,2,1109),(91,1,2,1181),(92,1,2,1182),(93,1,2,1183),(94,1,2,1184),(95,1,2,1185),(96,1,2,1186),(97,1,2,1187),(98,1,2,1188),(99,1,2,1189),(76,1,2,1201),(77,1,2,1202),(100,1,2,1231),(101,1,2,1232),(102,1,2,1233),(103,1,2,1234),(104,1,2,1235),(105,1,2,1236),(113,1,2,1251),(85,1,2,1321),(39,1,2,1421),(14,1,2,2401),(15,1,2,2402),(16,1,2,2403),(17,1,2,2411),(18,1,2,2412),(19,1,2,2413),(20,1,2,2414),(63,1,2,2501),(64,1,2,2503),(65,1,2,2515),(114,1,2,20001),(115,1,2,20002),(116,1,2,20003),(117,1,2,20004),(118,1,2,20005),(119,1,2,20006),(50,1,2,23001),(51,1,2,23002),(52,1,2,23003),(53,1,2,23004),(127,1,2,55001),(128,1,2,55002);

--
-- Table structure for table `llx_usergroup_user`
--

CREATE TABLE `llx_usergroup_user` (
  `rowid` int(11) NOT NULL AUTO_INCREMENT,
  `entity` int(11) NOT NULL DEFAULT 1,
  `fk_user` int(11) NOT NULL,
  `fk_usergroup` int(11) NOT NULL,
  PRIMARY KEY (`rowid`),
  UNIQUE KEY `uk_usergroup_user` (`entity`,`fk_user`,`fk_usergroup`),
  KEY `fk_usergroup_user_fk_user` (`fk_user`),
  KEY `fk_usergroup_user_fk_usergroup` (`fk_usergroup`),
  CONSTRAINT `fk_usergroup_user_fk_user` FOREIGN KEY (`fk_user`) REFERENCES `llx_user` (`rowid`),
  CONSTRAINT `fk_usergroup_user_fk_usergroup` FOREIGN KEY (`fk_usergroup`) REFERENCES `llx_usergroup` (`rowid`)
) ENGINE=InnoDB AUTO_INCREMENT=14 DEFAULT CHARSET=utf8mb3 COLLATE=utf8mb3_unicode_ci;

--
-- Dumping data for table `llx_usergroup_user`
--

INSERT INTO `llx_usergroup_user` VALUES (2,1,1,3),(12,1,2,4),(3,1,3,3),(4,1,11,2),(13,1,12,1),(5,1,13,4),(6,1,16,1),(7,1,17,1),(11,1,18,1);

--
-- Table structure for table `llx_webhook_target`
--

CREATE TABLE `llx_webhook_target` (
  `rowid` int(11) NOT NULL AUTO_INCREMENT,
  `ref` varchar(128) NOT NULL,
  `label` varchar(255) DEFAULT NULL,
  `description` text DEFAULT NULL,
  `note_public` text DEFAULT NULL,
  `note_private` text DEFAULT NULL,
  `date_creation` datetime NOT NULL,
  `tms` timestamp NOT NULL DEFAULT current_timestamp() ON UPDATE current_timestamp(),
  `fk_user_creat` int(11) NOT NULL,
  `fk_user_modif` int(11) DEFAULT NULL,
  `import_key` varchar(14) DEFAULT NULL,
  `status` int(11) NOT NULL DEFAULT 0,
  `url` varchar(255) NOT NULL,
  `connection_method` varchar(255) DEFAULT NULL,
  `connection_data` varchar(255) DEFAULT NULL,
  `trigger_codes` text DEFAULT NULL,
  PRIMARY KEY (`rowid`),
  KEY `idx_webhook_target_rowid` (`rowid`),
  KEY `idx_webhook_target_ref` (`ref`),
  KEY `llx_webhook_target_fk_user_creat` (`fk_user_creat`),
  KEY `idx_webhook_target_status` (`status`),
  CONSTRAINT `llx_webhook_target_fk_user_creat` FOREIGN KEY (`fk_user_creat`) REFERENCES `llx_user` (`rowid`)
) ENGINE=InnoDB AUTO_INCREMENT=17 DEFAULT CHARSET=utf8mb3 COLLATE=utf8mb3_unicode_ci;

--
-- Dumping data for table `llx_webhook_target`
--

INSERT INTO `llx_webhook_target` VALUES (16,'16','dd','',NULL,NULL,'2023-02-19 22:05:14','2023-02-20 01:05:14',12,12,NULL,1,'ddd',NULL,NULL,'fdfd,gdfgfd,KNOWLEDGERECORD_DELETE,PARTNERSHIP_CREATE');

--
-- Table structure for table `llx_website`
--

CREATE TABLE `llx_website` (
  `rowid` int(11) NOT NULL AUTO_INCREMENT,
  `entity` int(11) NOT NULL DEFAULT 1,
  `ref` varchar(128) DEFAULT NULL,
  `description` varchar(255) DEFAULT NULL,
  `status` int(11) DEFAULT NULL,
  `fk_default_home` int(11) DEFAULT NULL,
  `virtualhost` varchar(255) DEFAULT NULL,
  `date_creation` datetime DEFAULT NULL,
  `date_modification` datetime DEFAULT NULL,
  `tms` timestamp NOT NULL DEFAULT current_timestamp() ON UPDATE current_timestamp(),
  `fk_user_creat` int(11) DEFAULT NULL,
  `fk_user_modif` int(11) DEFAULT NULL,
  `import_key` varchar(14) DEFAULT NULL,
  `maincolor` varchar(16) DEFAULT NULL,
  `maincolorbis` varchar(16) DEFAULT NULL,
  `use_manifest` int(11) DEFAULT NULL,
  `lang` varchar(8) DEFAULT NULL,
  `otherlang` varchar(255) DEFAULT NULL,
  `position` int(11) DEFAULT 0,
  `lastaccess` datetime DEFAULT NULL,
  `pageviews_month` bigint(20) unsigned DEFAULT 0,
  `pageviews_total` bigint(20) unsigned DEFAULT 0,
  `pageviews_previous_month` bigint(20) unsigned DEFAULT 0,
  `name_template` varchar(255) DEFAULT NULL,
  `lastpageid` int(11) DEFAULT 0,
  PRIMARY KEY (`rowid`),
  UNIQUE KEY `uk_website_ref` (`ref`,`entity`)
) ENGINE=InnoDB AUTO_INCREMENT=13 DEFAULT CHARSET=utf8mb3 COLLATE=utf8mb3_unicode_ci;

--
-- Dumping data for table `llx_website`
--

INSERT INTO `llx_website` VALUES (12,1,'mytestwebsite','',1,NULL,'','2024-06-20 11:33:08',NULL,'2024-06-20 09:33:08',12,NULL,NULL,NULL,NULL,NULL,'en','fr',0,NULL,0,0,0,NULL,0);

--
-- Table structure for table `llx_website_extrafields`
--

CREATE TABLE `llx_website_extrafields` (
  `rowid` int(11) NOT NULL AUTO_INCREMENT,
  `tms` timestamp NOT NULL DEFAULT current_timestamp() ON UPDATE current_timestamp(),
  `fk_object` int(11) NOT NULL,
  `import_key` varchar(14) DEFAULT NULL,
  PRIMARY KEY (`rowid`),
  KEY `idx_website_extrafields` (`fk_object`)
) ENGINE=InnoDB DEFAULT CHARSET=utf8mb3 COLLATE=utf8mb3_unicode_ci;

--
-- Dumping data for table `llx_website_extrafields`
--


--
-- Table structure for table `llx_website_page`
--

CREATE TABLE `llx_website_page` (
  `rowid` int(11) NOT NULL AUTO_INCREMENT,
  `fk_website` int(11) NOT NULL,
  `pageurl` varchar(255) DEFAULT NULL,
  `aliasalt` varchar(255) DEFAULT NULL,
  `title` varchar(255) DEFAULT NULL,
  `description` varchar(255) DEFAULT NULL,
  `keywords` varchar(255) DEFAULT NULL,
  `content` mediumtext DEFAULT NULL,
  `status` int(11) DEFAULT 1,
  `date_creation` datetime DEFAULT NULL,
  `date_modification` datetime DEFAULT NULL,
  `tms` timestamp NOT NULL DEFAULT current_timestamp() ON UPDATE current_timestamp(),
  `fk_user_creat` int(11) DEFAULT NULL,
  `fk_user_modif` int(11) DEFAULT NULL,
  `type_container` varchar(16) NOT NULL DEFAULT 'page',
  `lang` varchar(6) DEFAULT NULL,
  `fk_page` int(11) DEFAULT NULL,
  `grabbed_from` varchar(255) DEFAULT NULL,
  `htmlheader` mediumtext DEFAULT NULL,
  `import_key` varchar(14) DEFAULT NULL,
  `image` varchar(255) DEFAULT NULL,
  `author_alias` varchar(64) DEFAULT NULL,
  `allowed_in_frames` int(11) DEFAULT 0,
  `object_type` varchar(255) DEFAULT NULL,
  `fk_object` varchar(255) DEFAULT NULL,
  PRIMARY KEY (`rowid`),
  UNIQUE KEY `uk_website_page_url` (`fk_website`,`pageurl`),
  CONSTRAINT `fk_website_page_website` FOREIGN KEY (`fk_website`) REFERENCES `llx_website` (`rowid`)
) ENGINE=InnoDB AUTO_INCREMENT=92 DEFAULT CHARSET=utf8mb3 COLLATE=utf8mb3_unicode_ci;

--
-- Dumping data for table `llx_website_page`
--


--
-- Table structure for table `llx_workstation_workstation`
--

CREATE TABLE `llx_workstation_workstation` (
  `rowid` int(11) NOT NULL AUTO_INCREMENT,
  `ref` varchar(128) NOT NULL DEFAULT '(PROV)',
  `label` varchar(255) DEFAULT NULL,
  `type` varchar(7) DEFAULT NULL,
  `note_public` text DEFAULT NULL,
  `entity` int(11) DEFAULT 1,
  `note_private` text DEFAULT NULL,
  `date_creation` datetime NOT NULL,
  `tms` timestamp NOT NULL DEFAULT current_timestamp() ON UPDATE current_timestamp(),
  `fk_user_creat` int(11) NOT NULL,
  `fk_user_modif` int(11) DEFAULT NULL,
  `import_key` varchar(14) DEFAULT NULL,
  `status` smallint(6) NOT NULL,
  `nb_operators_required` int(11) DEFAULT NULL,
  `thm_operator_estimated` double DEFAULT NULL,
  `thm_machine_estimated` double DEFAULT NULL,
  PRIMARY KEY (`rowid`),
  KEY `idx_workstation_workstation_rowid` (`rowid`),
  KEY `idx_workstation_workstation_ref` (`ref`),
  KEY `fk_workstation_workstation_fk_user_creat` (`fk_user_creat`),
  KEY `idx_workstation_workstation_status` (`status`),
  CONSTRAINT `fk_workstation_workstation_fk_user_creat` FOREIGN KEY (`fk_user_creat`) REFERENCES `llx_user` (`rowid`)
) ENGINE=InnoDB AUTO_INCREMENT=4 DEFAULT CHARSET=utf8mb3 COLLATE=utf8mb3_unicode_ci;

--
-- Dumping data for table `llx_workstation_workstation`
--

INSERT INTO `llx_workstation_workstation` VALUES (1,'WKSTATION-0001','Workshop 1','HUMAN',NULL,1,NULL,'2023-08-13 15:45:44','2023-08-13 15:45:44',12,NULL,NULL,1,NULL,NULL,NULL),(2,'WKSTATION-0002','Workshop 2','HUMAN',NULL,1,NULL,'2023-08-13 15:46:02','2023-08-13 15:46:02',12,NULL,NULL,0,2,NULL,NULL),(3,'WKSTATION-0003','Workshop 3','BOTH',NULL,1,NULL,'2023-08-13 15:46:34','2023-08-13 15:46:34',12,NULL,NULL,1,3,NULL,NULL);

--
-- Table structure for table `llx_workstation_workstation_resource`
--

CREATE TABLE `llx_workstation_workstation_resource` (
  `rowid` int(11) NOT NULL AUTO_INCREMENT,
  `tms` timestamp NOT NULL DEFAULT current_timestamp() ON UPDATE current_timestamp(),
  `fk_resource` int(11) DEFAULT NULL,
  `fk_workstation` int(11) DEFAULT NULL,
  PRIMARY KEY (`rowid`)
) ENGINE=InnoDB AUTO_INCREMENT=3 DEFAULT CHARSET=utf8mb3 COLLATE=utf8mb3_unicode_ci;

--
-- Dumping data for table `llx_workstation_workstation_resource`
--

INSERT INTO `llx_workstation_workstation_resource` VALUES (1,'2023-08-13 15:46:34',1,3),(2,'2023-08-13 15:46:34',4,3);

--
-- Table structure for table `llx_workstation_workstation_usergroup`
--

CREATE TABLE `llx_workstation_workstation_usergroup` (
  `rowid` int(11) NOT NULL AUTO_INCREMENT,
  `tms` timestamp NOT NULL DEFAULT current_timestamp() ON UPDATE current_timestamp(),
  `fk_usergroup` int(11) DEFAULT NULL,
  `fk_workstation` int(11) DEFAULT NULL,
  PRIMARY KEY (`rowid`)
) ENGINE=InnoDB DEFAULT CHARSET=utf8mb3 COLLATE=utf8mb3_unicode_ci;

--
-- Dumping data for table `llx_workstation_workstation_usergroup`
--


--
-- Table structure for table `llx_zapier_hook`
--

CREATE TABLE `llx_zapier_hook` (
  `rowid` int(11) NOT NULL AUTO_INCREMENT,
  `entity` int(11) NOT NULL DEFAULT 1,
  `url` varchar(255) DEFAULT NULL,
  `event` varchar(255) DEFAULT NULL,
  `module` varchar(128) DEFAULT NULL,
  `action` varchar(128) DEFAULT NULL,
  `status` int(11) DEFAULT NULL,
  `date_creation` datetime NOT NULL,
  `fk_user` int(11) NOT NULL,
  `tms` timestamp NOT NULL DEFAULT current_timestamp() ON UPDATE current_timestamp(),
  `import_key` varchar(14) DEFAULT NULL,
  PRIMARY KEY (`rowid`)
) ENGINE=InnoDB DEFAULT CHARSET=utf8mb3 COLLATE=utf8mb3_unicode_ci;

--
-- Dumping data for table `llx_zapier_hook`
--



